000
CXUS54 KLZK 011230
CF6M19
PRELIMINARY LOCAL CLIMATOLOGICAL DATA (WS FORM: F-6)
STATION: NEWPORT AIRPORT
MONTH: OCTOBER
YEAR: 2023
LATITUDE: 35 35 N
LONGITUDE: 91 16 W
TEMPERATURE IN F: :PCPN: SNOW: WIND :SUNSHINE: SKY :PK WND
================================================================================
1 2 3 4 5 6A 6B 7 8 9 10 11 12 13 14 15 16 17 18
12Z AVG MX 2MIN
DY MAX MIN AVG DEP HDD CDD WTR SNW DPTH SPD SPD DIR MIN PSBL S-S WX SPD DR
================================================================================
1 91 62 77 11 0 12 0.00 M M 5.9 12 50 M M 2 8 M M
2 90 58 74 8 0 9 0.00 M M 3.8 7 10 M M 2 M M
3 88 59 74 8 0 9 0.00 M M 6.8 15 150 M M 2 18 21 140
4 77 61 69 4 0 4 0.01 M M 7.1 20 200 M M 8 8 28 210
5 73 60 67 2 0 2 0.60 M M 3.4 9 120 M M 7 1 M M
6 79 51 65 1 0 0 0.00 M M 8.7 20 340 M M 2 12 24 340
7 67 42 55 -9 10 0 0.00 M M 8.7 15 20 M M 0 20 20
8 73 41 57 -7 8 0 0.00 M M 7.0 15 200 M M 0 M M
9 81 50 66 3 0 1 0.00 M M 6.4 10 200 M M 0 M M
10 78 47 63 0 2 0 0.00 M M 5.0 9 50 M M 1 M M
11 79 53 66 3 0 1 0.00 M M 7.1 17 200 M M 0 1 21 190
12 76 49 63 1 2 0 0.00 M M 7.0 14 130 M M 7 18 130
13 73 58 66 4 0 1 0.00 M M 12.2 22 210 M M 9 25 190
14 66 50 58 -4 7 0 T M M 12.9 21 330 M M 5 28 330
15 63 51 57 -4 8 0 T M M 12.6 18 350 M M 10 23 350
16 66 42 54 -7 11 0 0.00 M M 10.5 20 320 M M 1 25 330
17 71 38 55 -6 10 0 0.00 M M 3.6 8 180 M M 0 1 M M
18 76 41 59 -1 6 0 0.00 M M 9.3 18 200 M M 0 24 190
19 82 52 67 7 0 2 T M M 9.0 16 290 M M 2 24 290
20 80 47 64 4 1 0 0.00 M M 6.8 15 330 M M 0 20 330
21 88 46 67 7 0 2 0.00 M M 8.0 17 240 M M 0 16 270
22 76 47 62 3 3 0 0.00 M M 8.3 15 90 M M 0 M M
23 84 52 68 9 0 3 0.00 M M 5.5 9 100 M M 0 8 M M
24 86 66 76 18 0 11 0.00 M M 11.9 20 170 M M 0 8 28 160
25 84 63 74 16 0 9 0.00 M M 12.8 18 200 M M 3 8 27 200
26 84 65 75 17 0 10 0.01 M M 12.5 22 170 M M 5 8 33 210
27 81 68 75 17 0 10 0.00 M M 10.5 17 200 M M 7 1 M M
28 70 50 60 3 5 0 1.52 M M 10.0 16 30 M M 10 1 M M
29 51 44 48 -9 17 0 2.44 M M 12.5 17 330 M M 10 1 22 330
30 51 34 43 -14 22 0 0.02 M M 13.5 25 350 M M 3 29 360
31 55 28 42 -14 23 0 0.00 M M 8.8 20 320 M M 0 28 320
================================================================================
SM 2339 1575 135 86 4.60 M 268.0 M 96
================================================================================
AV 75.5 50.8 8.6 FASTST M M 3 MAX(MPH)
MISC ----> 25 350 33 210
================================================================================
NOTES:
# LAST OF SEVERAL OCCURRENCES
COLUMN 17 PEAK WIND IN M.P.H.
PRELIMINARY LOCAL CLIMATOLOGICAL DATA (WS FORM: F-6) , PAGE 2
STATION: NEWPORT AIRPORT
MONTH: OCTOBER
YEAR: 2023
LATITUDE: 35 35 N
LONGITUDE: 91 16 W
[TEMPERATURE DATA] [PRECIPITATION DATA] SYMBOLS USED IN COLUMN 16
AVERAGE MONTHLY: 63.1 TOTAL FOR MONTH: 4.60 1 = FOG OR MIST
DPTR FM NORMAL: 2.0 DPTR FM NORMAL: 0.42 2 = FOG REDUCING VISIBILITY
HIGHEST: 91 ON 1 GRTST 24HR 2.44 ON 29-29 TO 1/4 MILE OR LESS
LOWEST: 28 ON 31 3 = THUNDER
SNOW, ICE PELLETS, HAIL 4 = ICE PELLETS
TOTAL MONTH: M 5 = HAIL
GRTST 24HR M ON M 6 = FREEZING RAIN OR DRIZZLE
GRTST DEPTH: M ON M 7 = DUSTSTORM OR SANDSTORM:
VSBY 1/2 MILE OR LESS
8 = SMOKE OR HAZE
[NO. OF DAYS WITH] [WEATHER - DAYS WITH] 9 = BLOWING SNOW
X = TORNADO
MAX 32 OR BELOW: 0 0.01 INCH OR MORE: 6
MAX 90 OR ABOVE: 2 0.10 INCH OR MORE: 3
MIN 32 OR BELOW: 1 0.50 INCH OR MORE: 3
MIN 0 OR BELOW: 0 1.00 INCH OR MORE: 2
[HDD (BASE 65) ]
TOTAL THIS MO. 135 CLEAR (SCALE 0-3) 21
DPTR FM NORMAL -37 PTCLDY (SCALE 4-7) 6
TOTAL FM JUL 1 135 CLOUDY (SCALE 8-10) 4
DPTR FM NORMAL -60
[CDD (BASE 65) ]
TOTAL THIS MO. 86
DPTR FM NORMAL 34 [PRESSURE DATA]
TOTAL FM JAN 1 1956 HIGHEST SLP M ON M
DPTR FM NORMAL 80 LOWEST SLP M ON M
[REMARKS]
#FINAL-10-23#