000
CXUS54 KLZK 011230
CF6M19
PRELIMINARY LOCAL CLIMATOLOGICAL DATA (WS FORM: F-6)
STATION: NEWPORT AIRPORT
MONTH: SEPTEMBER
YEAR: 2023
LATITUDE: 35 35 N
LONGITUDE: 91 16 W
TEMPERATURE IN F: :PCPN: SNOW: WIND :SUNSHINE: SKY :PK WND
================================================================================
1 2 3 4 5 6A 6B 7 8 9 10 11 12 13 14 15 16 17 18
12Z AVG MX 2MIN
DY MAX MIN AVG DEP HDD CDD WTR SNW DPTH SPD SPD DIR MIN PSBL S-S WX SPD DR
================================================================================
1 84 56 70 -8 0 5 0.00 M M 4.6 8 90 M M 0 M M
2 89 62 76 -1 0 11 0.00 M M 4.4 8 140 M M 4 M M
3 87 68 78 1 0 13 0.00 M M 4.7 8 130 M M 5 12 M M
4 94 70 82 5 0 17 0.00 M M 7.8 32 200 M M 2 138 41 210
5 89 70 80 4 0 15 0.00 M M 9.4 14 210 M M 5 M M
6 93 68 81 5 0 16 0.00 M M 8.9 18 120 M M 2 13 22 340
7 85 64 75 -1 0 10 0.00 M M 4.0 9 50 M M 0 1 M M
8 82 63 73 -2 0 8 0.00 M M 5.3 7 30 M M 0 1 M M
9 81 60 71 -4 0 6 0.00 M M 8.2 15 40 M M 1 1 20 360
10 82 57 70 -5 0 5 0.00 M M 6.4 14 30 M M 1 M M
11 85 59 72 -2 0 7 0.00 M M 3.7 6 330 M M 0 8 M M
12 76 65 71 -3 0 6 0.03 M M 7.7 13 10 M M 7 1 M M
13 80 59 70 -4 0 5 0.00 M M 7.4 15 50 M M 3 18 M M
14 82 54 68 -5 0 3 0.00 M M 8.0 16 60 M M 0 8 22 60
15 81 53 67 -6 0 2 0.00 M M 5.9 8 10 M M 0 M M
16 83 55 69 -3 0 4 0.00 M M 5.8 12 340 M M 2 8 17 330
17 84 56 70 -2 0 5 0.00 M M 6.9 17 290 M M 2 22 330
18 82 52 67 -5 0 2 0.00 M M 3.4 7 130 M M 0 1 M M
19 86 52 69 -2 0 4 0.00 M M 6.1 12 140 M M 0 8 M M
20 77 61 69 -2 0 4 T M M 4.9 13 80 M M 5 M M
21 90 58 74 4 0 9 0.00 M M 6.4 10 180 M M 1 12 16 160
22 82 64 73 3 0 8 0.00 M M 4.4 13 280 M M 5 1 M M
23 91 60 76 7 0 11 0.00 M M 4.8 9 90 M M 1 128 M M
24 88 67 78 9 0 13 T M M 5.1 9 60 M M 5 8 M M
25 89 64 77 8 0 12 0.00 M M 4.3 9 10 M M 4 1 M M
26 90 61 76 8 0 11 0.00 M M 2.9 6 300 M M 1 18 M M
27 93 60 77 9 0 12 0.00 M M 3.9 10 180 M M 0 1 M M
28 92 64 78 11 0 13 0.00 M M 5.8 14 200 M M 1 M M
29 92 63 78 11 0 13 0.00 M M 6.3 12 220 M M 0 8 M M
30 94 60 77 10 0 12 0.00 M M 3.3 8 290 M M 0 1 M M
================================================================================
SM 2583 1825 0 262 0.03 M 170.7 M 57
================================================================================
AV 86.1 60.8 5.7 FASTST M M 2 MAX(MPH)
MISC ----> 32 200 41 210
================================================================================
NOTES:
# LAST OF SEVERAL OCCURRENCES
COLUMN 17 PEAK WIND IN M.P.H.
PRELIMINARY LOCAL CLIMATOLOGICAL DATA (WS FORM: F-6) , PAGE 2
STATION: NEWPORT AIRPORT
MONTH: SEPTEMBER
YEAR: 2023
LATITUDE: 35 35 N
LONGITUDE: 91 16 W
[TEMPERATURE DATA] [PRECIPITATION DATA] SYMBOLS USED IN COLUMN 16
AVERAGE MONTHLY: 73.5 TOTAL FOR MONTH: 0.03 1 = FOG OR MIST
DPTR FM NORMAL: 1.1 DPTR FM NORMAL: -3.03 2 = FOG REDUCING VISIBILITY
HIGHEST: 94 ON 4,30 GRTST 24HR 0.03 ON 12-12 TO 1/4 MILE OR LESS
LOWEST: 52 ON 19,18 3 = THUNDER
SNOW, ICE PELLETS, HAIL 4 = ICE PELLETS
TOTAL MONTH: M 5 = HAIL
GRTST 24HR M ON M 6 = FREEZING RAIN OR DRIZZLE
GRTST DEPTH: M ON M 7 = DUSTSTORM OR SANDSTORM:
VSBY 1/2 MILE OR LESS
8 = SMOKE OR HAZE
[NO. OF DAYS WITH] [WEATHER - DAYS WITH] 9 = BLOWING SNOW
X = TORNADO
MAX 32 OR BELOW: 0 0.01 INCH OR MORE: 1
MAX 90 OR ABOVE: 9 0.10 INCH OR MORE: 0
MIN 32 OR BELOW: 0 0.50 INCH OR MORE: 0
MIN 0 OR BELOW: 0 1.00 INCH OR MORE: 0
[HDD (BASE 65) ]
TOTAL THIS MO. 0 CLEAR (SCALE 0-3) 21
DPTR FM NORMAL -22 PTCLDY (SCALE 4-7) 9
TOTAL FM JUL 1 0 CLOUDY (SCALE 8-10) 0
DPTR FM NORMAL -20
[CDD (BASE 65) ]
TOTAL THIS MO. 262
DPTR FM NORMAL 18 [PRESSURE DATA]
TOTAL FM JAN 1 1870 HIGHEST SLP M ON M
DPTR FM NORMAL 46 LOWEST SLP M ON M
[REMARKS]
#FINAL-09-23#