000
CXUS53 KABR 011100
CF6MBG
PRELIMINARY LOCAL CLIMATOLOGICAL DATA (WS FORM: F-6)
STATION: MOBRIDGE SD
MONTH: SEPTEMBER
YEAR: 2022
LATITUDE: 45 32 N
LONGITUDE: 100 25 W
TEMPERATURE IN F: :PCPN: SNOW: WIND :SUNSHINE: SKY :PK WND
================================================================================
1 2 3 4 5 6A 6B 7 8 9 10 11 12 13 14 15 16 17 18
12Z AVG MX 2MIN
DY MAX MIN AVG DEP HDD CDD WTR SNW DPTH SPD SPD DIR MIN PSBL S-S WX SPD DR
================================================================================
1 99 61 80 11 0 15 0.00 0.0 0 8.3 17 170 M M 0 23 210
2 83 55 69 1 0 4 0.00 0.0 0 10.7 25 360 M M 0 35 360
3 83 45 64 -4 1 0 0.00 0.0 0 8.0 17 160 M M 0 21 150
4 90 59 75 7 0 10 0.00 0.0 0 18.6 28 150 M M 0 37 160
5 95 66 81 13 0 16 0.00 0.0 0 10.1 23 170 M M 0 31 170
6 95 54 75 8 0 10 0.00 0.0 0 8.5 17 40 M M 0 1 27 30
7 96 62 79 12 0 14 0.00 0.0 0 12.5 23 170 M M 0 30 160
8 94 57 76 10 0 11 0.13 0.0 0 12.0 29 350 M M 2 1 38 350
9 67 47 57 -9 8 0 0.08 0.0 0 7.8 18 320 M M 4 23 330
10 76 41 59 -7 6 0 0.00 0.0 0 5.9 17 310 M M 0 30 250
11 81 40 61 -4 4 0 0.00 0.0 0 4.1 12 200 M M 0 19 160
12 88 51 70 5 0 5 0.00 0.0 0 7.8 15 160 M M 0 23 160
13 84 47 66 2 0 1 0.00 0.0 0 10.9 24 90 M M 0 33 90
14 90 55 73 9 0 8 0.00 0.0 0 14.6 24 170 M M 0 8 32 160
15 79 58 69 5 0 4 0.00 0.0 0 11.3 22 310 M M 6 18 30 310
16 74 58 66 3 0 1 0.00 0.0 0 8.6 17 60 M M 7 1 23 60
17 73 58 66 3 0 1 0.90 0.0 0 8.0 17 260 M M 6 13 23 80
18 84 55 70 8 0 5 0.00 0.0 0 5.0 12 210 M M 0 1 18 200
19 91 64 78 16 0 13 0.00 0.0 0 10.9 26 160 M M 0 35 170
20 79 57 68 6 0 3 0.00 0.0 0 12.6 23 350 M M 1 31 10
21 68 42 55 -6 10 0 0.00 0.0 0 12.7 23 320 M M 1 8 34 340
22 64 41 53 -8 12 0 0.01 0.0 0 15.0 30 160 M M 3 39 170
23 72 49 61 1 4 0 0.04 0.0 0 9.2 22 180 M M 5 32 180
24 74 48 61 1 4 0 0.00 0.0 0 9.9 23 330 M M 3 33 330
25 73 42 58 -1 7 0 0.00 0.0 0 11.2 24 330 M M 1 37 350
26 81 41 61 2 4 0 0.00 0.0 0 4.2 15 60 M M 2 8 20 60
27 72 44 58 0 7 0 0.00 0.0 0 9.0 17 90 M M 0 8 26 100
28 80 50 65 7 0 0 0.00 0.0 0 18.4 29 140 M M 0 38 140
29 87 60 74 17 0 9 0.00 0.0 0 15.1 24 150 M M 0 33 160
30 84 59 72 15 0 7 T 0.0 0 13.4 22 90 M M 1 30 90
================================================================================
SM 2456 1566 67 137 1.16 0.0 314.3 M 42
================================================================================
AV 81.9 52.2 10.5 FASTST M M 1 MAX(MPH)
MISC ----> 30 160 39 170
================================================================================
NOTES:
# LAST OF SEVERAL OCCURRENCES
COLUMN 17 PEAK WIND IN M.P.H.
PRELIMINARY LOCAL CLIMATOLOGICAL DATA (WS FORM: F-6) , PAGE 2
STATION: MOBRIDGE SD
MONTH: SEPTEMBER
YEAR: 2022
LATITUDE: 45 32 N
LONGITUDE: 100 25 W
[TEMPERATURE DATA] [PRECIPITATION DATA] SYMBOLS USED IN COLUMN 16
AVERAGE MONTHLY: 67.0 TOTAL FOR MONTH: 1.16 1 = FOG OR MIST
DPTR FM NORMAL: 3.8 DPTR FM NORMAL: -0.36 2 = FOG REDUCING VISIBILITY
HIGHEST: 99 ON 1 GRTST 24HR 0.90 ON 17-17 TO 1/4 MILE OR LESS
LOWEST: 40 ON 11 3 = THUNDER
SNOW, ICE PELLETS, HAIL 4 = ICE PELLETS
TOTAL MONTH: 0.0 INCH 5 = HAIL
GRTST 24HR 0.0 6 = FREEZING RAIN OR DRIZZLE
GRTST DEPTH: 0 7 = DUSTSTORM OR SANDSTORM:
VSBY 1/2 MILE OR LESS
8 = SMOKE OR HAZE
[NO. OF DAYS WITH] [WEATHER - DAYS WITH] 9 = BLOWING SNOW
X = TORNADO
MAX 32 OR BELOW: 0 0.01 INCH OR MORE: 5
MAX 90 OR ABOVE: 8 0.10 INCH OR MORE: 2
MIN 32 OR BELOW: 0 0.50 INCH OR MORE: 1
MIN 0 OR BELOW: 0 1.00 INCH OR MORE: 0
[HDD (BASE 65) ]
TOTAL THIS MO. 67 CLEAR (SCALE 0-3) 25
DPTR FM NORMAL -71 PTCLDY (SCALE 4-7) 5
TOTAL FM JUL 1 67 CLOUDY (SCALE 8-10) 0
DPTR FM NORMAL -90
[CDD (BASE 65) ]
TOTAL THIS MO. 137
DPTR FM NORMAL 53 [PRESSURE DATA]
TOTAL FM JAN 1 960 HIGHEST SLP 30.33 ON 22
DPTR FM NORMAL 155 LOWEST SLP 29.58 ON 8
[REMARKS]
#FINAL-09-22#