000
CXUS53 KDTX 010635
CF6MBS
PRELIMINARY LOCAL CLIMATOLOGICAL DATA (WS FORM: F-6)
STATION: TRI CITIES MI
MONTH: JULY
YEAR: 2023
LATITUDE: 43 31 N
LONGITUDE: 84 5 W
TEMPERATURE IN F: :PCPN: SNOW: WIND :SUNSHINE: SKY :PK WND
================================================================================
1 2 3 4 5 6A 6B 7 8 9 10 11 12 13 14 15 16 17 18
12Z AVG MX 2MIN
DY MAX MIN AVG DEP HDD CDD WTR SNW DPTH SPD SPD DIR MIN PSBL S-S WX SPD DR
================================================================================
1 83 65 74 3 0 9 0.19 0.0 0 3.0 17 20 M M 5 138 22 20
2 81 66 74 3 0 9 0.01 0.0 0 4.9 12 110 M M 3 18 15 120
3 86 68 77 5 0 12 0.00 0.0 0 6.0 14 50 M M 4 18 18 50
4 90 65 78 6 0 13 0.00 0.0 0 5.5 15 280 M M 1 8 21 280
5 92 69 81 9 0 16 0.25 0.0 0 8.0 18 280 M M 2 3 23 260
6 81 66 74 2 0 9 0.19 0.0 0 6.9 20 350 M M 7 13 25 350
7 79 57 68 -4 0 3 0.00 0.0 0 4.3 12 300 M M 1 18 270
8 70 61 66 -6 0 1 0.62 0.0 0 8.4 16 360 M M 9 138 22 10
9 80 56 68 -4 0 3 0.00 0.0 0 5.4 13 250 M M 2 16 240
10 87 58 73 1 0 8 0.00 0.0 0 9.9 18 240 M M 0 27 260
11 81 60 71 -1 0 6 0.00 0.0 0 9.5 20 360 M M 2 25 290
12 75 57 66 -6 0 1 1.34 0.0 0 7.3 22 80 M M 6 13 33 70
13 76 57 67 -5 0 2 0.11 0.0 0 8.2 21 70 M M 5 13 28 60
14 83 59 71 -1 0 6 0.22 0.0 0 7.0 20 250 M M 4 13 26 130
15 79 66 73 1 0 8 1.46 0.0 0 8.3 17 240 M M 5 13 25 250
16 81 63 72 0 0 7 0.00 0.0 0 9.8 23 290 M M 3 18 31 270
17 77 59 68 -4 0 3 0.26 0.0 0 10.0 18 290 M M 3 38 25 300
18 79 58 69 -3 0 4 0.00 0.0 0 5.5 13 280 M M 2 16 280
19 81 58 70 -2 0 5 0.00 0.0 0 3.7 13 280 M M 2 16 270
20 82 65 74 2 0 9 0.09 0.0 0 9.2 20 360 M M 4 13 26 360
21 82 62 72 0 0 7 0.00 0.0 0 7.3 13 10 M M 3 19 30
22 82 57 70 -2 0 5 T 0.0 0 6.4 16 260 M M 1 3 23 270
23 79 60 70 -2 0 5 0.69 0.0 0 5.3 25 270 M M 3 13 34 280
24 85 62 74 2 0 9 0.01 0.0 0 5.4 12 160 M M 1 3 16 260
25 87 62 75 3 0 10 0.00 0.0 0 5.9 15 250 M M 1 8 20 250
26 83 68 76 4 0 11 0.57 0.0 0 8.5 20 240 M M 3 138 25 250
27 86 67 77 5 0 12 0.00 0.0 0 6.6 15 210 M M 2 8 20 350
28 90 70 80 8 0 15 0.00 0.0 0 5.5 12 190 M M 3 3 16 280
29 79 66 73 2 0 8 0.89 0.0 0 8.0 20 20 M M 6 13 26 20
30 77 60 69 -2 0 4 0.00 0.0 0 6.4 13 310 M M 3 17 320
31 79 57 68 -3 0 3 0.00 0.0 0 6.0 17 290 M M 1 22 290
================================================================================
SM 2532 1924 0 223 6.90 0.0 212.1 M 97
================================================================================
AV 81.7 62.1 6.8 FASTST M M 3 MAX(MPH)
MISC ----> 25 270 34 280
================================================================================
NOTES:
# LAST OF SEVERAL OCCURRENCES
COLUMN 17 PEAK WIND IN M.P.H.
PRELIMINARY LOCAL CLIMATOLOGICAL DATA (WS FORM: F-6) , PAGE 2
STATION: TRI CITIES MI
MONTH: JULY
YEAR: 2023
LATITUDE: 43 31 N
LONGITUDE: 84 5 W
[TEMPERATURE DATA] [PRECIPITATION DATA] SYMBOLS USED IN COLUMN 16
AVERAGE MONTHLY: 71.9 TOTAL FOR MONTH: 6.90 1 = FOG OR MIST
DPTR FM NORMAL: 0.2 DPTR FM NORMAL: 4.07 2 = FOG REDUCING VISIBILITY
HIGHEST: 92 ON 5 GRTST 24HR 1.46 ON 15-15 TO 1/4 MILE OR LESS
LOWEST: 56 ON 9 3 = THUNDER
SNOW, ICE PELLETS, HAIL 4 = ICE PELLETS
TOTAL MONTH: 0.0 INCH 5 = HAIL
GRTST 24HR 0.0 6 = FREEZING RAIN OR DRIZZLE
GRTST DEPTH: 0 7 = DUSTSTORM OR SANDSTORM:
VSBY 1/2 MILE OR LESS
8 = SMOKE OR HAZE
[NO. OF DAYS WITH] [WEATHER - DAYS WITH] 9 = BLOWING SNOW
X = TORNADO
MAX 32 OR BELOW: 0 0.01 INCH OR MORE: 15
MAX 90 OR ABOVE: 3 0.10 INCH OR MORE: 12
MIN 32 OR BELOW: 0 0.50 INCH OR MORE: 6
MIN 0 OR BELOW: 0 1.00 INCH OR MORE: 2
[HDD (BASE 65) ]
TOTAL THIS MO. 0 CLEAR (SCALE 0-3) 19
DPTR FM NORMAL -9 PTCLDY (SCALE 4-7) 11
TOTAL FM JUL 1 0 CLOUDY (SCALE 8-10) 1
DPTR FM NORMAL 0
[CDD (BASE 65) ]
TOTAL THIS MO. 223
DPTR FM NORMAL 7 [PRESSURE DATA]
TOTAL FM JAN 1 386 HIGHEST SLP M ON M
DPTR FM NORMAL -14 LOWEST SLP 29.72 ON 12
[REMARKS]
#FINAL-07-23#