000
CXUS53 KDTX 041158
CF6MBS
PRELIMINARY LOCAL CLIMATOLOGICAL DATA (WS FORM: F-6)
STATION: TRI CITIES MI
MONTH: JULY
YEAR: 2020
LATITUDE: 43 31 N
LONGITUDE: 84 5 W
TEMPERATURE IN F: :PCPN: SNOW: WIND :SUNSHINE: SKY :PK WND
================================================================================
1 2 3 4 5 6A 6B 7 8 9 10 11 12 13 14 15 16 17 18
12Z AVG MX 2MIN
DY MAX MIN AVG DEP HDD CDD WTR SNW DPTH SPD SPD DIR MIN PSBL S-S WX SPD DR
================================================================================
1 88 62 75 4 0 10 0.00 0.0 0 6.4 15 40 M M 0 19 40
2 93 64 79 8 0 14 0.00 0.0 0 4.2 12 40 M M 0 15 10
3 95 71 83 12 0 18 0.00 0.0 0 6.7 21 20 M M 2 27 10
4 89 68 79 8 0 14 0.00 0.0 0 5.9 15 60 M M 0 20 30
5 94 61 78 7 0 13 0.00 0.0 0 4.5 13 20 M M 1 19 340
6 94 68 81 10 0 16 0.00 0.0 0 4.7 12 110 M M 0 18 260
7 94 70 82 11 0 17 T 0.0 0 8.4 23 230 M M 1 3 31 230
8 92 69 81 10 0 16 0.00 0.0 0 3.6 12 120 M M 2 8 15 110
9 95 74 85 14 0 20 0.00 0.0 0 6.9 31 270 M M 1 8 42 230
10 82 71 77 6 0 12 0.63 0.0 0 8.4 21 320 M M 5 3 27 300
11 87 63 75 4 0 10 0.00 0.0 0 11.4 21 310 M M 3 27 320
12 83 62 73 2 0 8 0.00 0.0 0 9.5 17 340 M M 4 24 360
13 83 61 72 1 0 7 0.00 0.0 0 6.6 12 80 M M 4 19 330
14 84 61 73 2 0 8 0.00 0.0 0 5.4 13 190 M M 0 19 190
15 88 69 79 8 0 14 0.00 0.0 0 7.9 15 190 M M 2 22 190
16 79 69 74 3 0 9 0.49 0.0 0 7.5 18 350 M M 7 8 23 340
17 87 63 75 4 0 10 0.00 0.0 0 8.8 18 220 M M 0 26 220
18 91 64 78 7 0 13 0.00 0.0 0 9.9 22 220 M M 1 30 220
19 82 68 75 4 0 10 1.08 0.0 0 12.1 43 330 M M 2 13 53 340
20 83 64 74 3 0 9 0.00 0.0 0 8.6 15 290 M M 2 20 280
21 80 64 72 1 0 7 0.00 0.0 0 5.6 12 120 M M 6 M M
22 85 68 77 6 0 12 0.01 0.0 0 8.8 25 350 M M 7 8 34 350
23 79 62 71 0 0 6 0.00 0.0 0 8.6 16 40 M M 6 20 40
24 81 59 70 -1 0 5 0.00 0.0 0 4.9 14 20 M M 1 21 30
25 87 61 74 3 0 9 0.00 0.0 0 5.4 14 220 M M 0 8 21 250
26 92 69 81 10 0 16 T 0.0 0 10.8 21 230 M M 1 28 230
27 88 65 77 6 0 12 0.25 0.0 0 11.0 21 280 M M 5 29 280
28 86 62 74 3 0 9 0.35 0.0 0 10.0 21 260 M M 2 3 29 240
29 84 66 75 4 0 10 0.29 0.0 0 6.6 21 20 M M 6 26 20
30 81 61 71 1 0 6 0.00 0.0 0 5.5 12 80 M M 2 15 90
31 81 60 71 1 0 6 0.00 0.0 0 6.3 14 40 M M 0 19 40
================================================================================
SM 2687 2019 0 346 3.10 0.0 230.9 M 73
================================================================================
AV 86.7 65.1 7.4 FASTST M M 2 MAX(MPH)
MISC ----> 43 330 53 340
================================================================================
NOTES:
# LAST OF SEVERAL OCCURRENCES
COLUMN 17 PEAK WIND IN M.P.H.
PRELIMINARY LOCAL CLIMATOLOGICAL DATA (WS FORM: F-6) , PAGE 2
STATION: TRI CITIES MI
MONTH: JULY
YEAR: 2020
LATITUDE: 43 31 N
LONGITUDE: 84 5 W
[TEMPERATURE DATA] [PRECIPITATION DATA] SYMBOLS USED IN COLUMN 16
AVERAGE MONTHLY: 75.9 TOTAL FOR MONTH: 3.10 1 = FOG OR MIST
DPTR FM NORMAL: 4.9 DPTR FM NORMAL: 0.52 2 = FOG REDUCING VISIBILITY
HIGHEST: 95 ON 9, 3 GRTST 24HR 1.08 ON 19-19 TO 1/4 MILE OR LESS
LOWEST: 59 ON 24 3 = THUNDER
SNOW, ICE PELLETS, HAIL 4 = ICE PELLETS
TOTAL MONTH: 0.0 INCH 5 = HAIL
GRTST 24HR 0.0 6 = FREEZING RAIN OR DRIZZLE
GRTST DEPTH: 0 7 = DUSTSTORM OR SANDSTORM:
VSBY 1/2 MILE OR LESS
8 = SMOKE OR HAZE
[NO. OF DAYS WITH] [WEATHER - DAYS WITH] 9 = BLOWING SNOW
X = TORNADO
MAX 32 OR BELOW: 0 0.01 INCH OR MORE: 7
MAX 90 OR ABOVE: 9 0.10 INCH OR MORE: 6
MIN 32 OR BELOW: 0 0.50 INCH OR MORE: 2
MIN 0 OR BELOW: 0 1.00 INCH OR MORE: 1
[HDD (BASE 65) ]
TOTAL THIS MO. 0 CLEAR (SCALE 0-3) 22
DPTR FM NORMAL -13 PTCLDY (SCALE 4-7) 9
TOTAL FM JUL 1 0 CLOUDY (SCALE 8-10) 0
DPTR FM NORMAL -2
[CDD (BASE 65) ]
TOTAL THIS MO. 346
DPTR FM NORMAL 148 [PRESSURE DATA]
TOTAL FM JAN 1 588 HIGHEST SLP 30.21 ON 24
DPTR FM NORMAL 230 LOWEST SLP 29.71 ON 10
[REMARKS]
#FINAL-07-20#