000
CXUS54 KLIX 010810
CF6MCB
PRELIMINARY LOCAL CLIMATOLOGICAL DATA (WS FORM: F-6)
STATION: MCCOMB
MONTH: MARCH
YEAR: 2022
LATITUDE: 31 10 N
LONGITUDE: 90 28 W
TEMPERATURE IN F: :PCPN: SNOW: WIND :SUNSHINE: SKY :PK WND
================================================================================
1 2 3 4 5 6A 6B 7 8 9 10 11 12 13 14 15 16 17 18
12Z AVG MX 2MIN
DY MAX MIN AVG DEP HDD CDD WTR SNW DPTH SPD SPD DIR MIN PSBL S-S WX SPD DR
================================================================================
1 73 32 53 -3 12 0 0.00 M M 1.7 9 50 M M 0 13 100
2 77 38 58 2 7 0 0.00 0.0 M 0.8 9 210 M M 0 8 16 280
3 78 40 59 2 6 0 0.00 0.0 M 1.4 12 160 M M 0 8 17 180
4 79 40 60 3 5 0 0.00 M M 5.2 18 160 M M 0 18 24 160
5 80 53 67 10 0 2 0.00 0.0 M 11.2 25 160 M M 8 1 35 160
6 84 66 75 18 0 10 T 0.0 M 12.9 28 170 M M 8 1 33 170
7 80 51 66 8 0 1 0.03 M M 10.8 25 350 M M 6 18 30 340
8 53 46 50 -8 15 0 0.05 M M 6.9 16 320 M M 10 1 20 320
9 57 44 51 -7 14 0 0.01 M M 9.1 20 350 M M 8 1 26 340
10 73 44 59 1 6 0 0.00 M M 4.5 12 50 M M 2 16 40
11 75 38 57 -1 8 0 0.28 M M 5.5 28 340 M M 7 13 37 330
12 50 28 39 -20 26 0 0.00 M M 13.3 29 340 M M 2 41 350
13 61 26 44 -15 21 0 0.00 M M 4.8 14 160 M M 0 8 18 80
14 71 42 57 -2 8 0 T M M 8.3 21 140 M M 6 26 160
15 74 54 64 5 1 0 1.73 M M 7.4 25 320 M M 7 13 34 320
16 64 47 56 -4 9 0 0.00 M M 4.2 10 350 M M 7 1 14 310
17 77 43 60 0 5 0 0.00 0.0 M 7.7 16 150 M M 1 1 22 180
18 83 55 69 9 0 4 2.00 0.0 M 12.5 24 260 M M 4 13 33 270
19 68 40 54 -6 11 0 0.00 M M 6.3 20 340 M M 0 25 340
20 78 37 58 -2 7 0 0.00 M M 1.6 14 130 M M 0 8 17 140
21 79 46 63 3 2 0 0.00 M M 10.9 25 150 M M 3 30 160
22 77 57 67 6 0 2 1.44 M M 13.8 35 160 M M 9 13 46 150
23 67 44 56 -5 9 0 0.00 M M 7.4 18 310 M M 3 26 230
24 72 40 56 -5 9 0 T M M 4.3 22 220 M M 2 30 210
25 73 38 56 -5 9 0 0.00 M M 6.5 21 310 M M 0 29 310
26 77 41 59 -2 6 0 0.00 M M 3.5 17 320 M M 1 8 23 310
27 84 45 65 3 0 0 0.00 M M 4.3 13 220 M M 0 18 18 210
28 83 57 70 8 0 5 0.00 M M 7.2 18 200 M M 3 1 23 190
29 84 61 73 11 0 8 M M M 12.4 22 170 M M 4 32 150
30 80 57 69 7 0 4 1.60 M M 17.3 36 170 M M 8 13 47 160
31 72 45 59 -3 6 0 0.00 M M 6.3 17 320 M M 1 1 22 300
================================================================================
SM 2283 1395 202 36 7.14 0.0 230.0 M 110
================================================================================
AV 73.6 45.0 7.4 FASTST M M 4 MAX(MPH)
MISC ----> 36 170 47 160
================================================================================
NOTES:
# LAST OF SEVERAL OCCURRENCES
COLUMN 17 PEAK WIND IN M.P.H.
PRELIMINARY LOCAL CLIMATOLOGICAL DATA (WS FORM: F-6) , PAGE 2
STATION: MCCOMB
MONTH: MARCH
YEAR: 2022
LATITUDE: 31 10 N
LONGITUDE: 90 28 W
[TEMPERATURE DATA] [PRECIPITATION DATA] SYMBOLS USED IN COLUMN 16
AVERAGE MONTHLY: 59.3 TOTAL FOR MONTH: 7.14 1 = FOG OR MIST
DPTR FM NORMAL: -0.2 DPTR FM NORMAL: 1.63 2 = FOG REDUCING VISIBILITY
HIGHEST: 84 ON 29,27 GRTST 24HR 2.00 ON 18-18 TO 1/4 MILE OR LESS
LOWEST: 26 ON 13 3 = THUNDER
SNOW, ICE PELLETS, HAIL 4 = ICE PELLETS
TOTAL MONTH: 0.0 INCH 5 = HAIL
GRTST 24HR 0.0 6 = FREEZING RAIN OR DRIZZLE
GRTST DEPTH: M ON M 7 = DUSTSTORM OR SANDSTORM:
VSBY 1/2 MILE OR LESS
8 = SMOKE OR HAZE
[NO. OF DAYS WITH] [WEATHER - DAYS WITH] 9 = BLOWING SNOW
X = TORNADO
MAX 32 OR BELOW: 0 0.01 INCH OR MORE: 8
MAX 90 OR ABOVE: 0 0.10 INCH OR MORE: 5
MIN 32 OR BELOW: 3 0.50 INCH OR MORE: 4
MIN 0 OR BELOW: 0 1.00 INCH OR MORE: 4
[HDD (BASE 65) ]
TOTAL THIS MO. 202 CLEAR (SCALE 0-3) 15
DPTR FM NORMAL -9 PTCLDY (SCALE 4-7) 12
TOTAL FM JUL 1 1566 CLOUDY (SCALE 8-10) 4
DPTR FM NORMAL -267
[CDD (BASE 65) ]
TOTAL THIS MO. 36
DPTR FM NORMAL -3 [PRESSURE DATA]
TOTAL FM JAN 1 77 HIGHEST SLP M ON M
DPTR FM NORMAL 18 LOWEST SLP 29.49 ON 30
[REMARKS]
#FINAL-03-22#