000
CXUS56 KHNX 011458
CF6MCE
PRELIMINARY LOCAL CLIMATOLOGICAL DATA (WS FORM: F-6)
STATION: MERCED CA AIRPORT
MONTH: OCTOBER
YEAR: 2023
LATITUDE: 37 16 N
LONGITUDE: 120 36 W
TEMPERATURE IN F: :PCPN: SNOW: WIND :SUNSHINE: SKY :PK WND
================================================================================
1 2 3 4 5 6A 6B 7 8 9 10 11 12 13 14 15 16 17 18
12Z AVG MX 2MIN
DY MAX MIN AVG DEP HDD CDD WTR SNW DPTH SPD SPD DIR MIN PSBL S-S WX SPD DR
================================================================================
1 75 58 67 -2 0 2 0.01 0.0 0 2.5 10 310 M M 6 8 14 340
2 80 51 66 -3 0 1 0.00 0.0 0 4.7 17 340 M M 0 24 340
3 84 52 68 -1 0 3 0.00 0.0 0 2.7 9 300 M M 0 14 300
4 89 55 72 4 0 7 0.00 0.0 0 2.2 7 330 M M 0 10 250
5 94 58 76 8 0 11 0.00 0.0 0 2.5 9 320 M M 0 14 360
6 95 57 76 8 0 11 0.00 0.0 0 2.0 10 310 M M 0 8 13 310
7 97 57 77 10 0 12 0.00 0.0 0 2.3 8 360 M M 0 8 12 320
8 97 60 79 12 0 14 0.00 0.0 0 2.3 8 270 M M 0 8 11 250
9 73 60 67 0 0 2 0.00 0.0 0 8.7 18 320 M M 0 25 330
10 79 60 70 4 0 5 0.00 0.0 0 6.9 18 320 M M 5 25 350
11 75 52 64 -2 1 0 0.00 0.0 0 11.8 25 330 M M 1 34 310
12 79 47 63 -3 2 0 0.00 0.0 0 3.5 10 340 M M 0 8 14 340
13 86 48 67 2 0 2 0.00 0.0 0 4.9 15 140 M M 0 8 22 130
14 83 51 67 2 0 2 0.00 0.0 0 3.6 9 350 M M 1 13 330
15 87 50 69 4 0 4 0.00 0.0 0 1.8 9 350 M M 0 18 12 350
16 85 54 70 6 0 5 0.00 0.0 0 7.3 14 340 M M 0 8 18 330
17 85 52 69 5 0 4 0.00 0.0 0 5.1 15 340 M M 0 20 350
18 90 52 71 7 0 6 0.00 0.0 0 2.6 8 150 M M 0 10 150
19 90 53 72 9 0 7 0.00 0.0 0 2.8 7 140 M M 0 8 9 290
20 93 56 75 12 0 10 0.00 0.0 0 4.2 10 330 M M 0 8 14 340
21 79 57 68 5 0 3 0.00 0.0 0 9.5 15 320 M M 0 22 300
22 76 49 63 1 2 0 0.15 0.0 0 5.1 20 260 M M 4 8 28 240
23 76 58 67 5 0 2 0.00 0.0 0 7.0 15 340 M M 3 21 310
24 79 52 66 4 0 1 0.00 0.0 0 2.5 9 250 M M 0 18 14 250
25 76 48 62 1 3 0 T 0.0 0 7.9 20 350 M M 2 128 25 350
26 68 47 58 -3 7 0 0.00 0.0 0 7.8 15 320 M M 1 20 350
27 71 36 54 -6 11 0 0.00 0.0 0 3.9 10 340 M M 0 14 290
28 68 40 54 -6 11 0 0.00 0.0 0 6.1 18 310 M M 0 24 320
29 71 36 54 -6 11 0 0.00 0.0 0 0.7 7 130 M M 0 8 10 130
30 75 37 56 -4 9 0 0.00 0.0 0 0.9 6 230 M M 0 18 9 300
31 74 37 56 -3 9 0 0.00 0.0 0 0.7 7 320 M M 0 8 9 330
================================================================================
SM 2529 1580 66 114 0.16 0.0 136.5 M 23
================================================================================
AV 81.6 51.0 4.4 FASTST M M 1 MAX(MPH)
MISC ----> 25 330 34 310
================================================================================
NOTES:
# LAST OF SEVERAL OCCURRENCES
COLUMN 17 PEAK WIND IN M.P.H.
PRELIMINARY LOCAL CLIMATOLOGICAL DATA (WS FORM: F-6) , PAGE 2
STATION: MERCED CA AIRPORT
MONTH: OCTOBER
YEAR: 2023
LATITUDE: 37 16 N
LONGITUDE: 120 36 W
[TEMPERATURE DATA] [PRECIPITATION DATA] SYMBOLS USED IN COLUMN 16
AVERAGE MONTHLY: 66.3 TOTAL FOR MONTH: 0.16 1 = FOG OR MIST
DPTR FM NORMAL: 2.0 DPTR FM NORMAL: -0.48 2 = FOG REDUCING VISIBILITY
HIGHEST: 97 ON 8, 7 GRTST 24HR 0.15 ON 22-22 TO 1/4 MILE OR LESS
LOWEST: 36 ON 29,27 3 = THUNDER
SNOW, ICE PELLETS, HAIL 4 = ICE PELLETS
TOTAL MONTH: 0.0 INCH 5 = HAIL
GRTST 24HR 0.0 6 = FREEZING RAIN OR DRIZZLE
GRTST DEPTH: 0 7 = DUSTSTORM OR SANDSTORM:
VSBY 1/2 MILE OR LESS
8 = SMOKE OR HAZE
[NO. OF DAYS WITH] [WEATHER - DAYS WITH] 9 = BLOWING SNOW
X = TORNADO
MAX 32 OR BELOW: 0 0.01 INCH OR MORE: 2
MAX 90 OR ABOVE: 7 0.10 INCH OR MORE: 1
MIN 32 OR BELOW: 0 0.50 INCH OR MORE: 0
MIN 0 OR BELOW: 0 1.00 INCH OR MORE: 0
[HDD (BASE 65) ]
TOTAL THIS MO. 66 CLEAR (SCALE 0-3) 27
DPTR FM NORMAL -19 PTCLDY (SCALE 4-7) 4
TOTAL FM JUL 1 66 CLOUDY (SCALE 8-10) 0
DPTR FM NORMAL -28
[CDD (BASE 65) ]
TOTAL THIS MO. 114
DPTR FM NORMAL 50 [PRESSURE DATA]
TOTAL FM JAN 1 1709 HIGHEST SLP 30.22 ON 30
DPTR FM NORMAL 127 LOWEST SLP 29.74 ON 10
[REMARKS]
#FINAL-10-23#