000
CXUS56 KHNX 051520
CLMMCE
CLIMATE REPORT
NATIONAL WEATHER SERVICE
820 AM PDT SAT AUG 05 2023
...................................
...THE MERCED CA AIRPORT CLIMATE SUMMARY FOR THE MONTH OF JULY 2023...
CLIMATE NORMAL PERIOD 1991 TO 2020
CLIMATE RECORD PERIOD 1928 TO 2023
WEATHER OBSERVED NORMAL DEPART LAST YEAR`S
VALUE DATE(S) VALUE FROM VALUE DATE(S)
NORMAL
................................................................
TEMPERATURE (F)
RECORD
HIGH 114 07/17/1925
LOW 40 07/16/1904
HIGHEST 109 07/16 MM 107 07/17
LOWEST 54 07/09 MM 54 07/03
MEAN 81.5 79.0 2.5 80.9
DAYS MAX >= 90 28 27.4 0.6 27
DAYS MIN <= 32 0 0.0 0.0 0
PRECIPITATION (INCHES)
RECORD
MAXIMUM 0.42 1974
MINIMUM 0.00 2021
TOTALS 0.02 0.00 0.02
DAYS >= .01 1 0.1 0.9 0
DAYS >= .10 0 0.0 0.0 0
DAYS >= .50 0 0.0 0.0 0
DAYS >= 1.00 0 0.0 0.0 0
SNOWFALL (INCHES)
RECORDS
TOTAL MM MM
TOTALS 0.0 MM
DEGREE DAYS
HEATING TOTAL 0 0 0 0
SINCE 7/1 0 0 0 MM
COOLING TOTAL 515 434 81 501
SINCE 1/1 885 858 27 MM
................................................................
WIND (MPH)
AVERAGE WIND SPEED 6.5
HIGHEST WIND SPEED/DIRECTION 16/310 DATE 07/08
16/340 07/13
16/340 07/27
HIGHEST GUST SPEED/DIRECTION 23/320 DATE 07/08
AVERAGE RH (PERCENT) 43
WEATHER CONDITIONS. NUMBER OF DAYS WITH
THUNDERSTORM 1 RAIN 0
HAIL 0 FOG 0
FOG W/VIS <= 1/4 MILE 0 HAZE 2
- INDICATES NEGATIVE NUMBERS.
R INDICATES RECORD WAS SET OR TIED.
MM INDICATES DATA IS MISSING.
T INDICATES TRACE AMOUNT.
$$