000
CXAK56 PAFG 010940
CF6MCG
PRELIMINARY LOCAL CLIMATOLOGICAL DATA (WS FORM: F-6)
STATION: MCGRATH AK
MONTH: JULY
YEAR: 2020
LATITUDE: 62 57 N
LONGITUDE: 155 36 W
TEMPERATURE IN F: :PCPN: SNOW: WIND :SUNSHINE: SKY :PK WND
================================================================================
1 2 3 4 5 6A 6B 7 8 9 10 11 12 13 14 15 16 17 18
12Z AVG MX 2MIN
DY MAX MIN AVG DEP HDD CDD WTR SNW DPTH SPD SPD DIR MIN PSBL S-S WX SPD DR
================================================================================
1 71 51 61 0 4 0 0.01 M M 3.4 12 200 M M 7 8 15 200
2 68 55 62 1 3 0 0.11 M M 3.3 12 220 M M 9 1 15 220
3 64 53 59 -2 6 0 0.06 M M 5.5 13 310 M M 9 1 17 350
4 71 50 61 0 4 0 0.00 M M 2.3 9 40 M M 6 11 40
5 77 47 62 1 3 0 0.00 M M 3.1 13 300 M M 1 18 330
6 77 55 66 5 0 1 0.00 M M 7.6 18 280 M M 5 26 270
7 62 51 57 -4 8 0 0.02 M M 7.5 16 290 M M 9 24 310
8 59 49 54 -7 11 0 0.21 M M 3.4 10 320 M M 10 18 14 280
9 70 52 61 0 4 0 0.00 M M 5.5 12 290 M M 7 16 290
10 75 54 65 4 0 0 0.11 M M 5.2 20 340 M M 6 1 26 340
11 72 50 61 0 4 0 0.00 M M 3.2 10 250 M M 8 8 15 40
12 71 54 63 2 2 0 0.04 M M 3.4 10 290 M M 8 17 150
13 71 54 63 2 2 0 0.04 M M 6.5 15 250 M M 8 21 170
14 71 54 63 2 2 0 T M M 1.2 9 310 M M 9 13 300
15 72 52 62 1 3 0 0.00 M M 3.0 10 330 M M 5 17 320
16 66 50 58 -2 7 0 0.01 M M 3.6 14 320 M M 7 1 18 320
17 65 49 57 -3 8 0 0.55 M M 2.4 9 190 M M 9 13 12 210
18 68 56 62 2 3 0 0.16 M M 4.4 15 300 M M 8 1 21 200
19 64 54 59 -1 6 0 0.11 M M 1.5 8 230 M M 9 1 11 200
20 64 54 59 -1 6 0 T M M 6.8 16 280 M M 9 22 280
21 62 50 56 -4 9 0 T M M 6.0 13 250 M M 9 17 220
22 64 52 58 -2 7 0 0.00 M M 4.2 14 280 M M 8 20 280
23 68 44 56 -3 9 0 0.00 M M 2.9 10 220 M M 3 1 14 210
24 61 52 57 -2 8 0 0.11 M M 3.5 10 200 M M 7 16 200
25 65 52 59 0 6 0 0.12 M M 3.7 12 150 M M 10 18 14 150
26 68 52 60 1 5 0 0.06 M M 1.5 12 340 M M 8 14 330
27 70 50 60 1 5 0 0.00 M M 5.2 16 200 M M 4 23 190
28 60 51 56 -2 9 0 0.05 M M 7.5 14 210 M M 7 18 20 260
29 73 46 60 2 5 0 0.00 M M 3.7 10 170 M M 1 14 160
30 64 55 60 2 5 0 0.02 M M 5.0 15 210 M M 8 22 200
31 69 53 61 3 4 0 0.08 M M 4.4 12 280 M M 8 1 16 270
================================================================================
SM 2102 1601 158 1 1.87 M 130.4 M 222
================================================================================
AV 67.8 51.7 4.2 FASTST M M 7 MAX(MPH)
MISC ----> # 20 340 # 26 270
================================================================================
NOTES:
# LAST OF SEVERAL OCCURRENCES
COLUMN 17 PEAK WIND IN M.P.H.
PRELIMINARY LOCAL CLIMATOLOGICAL DATA (WS FORM: F-6) , PAGE 2
STATION: MCGRATH AK
MONTH: JULY
YEAR: 2020
LATITUDE: 62 57 N
LONGITUDE: 155 36 W
[TEMPERATURE DATA] [PRECIPITATION DATA] SYMBOLS USED IN COLUMN 16
AVERAGE MONTHLY: 59.7 TOTAL FOR MONTH: 1.87 1 = FOG OR MIST
DPTR FM NORMAL: -0.3 DPTR FM NORMAL: -0.51 2 = FOG REDUCING VISIBILITY
HIGHEST: 77 ON 6, 5 GRTST 24HR 0.55 ON 17-17 TO 1/4 MILE OR LESS
LOWEST: 44 ON 23 3 = THUNDER
SNOW, ICE PELLETS, HAIL 4 = ICE PELLETS
TOTAL MONTH: M 5 = HAIL
GRTST 24HR M ON M 6 = FREEZING RAIN OR DRIZZLE
GRTST DEPTH: M ON M 7 = DUSTSTORM OR SANDSTORM:
VSBY 1/2 MILE OR LESS
8 = SMOKE OR HAZE
[NO. OF DAYS WITH] [WEATHER - DAYS WITH] 9 = BLOWING SNOW
X = TORNADO
MAX 32 OR BELOW: 0 0.01 INCH OR MORE: 18
MAX 90 OR ABOVE: 0 0.10 INCH OR MORE: 8
MIN 32 OR BELOW: 0 0.50 INCH OR MORE: 1
MIN 0 OR BELOW: 0 1.00 INCH OR MORE: 0
[HDD (BASE 65) ]
TOTAL THIS MO. 158 CLEAR (SCALE 0-3) 3
DPTR FM NORMAL -9 PTCLDY (SCALE 4-7) 15
TOTAL FM JUL 1 158 CLOUDY (SCALE 8-10) 13
DPTR FM NORMAL -9
[CDD (BASE 65) ]
TOTAL THIS MO. 1
DPTR FM NORMAL -11 [PRESSURE DATA]
TOTAL FM JAN 1 1 HIGHEST SLP M ON M
DPTR FM NORMAL -17 LOWEST SLP 29.13 ON 26
[REMARKS]
#FINAL-07-20#