000
CXUS55 KEAX 010736
CF6MCI
PRELIMINARY LOCAL CLIMATOLOGICAL DATA (WS FORM: F-6)
STATION: KANSAS CITY INTERNATIONAL MO
MONTH: MARCH
YEAR: 2020
LATITUDE: 39 19 N
LONGITUDE: 94 43 W
TEMPERATURE IN F: :PCPN: SNOW: WIND :SUNSHINE: SKY :PK WND
================================================================================
1 2 3 4 5 6A 6B 7 8 9 10 11 12 13 14 15 16 17 18
12Z AVG MX 2MIN
DY MAX MIN AVG DEP HDD CDD WTR SNW DPTH SPD SPD DIR MIN PSBL S-S WX SPD DR
================================================================================
1 67 44 56 17 9 0 0.00 0.0 0 13.4 23 210 M M 4 32 190
2 54 32 43 4 22 0 0.00 0.0 0 7.1 20 10 M M 3 26 360
3 62 35 49 10 16 0 0.00 0.0 0 9.0 21 250 M M 1 31 260
4 61 35 48 8 17 0 0.00 0.0 0 7.7 16 310 M M 5 25 290
5 59 35 47 7 18 0 0.00 0.0 0 15.5 31 340 M M 0 49 320
6 56 28 42 2 23 0 0.00 0.0 0 7.5 20 340 M M 1 27 350
7 69 36 53 12 12 0 0.00 0.0 0 17.0 28 190 M M 4 36 200
8 71 48 60 19 5 0 0.01 0.0 0 23.5 37 190 M M 4 48 200
9 56 36 46 4 19 0 1.73 0.0 0 14.4 29 190 M M 10 1 39 180
10 54 30 42 0 23 0 0.00 0.0 0 5.8 14 340 M M 6 1 19 340
11 67 38 53 11 12 0 0.00 0.0 0 6.3 14 170 M M 4 18 17 170
12 66 41 54 11 11 0 0.23 0.0 0 13.5 28 350 M M 7 13 35 350
13 46 35 41 -2 24 0 0.01 0.0 0 9.3 16 40 M M 7 23 80
14 42 35 39 -5 26 0 0.35 0.0 0 14.3 21 60 M M 10 1 28 90
15 38 34 36 -8 29 0 T T 0 10.4 17 60 M M 10 1 24 50
16 44 36 40 -4 25 0 0.13 0.0 0 4.9 14 100 M M 10 18 15 110
17 48 41 45 0 20 0 0.00 0.0 0 9.2 15 150 M M 10 8 22 160
18 61 48 55 10 10 0 0.53 0.0 0 7.6 16 160 M M 10 1 23 150
19 75 49 62 17 3 0 0.51 0.0 0 12.4 24 190 M M 8 1 34 320
20 49 27 38 -8 27 0 0.00 0.0 0 16.6 31 350 M M 5 1 41 350
21 49 22 36 -10 29 0 0.00 0.0 0 7.7 13 110 M M 2 20 120
22 44 37 41 -5 24 0 0.24 0.0 0 9.9 18 120 M M 10 1 23 110
23 50 41 46 -1 19 0 T 0.0 0 7.7 14 110 M M 10 1 18 90
24 56 41 49 2 16 0 0.02 0.0 0 10.5 17 80 M M 8 1 22 80
25 69 44 57 9 8 0 0.00 0.0 0 11.8 22 170 M M 8 12 29 140
26 61 52 57 9 8 0 0.07 0.0 0 10.0 22 120 M M 7 1 28 130
27 61 51 56 8 9 0 0.08 0.0 0 8.1 16 80 M M 10 1238 20 70
28 75 46 61 12 4 0 0.00 0.0 0 18.2 37 230 M M 8 12 52 240
29 68 43 56 7 9 0 0.00 0.0 0 12.4 25 290 M M 3 40 280
30 69 43 56 7 9 0 0.00 0.0 M 8.1 16 110 M M 3 21 100
31 70 44 57 7 8 0 0.00 0.0 0 5.5 13 360 M M 5 17 10
================================================================================
SM 1817 1207 494 0 3.91 T 335.3 M 193
================================================================================
AV 58.6 38.9 10.8 FASTST M M 6 MAX(MPH)
MISC ----> # 37 190 52 240
================================================================================
NOTES:
# LAST OF SEVERAL OCCURRENCES
COLUMN 17 PEAK WIND IN M.P.H.
PRELIMINARY LOCAL CLIMATOLOGICAL DATA (WS FORM: F-6) , PAGE 2
STATION: KANSAS CITY INTERNATIONAL MO
MONTH: MARCH
YEAR: 2020
LATITUDE: 39 19 N
LONGITUDE: 94 43 W
[TEMPERATURE DATA] [PRECIPITATION DATA] SYMBOLS USED IN COLUMN 16
AVERAGE MONTHLY: 48.8 TOTAL FOR MONTH: 3.91 1 = FOG OR MIST
DPTR FM NORMAL: 4.6 DPTR FM NORMAL: 1.54 2 = FOG REDUCING VISIBILITY
HIGHEST: 75 ON 28,19 GRTST 24HR 1.74 ON 8- 9 TO 1/4 MILE OR LESS
LOWEST: 22 ON 21 3 = THUNDER
SNOW, ICE PELLETS, HAIL 4 = ICE PELLETS
TOTAL MONTH: T 5 = HAIL
GRTST 24HR T ON 15-15 6 = FREEZING RAIN OR DRIZZLE
GRTST DEPTH: 0 7 = DUSTSTORM OR SANDSTORM:
VSBY 1/2 MILE OR LESS
8 = SMOKE OR HAZE
[NO. OF DAYS WITH] [WEATHER - DAYS WITH] 9 = BLOWING SNOW
X = TORNADO
MAX 32 OR BELOW: 0 0.01 INCH OR MORE: 12
MAX 90 OR ABOVE: 0 0.10 INCH OR MORE: 7
MIN 32 OR BELOW: 5 0.50 INCH OR MORE: 3
MIN 0 OR BELOW: 0 1.00 INCH OR MORE: 1
[HDD (BASE 65) ]
TOTAL THIS MO. 494 CLEAR (SCALE 0-3) 6
DPTR FM NORMAL -152 PTCLDY (SCALE 4-7) 15
TOTAL FM JUL 1 4340 CLOUDY (SCALE 8-10) 10
DPTR FM NORMAL -352
[CDD (BASE 65) ]
TOTAL THIS MO. 0
DPTR FM NORMAL -3 [PRESSURE DATA]
TOTAL FM JAN 1 0 HIGHEST SLP M ON M
DPTR FM NORMAL -3 LOWEST SLP 29.40 ON 28
[REMARKS]
#FINAL-03-20#