000
CXUS53 KGLD 010800
CF6MCK
PRELIMINARY LOCAL CLIMATOLOGICAL DATA (WS FORM: F-6)
STATION: MCCOOK NE
MONTH: JANUARY
YEAR: 2021
LATITUDE: 40 13 N
LONGITUDE: 100 35 W
TEMPERATURE IN F: :PCPN: SNOW: WIND :SUNSHINE: SKY :PK WND
================================================================================
1 2 3 4 5 6A 6B 7 8 9 10 11 12 13 14 15 16 17 18
12Z AVG MX 2MIN
DY MAX MIN AVG DEP HDD CDD WTR SNW DPTH SPD SPD DIR MIN PSBL S-S WX SPD DR
================================================================================
1 42 12 27 0 38 0 0.00 M M 7.7 14 360 M M 0 8 17 10
2 47 15 31 4 34 0 0.00 M M 7.0 15 290 M M 0 21 280
3 49 24 37 10 28 0 0.00 M M 9.6 16 280 M M 1 23 280
4 51 27 39 12 26 0 0.00 M M 8.1 17 300 M M 2 24 300
5 46 24 35 8 30 0 0.00 M M 7.3 26 350 M M 2 35 340
6 48 26 37 10 28 0 0.00 M M 15.4 28 350 M M 3 35 350
7 35 25 30 3 35 0 0.00 M M 3.7 10 280 M M 10 18 12 280
8 39 31 35 8 30 0 0.00 M M 4.9 13 140 M M 10 1 16 140
9 39 30 35 8 30 0 0.00 M M 2.8 10 30 M M 10 18 13 40
10 39 23 31 4 34 0 0.00 M M 4.3 10 190 M M 7 14 200
11 50 18 34 7 31 0 0.00 M M 9.7 17 290 M M 0 18 24 290
12 57 20 39 12 26 0 0.00 M M 10.1 16 270 M M 0 20 270
13 64 28 46 19 19 0 0.00 M M 12.1 59 330 M M 0 8 76 330
14 48 33 41 14 24 0 0.00 M M 29.1 51 350 M M 3 8 66 350
15 39 17 28 1 37 0 0.00 M M 25.2 44 330 M M 4 55 330
16 52 18 35 8 30 0 T M M 13.8 37 340 M M 5 1 47 350
17 48 24 36 9 29 0 0.00 M M 11.5 21 320 M M 2 32 330
18 50 26 38 11 27 0 T M M 12.3 33 330 M M 3 42 320
19 45 18 32 5 33 0 0.00 M M 10.5 24 310 M M 0 31 310
20 60 14 37 10 28 0 0.00 M M 8.5 29 330 M M 0 39 320
21 51 17 34 7 31 0 0.00 M M 7.9 23 20 M M 1 8 30 10
22 38 22 30 3 35 0 0.00 M M 8.9 16 160 M M 4 24 130
23 30 18 24 -3 41 0 0.00 M M 8.9 17 130 M M 8 22 130
24 29 21 25 -3 40 0 0.09 M M 7.7 14 60 M M 10 128 17 40
25 26 18 22 -6 43 0 0.14 M M 11.6 22 10 M M 10 12 26 10
26 18 7 13 -15 52 0 0.08 M M 7.5 14 350 M M 7 18 17 350
27 16 0 8 -20 57 0 0.01 M M 4.1 12 160 M M 5 128 15 170
28 21 0 11 -17 54 0 0.00 M M 6.0 13 160 M M 1 128 15 160
29 25 16 21 -7 44 0 0.00 M M 3.1 9 10 M M 7 128 10 10
30 33 18 26 -2 39 0 0.00 M M 11.8 25 340 M M 7 128 32 330
31 42 18 30 2 35 0 0.00 M M 8.9 20 340 M M 2 18 26 350
================================================================================
SM 1277 608 1068 0 0.32 M 300.0 M 124
================================================================================
AV 41.2 19.6 9.7 FASTST M M 4 MAX(MPH)
MISC ----> 59 330 76 330
================================================================================
NOTES:
# LAST OF SEVERAL OCCURRENCES
COLUMN 17 PEAK WIND IN M.P.H.
PRELIMINARY LOCAL CLIMATOLOGICAL DATA (WS FORM: F-6) , PAGE 2
STATION: MCCOOK NE
MONTH: JANUARY
YEAR: 2021
LATITUDE: 40 13 N
LONGITUDE: 100 35 W
[TEMPERATURE DATA] [PRECIPITATION DATA] SYMBOLS USED IN COLUMN 16
AVERAGE MONTHLY: 30.4 TOTAL FOR MONTH: 0.32 1 = FOG OR MIST
DPTR FM NORMAL: 3.2 DPTR FM NORMAL: -0.19 2 = FOG REDUCING VISIBILITY
HIGHEST: 64 ON 13 GRTST 24HR 0.23 ON 24-25 TO 1/4 MILE OR LESS
LOWEST: 0 ON 28,27 3 = THUNDER
SNOW, ICE PELLETS, HAIL 4 = ICE PELLETS
TOTAL MONTH: M 5 = HAIL
GRTST 24HR M ON M 6 = FREEZING RAIN OR DRIZZLE
GRTST DEPTH: M ON M 7 = DUSTSTORM OR SANDSTORM:
VSBY 1/2 MILE OR LESS
8 = SMOKE OR HAZE
[NO. OF DAYS WITH] [WEATHER - DAYS WITH] 9 = BLOWING SNOW
X = TORNADO
MAX 32 OR BELOW: 7 0.01 INCH OR MORE: 4
MAX 90 OR ABOVE: 0 0.10 INCH OR MORE: 1
MIN 32 OR BELOW: 30 0.50 INCH OR MORE: 0
MIN 0 OR BELOW: 2 1.00 INCH OR MORE: 0
[HDD (BASE 65) ]
TOTAL THIS MO. 1068 CLEAR (SCALE 0-3) 15
DPTR FM NORMAL -103 PTCLDY (SCALE 4-7) 11
TOTAL FM JUL 1 3280 CLOUDY (SCALE 8-10) 5
DPTR FM NORMAL -401
[CDD (BASE 65) ]
TOTAL THIS MO. 0
DPTR FM NORMAL 0 [PRESSURE DATA]
TOTAL FM JAN 1 0 HIGHEST SLP M ON M
DPTR FM NORMAL 0 LOWEST SLP 29.59 ON 30
[REMARKS]
#FINAL-01-21#