000
CXUS52 KFFC 011010
CF6MCN
PRELIMINARY LOCAL CLIMATOLOGICAL DATA (WS FORM: F-6)
STATION: MACON
MONTH: OCTOBER
YEAR: 2021
LATITUDE: 32 42 N
LONGITUDE: 83 39 W
TEMPERATURE IN F: :PCPN: SNOW: WIND :SUNSHINE: SKY :PK WND
================================================================================
1 2 3 4 5 6A 6B 7 8 9 10 11 12 13 14 15 16 17 18
12Z AVG MX 2MIN
DY MAX MIN AVG DEP HDD CDD WTR SNW DPTH SPD SPD DIR MIN PSBL S-S WX SPD DR
================================================================================
1 88 64 76 4 0 11 0.00 0.0 M 2.9 13 90 M M 1 19 70
2 85 64 75 4 0 10 0.00 0.0 M 2.5 10 110 M M 3 12 16 170
3 87 62 75 4 0 10 T 0.0 M 3.6 12 270 M M 2 12 17 170
4 72 66 69 -2 0 4 0.44 0.0 M 2.1 9 360 M M 7 13 15 30
5 75 69 72 2 0 7 0.66 0.0 M 5.3 16 20 M M 9 13 20 30
6 79 69 74 4 0 9 3.06 0.0 M 5.8 22 20 M M 9 13 29 30
7 84 71 78 8 0 13 2.22 0.0 M 2.5 15 60 M M 9 123 19 60
8 85 68 77 8 0 12 0.03 0.0 M 3.4 13 140 M M 5 13 16 140
9 83 65 74 5 0 9 0.00 0.0 M 6.0 15 40 M M 5 1 20 40
10 83 64 74 6 0 9 0.00 0.0 M 4.4 14 50 M M 3 17 50
11 80 59 70 2 0 5 0.00 0.0 M 3.3 10 80 M M 4 1 14 60
12 84 61 73 5 0 8 0.00 0.0 M 2.6 10 40 M M 4 1 15 60
13 84 60 72 5 0 7 0.00 0.0 M 1.7 10 70 M M 2 12 14 60
14 84 58 71 4 0 6 0.00 0.0 M 2.0 8 120 M M 2 12 12 140
15 88 59 74 8 0 9 0.00 0.0 M 0.7 8 260 M M 2 12 11 280
16 81 52 67 1 0 2 0.00 0.0 M 8.5 18 330 M M 2 29 330
17 73 44 59 -7 6 0 0.00 0.0 M 4.6 13 310 M M 0 17 310
18 75 41 58 -7 7 0 0.00 0.0 M 1.8 10 60 M M 0 14 70
19 79 41 60 -5 5 0 0.00 0.0 M 1.2 8 80 M M 0 1 13 190
20 81 45 63 -1 2 0 0.00 0.0 M 1.5 8 180 M M 0 1 12 190
21 81 57 69 5 0 4 0.01 0.0 M 3.9 13 220 M M 2 19 240
22 82 54 68 4 0 3 T 0.0 M 6.4 15 270 M M 2 21 340
23 81 49 65 2 0 0 0.00 0.0 M 3.0 8 350 M M 0 12 330
24 79 45 62 -1 3 0 0.00 0.0 M 2.4 12 120 M M 1 16 120
25 83 62 73 10 0 8 T 0.0 M 4.3 15 260 M M 4 1 21 290
26 75 52 64 2 1 0 0.00 0.0 M 8.8 17 320 M M 0 25 300
27 73 45 59 -3 6 0 0.00 0.0 M 3.6 12 90 M M 0 15 90
28 75 52 64 2 1 0 0.84 0.0 M 7.7 20 120 M M 7 1 27 110
29 66 53 60 -1 5 0 0.00 0.0 M 9.2 21 260 M M 9 31 240
30 65 52 59 -2 6 0 0.00 0.0 M 9.5 17 260 M M 10 25 270
31 68 47 58 -2 7 0 0.00 0.0 M 8.1 15 300 M M 5 23 290
================================================================================
SM 2458 1750 49 146 7.26 0.0 133.3 M 109
================================================================================
AV 79.3 56.5 4.3 FASTST M M 4 MAX(MPH)
MISC ----> 22 20 31 240
================================================================================
NOTES:
# LAST OF SEVERAL OCCURRENCES
COLUMN 17 PEAK WIND IN M.P.H.
PRELIMINARY LOCAL CLIMATOLOGICAL DATA (WS FORM: F-6) , PAGE 2
STATION: MACON
MONTH: OCTOBER
YEAR: 2021
LATITUDE: 32 42 N
LONGITUDE: 83 39 W
[TEMPERATURE DATA] [PRECIPITATION DATA] SYMBOLS USED IN COLUMN 16
AVERAGE MONTHLY: 67.9 TOTAL FOR MONTH: 7.26 1 = FOG OR MIST
DPTR FM NORMAL: 1.9 DPTR FM NORMAL: 4.63 2 = FOG REDUCING VISIBILITY
HIGHEST: 88 ON 15, 1 GRTST 24HR 3.26 ON 5- 6 TO 1/4 MILE OR LESS
LOWEST: 41 ON 19,18 3 = THUNDER
SNOW, ICE PELLETS, HAIL 4 = ICE PELLETS
TOTAL MONTH: 0.0 INCH 5 = HAIL
GRTST 24HR 0.0 6 = FREEZING RAIN OR DRIZZLE
GRTST DEPTH: M ON M 7 = DUSTSTORM OR SANDSTORM:
VSBY 1/2 MILE OR LESS
8 = SMOKE OR HAZE
[NO. OF DAYS WITH] [WEATHER - DAYS WITH] 9 = BLOWING SNOW
X = TORNADO
MAX 32 OR BELOW: 0 0.01 INCH OR MORE: 7
MAX 90 OR ABOVE: 0 0.10 INCH OR MORE: 5
MIN 32 OR BELOW: 0 0.50 INCH OR MORE: 4
MIN 0 OR BELOW: 0 1.00 INCH OR MORE: 2
[HDD (BASE 65) ]
TOTAL THIS MO. 49 CLEAR (SCALE 0-3) 17
DPTR FM NORMAL -30 PTCLDY (SCALE 4-7) 9
TOTAL FM JUL 1 49 CLOUDY (SCALE 8-10) 5
DPTR FM NORMAL -33
[CDD (BASE 65) ]
TOTAL THIS MO. 146
DPTR FM NORMAL 34 [PRESSURE DATA]
TOTAL FM JAN 1 2190 HIGHEST SLP 30.30 ON 20
DPTR FM NORMAL -112 LOWEST SLP 29.50 ON 29
[REMARKS]
#FINAL-10-21#