000
CXUS52 KMLB 010645
CF6MCO
PRELIMINARY LOCAL CLIMATOLOGICAL DATA (WS FORM: F-6)
STATION: ORLANDO INTL
MONTH: AUGUST
YEAR: 2022
LATITUDE: 28 25 N
LONGITUDE: 81 19 W
TEMPERATURE IN F: :PCPN: SNOW: WIND :SUNSHINE: SKY :PK WND
================================================================================
1 2 3 4 5 6A 6B 7 8 9 10 11 12 13 14 15 16 17 18
12Z AVG MX 2MIN
DY MAX MIN AVG DEP HDD CDD WTR SNW DPTH SPD SPD DIR MIN PSBL S-S WX SPD DR
================================================================================
1 98 70 84 1 0 19 1.72 0.0 0 6.4 33 290 M M 4 123 49 310
2 95 73 84 1 0 19 0.01 0.0 0 5.8 29 240 M M 6 3 38 280
3 95 73 84 1 0 19 0.01 0.0 0 3.9 18 80 M M 4 38 26 80
4 94 76 85 2 0 20 0.00 0.0 0 7.4 17 100 M M 3 22 90
5 94 78 86 3 0 21 0.04 0.0 0 6.9 18 10 M M 3 38 23 100
6 92 77 85 2 0 20 0.64 0.0 0 5.9 26 120 M M 3 138 31 120
7 93 77 85 2 0 20 T 0.0 0 8.1 23 70 M M 4 3 28 80
8 89 75 82 -1 0 17 0.36 0.0 0 5.4 22 210 M M 6 13 28 200
9 88 76 82 -1 0 17 0.43 0.0 0 4.6 22 140 M M 7 3 26 150
10 95 77 86 3 0 21 T 0.0 0 6.1 17 120 M M 7 1 21 110
11 91 74 83 0 0 18 0.46 0.0 0 5.1 24 70 M M 8 13 30 70
12 94 76 85 2 0 20 0.01 0.0 0 3.6 14 150 M M 8 3 17 180
13 93 72 83 0 0 18 0.46 0.0 0 5.7 18 360 M M 8 13 23 360
14 93 74 84 1 0 19 0.12 0.0 0 3.6 20 230 M M 6 13 26 220
15 94 75 85 2 0 20 0.00 0.0 0 3.1 13 120 M M 6 18 100
16 94 77 86 3 0 21 0.00 0.0 0 6.0 17 240 M M 4 3 21 270
17 93 76 85 2 0 20 T 0.0 0 7.6 21 270 M M 5 3 27 250
18 95 75 85 2 0 20 T 0.0 0 5.6 20 350 M M 6 3 26 330
19 96 73 85 2 0 20 1.08 0.0 0 5.7 40 260 M M 6 13 55 260
20 96 74 85 2 0 20 0.00 0.0 0 4.5 15 130 M M 6 3 21 100
21 95 78 87 4 0 22 T 0.0 0 4.5 20 30 M M 7 3 24 20
22 96 78 87 4 0 22 0.00 0.0 0 3.6 15 110 M M 7 3 19 110
23 96 77 87 5 0 22 T 0.0 0 4.6 20 350 M M 7 3 23 360
24 96 77 87 5 0 22 T 0.0 0 5.1 23 70 M M 7 3 27 70
25 95 76 86 4 0 21 0.18 0.0 0 5.9 25 80 M M 7 3 31 80
26 93 75 84 2 0 19 0.20 0.0 0 4.6 17 220 M M 8 38 23 210
27 93 76 85 3 0 20 0.43 0.0 0 2.4 21 290 M M 9 13 25 280
28 92 76 84 2 0 19 1.10 0.0 0 5.3 29 190 M M 8 138 37 190
29 92 77 85 3 0 20 0.03 0.0 0 5.2 17 120 M M 8 3 21 140
30 93 77 85 3 0 20 0.02 0.0 0 6.8 15 190 M M 7 3 23 160
31 95 76 86 4 0 21 0.58 0.0 0 4.4 20 120 M M 5 3 25 120
================================================================================
SM 2908 2341 0 617 7.88 0.0 163.4 M 190
================================================================================
AV 93.8 75.5 5.3 FASTST M M 6 MAX(MPH)
MISC ----> 40 260 55 260
================================================================================
NOTES:
# LAST OF SEVERAL OCCURRENCES
COLUMN 17 PEAK WIND IN M.P.H.
PRELIMINARY LOCAL CLIMATOLOGICAL DATA (WS FORM: F-6) , PAGE 2
STATION: ORLANDO INTL
MONTH: AUGUST
YEAR: 2022
LATITUDE: 28 25 N
LONGITUDE: 81 19 W
[TEMPERATURE DATA] [PRECIPITATION DATA] SYMBOLS USED IN COLUMN 16
AVERAGE MONTHLY: 84.7 TOTAL FOR MONTH: 7.88 1 = FOG OR MIST
DPTR FM NORMAL: 2.1 DPTR FM NORMAL: 0.19 2 = FOG REDUCING VISIBILITY
HIGHEST: 98 ON 1 GRTST 24HR 1.73 ON 1- 2 TO 1/4 MILE OR LESS
LOWEST: 70 ON 1 3 = THUNDER
SNOW, ICE PELLETS, HAIL 4 = ICE PELLETS
TOTAL MONTH: 0.0 INCH 5 = HAIL
GRTST 24HR 0.0 6 = FREEZING RAIN OR DRIZZLE
GRTST DEPTH: 0 7 = DUSTSTORM OR SANDSTORM:
VSBY 1/2 MILE OR LESS
8 = SMOKE OR HAZE
[NO. OF DAYS WITH] [WEATHER - DAYS WITH] 9 = BLOWING SNOW
X = TORNADO
MAX 32 OR BELOW: 0 0.01 INCH OR MORE: 19
MAX 90 OR ABOVE: 29 0.10 INCH OR MORE: 13
MIN 32 OR BELOW: 0 0.50 INCH OR MORE: 5
MIN 0 OR BELOW: 0 1.00 INCH OR MORE: 3
[HDD (BASE 65) ]
TOTAL THIS MO. 0 CLEAR (SCALE 0-3) 2
DPTR FM NORMAL 0 PTCLDY (SCALE 4-7) 25
TOTAL FM JUL 1 0 CLOUDY (SCALE 8-10) 4
DPTR FM NORMAL 0
[CDD (BASE 65) ]
TOTAL THIS MO. 617
DPTR FM NORMAL 70 [PRESSURE DATA]
TOTAL FM JAN 1 2980 HIGHEST SLP M ON M
DPTR FM NORMAL 554 LOWEST SLP 29.86 ON 15
[REMARKS]
#FINAL-08-22#