000
CXUS52 KMLB 010632
CF6MCO
PRELIMINARY LOCAL CLIMATOLOGICAL DATA (WS FORM: F-6)
STATION: ORLANDO INTL
MONTH: MAY
YEAR: 2020
LATITUDE: 28 25 N
LONGITUDE: 81 19 W
TEMPERATURE IN F: :PCPN: SNOW: WIND :SUNSHINE: SKY :PK WND
================================================================================
1 2 3 4 5 6A 6B 7 8 9 10 11 12 13 14 15 16 17 18
12Z AVG MX 2MIN
DY MAX MIN AVG DEP HDD CDD WTR SNW DPTH SPD SPD DIR MIN PSBL S-S WX SPD DR
================================================================================
1 82 56 69 -5 0 4 0.00 0.0 0 7.0 16 330 M M 0 22 320
2 87 59 73 -1 0 8 0.00 0.0 0 4.8 16 100 M M 1 20 100
3 88 62 75 0 0 10 0.00 0.0 0 4.9 14 130 M M 1 1 17 120
4 90 64 77 2 0 12 0.00 0.0 0 3.9 12 100 M M 1 1 15 100
5 91 67 79 4 0 14 0.00 0.0 0 5.9 17 230 M M 1 21 220
6 91 69 80 5 0 15 0.00 0.0 0 11.1 21 260 M M 5 26 270
7 78 59 69 -6 0 4 0.00 0.0 0 11.5 20 70 M M 2 25 60
8 86 54 70 -6 0 5 0.00 0.0 0 8.1 18 240 M M 1 24 160
9 87 67 77 1 0 12 0.00 0.0 0 10.4 23 50 M M 5 28 50
10 83 67 75 -1 0 10 T 0.0 0 8.8 18 60 M M 9 23 60
11 88 65 77 1 0 12 0.00 0.0 0 8.5 18 50 M M 3 27 50
12 87 62 75 -1 0 10 0.00 0.0 0 8.9 18 50 M M 4 26 60
13 86 64 75 -2 0 10 0.00 0.0 0 12.2 23 100 M M 4 8 29 80
14 85 67 76 -1 0 11 0.00 0.0 0 12.8 22 100 M M 6 28 100
15 88 69 79 2 0 14 0.03 0.0 0 12.0 23 70 M M 5 18 29 70
16 88 73 81 4 0 16 0.13 0.0 0 12.7 25 60 M M 7 1 31 40
17 93 73 83 5 0 18 T 0.0 0 7.0 21 260 M M 7 28 260
18 89 71 80 2 0 15 0.02 0.0 0 9.2 30 250 M M 8 3 39 250
19 94 69 82 4 0 17 0.00 0.0 0 10.1 23 260 M M 4 29 230
20 93 66 80 2 0 15 0.00 0.0 0 7.9 17 230 M M 2 25 220
21 95 67 81 3 0 16 0.21 0.0 0 6.5 33 170 M M 5 13 45 170
22 94 68 81 3 0 16 T 0.0 0 6.9 17 120 M M 4 3 22 100
23 92 74 83 4 0 18 0.00 0.0 0 7.8 16 100 M M 7 21 90
24 87 75 81 2 0 16 0.01 0.0 0 9.0 17 100 M M 9 22 100
25 77 72 75 -4 0 10 0.22 0.0 0 11.1 21 60 M M 10 1 27 40
26 89 73 81 2 0 16 0.36 0.0 0 6.9 23 340 M M 9 13 27 360
27 88 72 80 1 0 15 0.22 0.0 0 6.9 25 240 M M 7 13 33 240
28 93 70 82 2 0 17 1.45 0.0 0 7.5 44 200 M M 8 13 57 200
29 92 71 82 2 0 17 0.02 0.0 0 6.4 23 150 M M 7 38 29 150
30 93 72 83 3 0 18 1.18 0.0 0 6.6 23 40 M M 7 13 27 40
31 94 70 82 2 0 17 0.00 0.0 0 4.2 16 60 M M 5 19 60
================================================================================
SM 2748 2087 0 408 3.85 0.0 257.5 M 154
================================================================================
AV 88.6 67.3 8.3 FASTST M M 5 MAX(MPH)
MISC ----> 44 200 57 200
================================================================================
NOTES:
# LAST OF SEVERAL OCCURRENCES
COLUMN 17 PEAK WIND IN M.P.H.
PRELIMINARY LOCAL CLIMATOLOGICAL DATA (WS FORM: F-6) , PAGE 2
STATION: ORLANDO INTL
MONTH: MAY
YEAR: 2020
LATITUDE: 28 25 N
LONGITUDE: 81 19 W
[TEMPERATURE DATA] [PRECIPITATION DATA] SYMBOLS USED IN COLUMN 16
AVERAGE MONTHLY: 78.0 TOTAL FOR MONTH: 3.85 1 = FOG OR MIST
DPTR FM NORMAL: 0.7 DPTR FM NORMAL: 0.40 2 = FOG REDUCING VISIBILITY
HIGHEST: 95 ON 21 GRTST 24HR 1.45 ON 28-28 TO 1/4 MILE OR LESS
LOWEST: 54 ON 8 3 = THUNDER
SNOW, ICE PELLETS, HAIL 4 = ICE PELLETS
TOTAL MONTH: 0.0 INCH 5 = HAIL
GRTST 24HR 0.0 6 = FREEZING RAIN OR DRIZZLE
GRTST DEPTH: 0 7 = DUSTSTORM OR SANDSTORM:
VSBY 1/2 MILE OR LESS
8 = SMOKE OR HAZE
[NO. OF DAYS WITH] [WEATHER - DAYS WITH] 9 = BLOWING SNOW
X = TORNADO
MAX 32 OR BELOW: 0 0.01 INCH OR MORE: 11
MAX 90 OR ABOVE: 13 0.10 INCH OR MORE: 7
MIN 32 OR BELOW: 0 0.50 INCH OR MORE: 2
MIN 0 OR BELOW: 0 1.00 INCH OR MORE: 2
[HDD (BASE 65) ]
TOTAL THIS MO. 0 CLEAR (SCALE 0-3) 9
DPTR FM NORMAL -1 PTCLDY (SCALE 4-7) 18
TOTAL FM JUL 1 256 CLOUDY (SCALE 8-10) 4
DPTR FM NORMAL -314
[CDD (BASE 65) ]
TOTAL THIS MO. 408
DPTR FM NORMAL 28 [PRESSURE DATA]
TOTAL FM JAN 1 1296 HIGHEST SLP M ON M
DPTR FM NORMAL 495 LOWEST SLP 29.79 ON 19
[REMARKS]
#FINAL-05-20#