000
CXUS53 KPAH 021454
CF6MDH
PRELIMINARY LOCAL CLIMATOLOGICAL DATA (WS FORM: F-6)
STATION: CARBONDALE IL
MONTH: JULY
YEAR: 2021
LATITUDE: 37 46 N
LONGITUDE: 89 15 W
TEMPERATURE IN F: :PCPN: SNOW: WIND :SUNSHINE: SKY :PK WND
================================================================================
1 2 3 4 5 6A 6B 7 8 9 10 11 12 13 14 15 16 17 18
12Z AVG MX 2MIN
DY MAX MIN AVG DEP HDD CDD WTR SNW DPTH SPD SPD DIR MIN PSBL S-S WX SPD DR
================================================================================
1 85 70 78 0 0 13 0.25 M M 4.8 14 30 M M 7 1 20 20
2 81 58 70 -8 0 5 0.00 M M 6.9 17 360 M M 0 25 360
3 82 54 68 -10 0 3 0.00 M M 2.7 13 50 M M 0 12 19 50
4 86 58 72 -6 0 7 0.00 M M 2.7 9 190 M M 0 1 14 270
5 87 62 75 -3 0 10 0.00 M M 2.3 12 190 M M 1 12 17 190
6 90 66 78 0 0 13 0.00 M M 1.8 12 210 M M 1 12 18 190
7 91 66 79 1 0 14 0.00 M M 4.2 13 190 M M 2 12 19 190
8 90 71 81 3 0 16 0.17 M M 5.6 21 250 M M 3 13 30 260
9 88 68 78 0 0 13 0.00 M M 4.4 17 200 M M 1 1 23 210
10 87 67 77 -1 0 12 0.93 M M 6.6 22 210 M M 6 13 37 270
11 82 69 76 -2 0 11 0.01 M M 7.2 15 180 M M 7 22 190
12 82 69 76 -2 0 11 0.97 M M 5.5 15 260 M M 6 138 22 250
13 84 69 77 -1 0 12 0.00 M M 3.9 10 230 M M 5 1 14 240
14 87 67 77 -1 0 12 0.00 M M 5.7 13 220 M M 2 1 17 200
15 89 69 79 1 0 14 0.70 M M 8.4 28 260 M M 2 138 43 260
16 84 69 77 -1 0 12 M M M 5.9 20 180 M M 6 1238 29 200
17 86 69 78 0 0 13 0.00 M M 2.3 7 50 M M 6 123 12 50
18 78 68 73 -5 0 8 M M M 2.4 9 60 M M 8 1 16 60
19 M 67 M M M M 0.00 M M 5.3 14 50 M M 2 20 60
20 85 65 75 -3 0 10 0.00 M M 4.5 12 360 M M 1 1 16 360
21 87 63 75 -3 0 10 0.00 M M 1.7 7 60 M M 1 12 10 10
22 87 67 77 -1 0 12 0.00 M M 1.2 8 120 M M 3 128 11 150
23 89 67 78 0 0 13 0.00 M M 2.4 8 120 M M 2 128 11 80
24 90 71 81 3 0 16 0.00 M M 4.0 14 240 M M 2 18 21 250
25 92 73 83 5 0 18 0.00 M M 4.0 13 20 M M 1 13 20 20
26 91 67 79 1 0 14 0.00 M M 2.5 9 10 M M 1 12 14 50
27 91 65 78 0 0 13 0.00 M M 1.4 9 20 M M 1 12 16 20
28 91 65 78 0 0 13 0.00 M M 1.0 8 210 M M 3 128 12 230
29 91 71 81 3 0 16 0.00 M M 5.0 21 330 M M 1 138 36 310
30 88 67 78 0 0 13 T M M 4.3 9 50 M M 4 138 16 30
31 82 66 74 -4 0 9 0.03 M M 3.1 9 10 M M 5 18 14 350
================================================================================
SM 2603 2063 0 356 3.06 M 123.7 M 90
================================================================================
AV 86.8 66.5 4.0 FASTST M M 3 MAX(MPH)
MISC ----> 28 260 43 260
================================================================================
NOTES:
# LAST OF SEVERAL OCCURRENCES
COLUMN 17 PEAK WIND IN M.P.H.
PRELIMINARY LOCAL CLIMATOLOGICAL DATA (WS FORM: F-6) , PAGE 2
STATION: CARBONDALE IL
MONTH: JULY
YEAR: 2021
LATITUDE: 37 46 N
LONGITUDE: 89 15 W
[TEMPERATURE DATA] [PRECIPITATION DATA] SYMBOLS USED IN COLUMN 16
AVERAGE MONTHLY: 76.7 TOTAL FOR MONTH: 3.06 1 = FOG OR MIST
DPTR FM NORMAL: -1.3 DPTR FM NORMAL: -0.55 2 = FOG REDUCING VISIBILITY
HIGHEST: 92 ON 25 GRTST 24HR 1.61 ON 15-16 TO 1/4 MILE OR LESS
LOWEST: 54 ON 3 3 = THUNDER
SNOW, ICE PELLETS, HAIL 4 = ICE PELLETS
TOTAL MONTH: M 5 = HAIL
GRTST 24HR M ON M 6 = FREEZING RAIN OR DRIZZLE
GRTST DEPTH: M ON M 7 = DUSTSTORM OR SANDSTORM:
VSBY 1/2 MILE OR LESS
8 = SMOKE OR HAZE
[NO. OF DAYS WITH] [WEATHER - DAYS WITH] 9 = BLOWING SNOW
X = TORNADO
MAX 32 OR BELOW: 0 0.01 INCH OR MORE: 7
MAX 90 OR ABOVE: 9 0.10 INCH OR MORE: 5
MIN 32 OR BELOW: 0 0.50 INCH OR MORE: 3
MIN 0 OR BELOW: 0 1.00 INCH OR MORE: 0
[HDD (BASE 65) ]
TOTAL THIS MO. 0 CLEAR (SCALE 0-3) 20
DPTR FM NORMAL 0 PTCLDY (SCALE 4-7) 11
TOTAL FM JUL 1 0 CLOUDY (SCALE 8-10) 0
DPTR FM NORMAL 0
[CDD (BASE 65) ]
TOTAL THIS MO. 356
DPTR FM NORMAL -45 [PRESSURE DATA]
TOTAL FM JAN 1 821 HIGHEST SLP 30.20 ON 14
DPTR FM NORMAL -28 LOWEST SLP 29.73 ON 11
[REMARKS]
#FINAL-07-21#