000
CXUS51 KCTP 010800
CF6MDT
PRELIMINARY LOCAL CLIMATOLOGICAL DATA (WS FORM: F-6)
STATION: HARRISBURG PA
MONTH: AUGUST
YEAR: 2021
LATITUDE: 40 11 N
LONGITUDE: 76 46 W
TEMPERATURE IN F: :PCPN: SNOW: WIND :SUNSHINE: SKY :PK WND
================================================================================
1 2 3 4 5 6A 6B 7 8 9 10 11 12 13 14 15 16 17 18
12Z AVG MX 2MIN
DY MAX MIN AVG DEP HDD CDD WTR SNW DPTH SPD SPD DIR MIN PSBL S-S WX SPD DR
================================================================================
1 78 63 71 -6 0 6 0.76 0.0 0 4.3 25 340 M M 7 13 32 330
2 79 62 71 -6 0 6 0.00 0.0 0 6.9 17 320 M M 3 22 310
3 80 60 70 -7 0 5 0.00 0.0 0 3.5 10 140 M M 6 12 140
4 82 62 72 -5 0 7 0.00 0.0 0 2.4 10 110 M M 7 14 60
5 86 60 73 -3 0 8 0.00 0.0 0 3.9 14 320 M M 3 18 300
6 91 66 79 3 0 14 0.00 0.0 0 4.8 12 170 M M 4 18 180
7 84 70 77 1 0 12 0.00 0.0 0 4.6 13 160 M M 9 16 200
8 90 66 78 2 0 13 0.00 0.0 0 4.4 12 290 M M 3 13 280
9 91 69 80 4 0 15 0.00 0.0 0 5.5 15 150 M M 3 18 160
10 94 72 83 7 0 18 0.40 0.0 0 4.8 37 310 M M 7 138 48 310
11 94 73 84 8 0 19 1.27 0.0 0 3.8 39 240 M M 5 138 51 240
12 96 71 84 8 0 19 0.24 0.0 0 4.3 21 300 M M 4 3 25 310
13 94 72 83 7 0 18 0.16 0.0 0 3.9 31 290 M M 6 13 37 290
14 86 74 80 4 0 15 0.00 0.0 0 5.2 12 330 M M 7 15 340
15 83 68 76 0 0 11 0.00 0.0 0 2.7 9 350 M M 8 13 30
16 81 70 76 1 0 11 0.11 0.0 0 5.9 14 130 M M 10 1 17 140
17 86 74 80 5 0 15 0.06 0.0 0 7.1 15 150 M M 10 19 160
18 84 74 79 4 0 14 1.83 0.0 0 10.7 25 230 M M 9 13 35 250
19 88 75 82 7 0 17 T 0.0 0 11.1 22 290 M M 8 26 300
20 86 73 80 5 0 15 0.02 0.0 0 3.5 9 280 M M 7 12 210
21 87 70 79 4 0 14 0.00 0.0 0 3.1 10 130 M M 5 13 120
22 77 73 75 0 0 10 0.82 0.0 0 3.3 14 220 M M 9 13 15 210
23 90 73 82 8 0 17 0.02 0.0 0 6.4 18 300 M M 6 138 23 310
24 91 73 82 8 0 17 0.00 0.0 0 4.1 13 320 M M 1 15 310
25 93 71 82 8 0 17 0.00 0.0 0 2.1 10 230 M M 4 15 240
26 92 73 83 9 0 18 0.00 0.0 0 1.6 8 190 M M 2 12 190
27 92 75 84 10 0 19 0.03 0.0 0 4.2 26 210 M M 7 38 33 220
28 84 70 77 3 0 12 0.00 0.0 0 6.9 15 100 M M 8 18 19 100
29 82 68 75 2 0 10 T 0.0 0 3.9 10 110 M M 10 13 100
30 89 74 82 9 0 17 0.15 0.0 0 4.3 22 290 M M 7 8 24 280
31 81 72 77 4 0 12 0.01 0.0 0 3.2 9 320 M M 9 11 320
================================================================================
SM 2691 2166 0 421 5.88 0.0 146.4 M 194
================================================================================
AV 86.8 69.9 4.7 FASTST M M 6 MAX(MPH)
MISC ----> 39 240 51 240
================================================================================
NOTES:
# LAST OF SEVERAL OCCURRENCES
COLUMN 17 PEAK WIND IN M.P.H.
PRELIMINARY LOCAL CLIMATOLOGICAL DATA (WS FORM: F-6) , PAGE 2
STATION: HARRISBURG PA
MONTH: AUGUST
YEAR: 2021
LATITUDE: 40 11 N
LONGITUDE: 76 46 W
[TEMPERATURE DATA] [PRECIPITATION DATA] SYMBOLS USED IN COLUMN 16
AVERAGE MONTHLY: 78.3 TOTAL FOR MONTH: 5.88 1 = FOG OR MIST
DPTR FM NORMAL: 3.1 DPTR FM NORMAL: 2.11 2 = FOG REDUCING VISIBILITY
HIGHEST: 96 ON 12 GRTST 24HR 1.85 ON 17-18 TO 1/4 MILE OR LESS
LOWEST: 60 ON 5, 3 3 = THUNDER
SNOW, ICE PELLETS, HAIL 4 = ICE PELLETS
TOTAL MONTH: 0.0 INCH 5 = HAIL
GRTST 24HR 0.0 6 = FREEZING RAIN OR DRIZZLE
GRTST DEPTH: 0 7 = DUSTSTORM OR SANDSTORM:
VSBY 1/2 MILE OR LESS
8 = SMOKE OR HAZE
[NO. OF DAYS WITH] [WEATHER - DAYS WITH] 9 = BLOWING SNOW
X = TORNADO
MAX 32 OR BELOW: 0 0.01 INCH OR MORE: 14
MAX 90 OR ABOVE: 12 0.10 INCH OR MORE: 9
MIN 32 OR BELOW: 0 0.50 INCH OR MORE: 4
MIN 0 OR BELOW: 0 1.00 INCH OR MORE: 2
[HDD (BASE 65) ]
TOTAL THIS MO. 0 CLEAR (SCALE 0-3) 5
DPTR FM NORMAL -1 PTCLDY (SCALE 4-7) 17
TOTAL FM JUL 1 0 CLOUDY (SCALE 8-10) 9
DPTR FM NORMAL 0
[CDD (BASE 65) ]
TOTAL THIS MO. 421
DPTR FM NORMAL 102 [PRESSURE DATA]
TOTAL FM JAN 1 1239 HIGHEST SLP 30.25 ON 28
DPTR FM NORMAL 218 LOWEST SLP 29.79 ON 31
[REMARKS]
#FINAL-08-21#