000
CXUS53 KARX 011000
CF6MDZ
PRELIMINARY LOCAL CLIMATOLOGICAL DATA (WS FORM: F-6)
STATION: MEDFORD WI
MONTH: FEBRUARY
YEAR: 2024
LATITUDE: 45 5 N
LONGITUDE: 90 18 W
TEMPERATURE IN F: :PCPN: SNOW: WIND :SUNSHINE: SKY :PK WND
================================================================================
1 2 3 4 5 6A 6B 7 8 9 10 11 12 13 14 15 16 17 18
12Z AVG MX 2MIN
DY MAX MIN AVG DEP HDD CDD WTR SNW DPTH SPD SPD DIR MIN PSBL S-S WX SPD DR
================================================================================
1 44 25 35 M 30 0 0.00 0.0 M 6.3 14 20 M M 4 20 20
2 38 20 29 M 36 0 0.00 0.0 0 5.3 9 80 M M 3 16 100
3 34 21 28 M 37 0 0.00 0.0 0 5.3 9 170 M M 6 M M
4 52 18 35 M 30 0 0.00 0.0 0 2.7 6 80 M M 0 1 M M
5 52 25 39 M 26 0 0.00 0.0 0 2.3 9 60 M M 2 M M
6 46 27 37 M 28 0 0.00 0.0 0 6.4 10 170 M M 1 M M
7 44 32 38 M 27 0 0.00 0.0 0 7.2 13 130 M M 1 18 130
8 53 36 45 M 20 0 0.04 0.0 0 11.7 18 170 M M 5 24 170
9 37 25 31 M 34 0 0.00 0.0 0 12.7 20 250 M M 10 28 250
10 28 20 24 M 41 0 0.00 0.0 0 12.0 18 280 M M 10 27 280
11 35 20 28 M 37 0 0.00 0.0 0 7.0 16 240 M M 7 23 250
12 39 26 33 M 32 0 0.00 0.0 0 9.0 14 350 M M 7 21 280
13 30 20 25 M 40 0 0.00 0.0 0 4.9 10 340 M M 9 22 340
14 40 23 32 M 33 0 0.00 0.0 0 4.8 12 210 M M 10 16 240
15 31 11 21 M 44 0 M M M 4.1 15 290 M M 8 21 0
16 13 1 7 M 58 0 0.00 0.0 M 6.5 14 320 M M 4 18 320
17 24 -1 12 M 53 0 0.00 0.0 M 10.2 18 260 M M 1 29 240
18 31 16 24 M 41 0 M M M 7.9 15 320 M M 1 21 310
19 36 9 23 M 42 0 0.00 0.0 M 2.3 6 130 M M 0 M M
20 48 24 36 M 29 0 0.00 0.0 M 5.0 10 170 M M 1 16 170
21 49 22 36 M 29 0 0.00 0.0 M 0.9 6 260 M M 0 M M
22 52 24 38 M 27 0 0.00 0.0 0 4.9 15 270 M M 2 21 260
23 35 10 23 M 42 0 M M M 8.0 13 350 M M 3 18 350
24 32 6 19 M 46 0 0.00 0.0 M 9.1 17 200 M M 0 23 210
25 48 25 37 M 28 0 0.00 0.0 0 8.1 17 270 M M 2 24 270
26 53 22 38 M 27 0 0.00 M M 9.2 18 170 M M 0 27 150
27 63 15 39 M 26 0 M M M 9.2 22 330 M M 2 30 330
28 16 4 10 M 55 0 M M M 13.6 20 310 M M 4 32 330
29 37 2 20 M 45 0 M M M 6.4 13 170 M M 1 20 150
================================================================================
SM 1140 528 1043 0 0.04 0.0 203.0 M 104
================================================================================
AV 39.3 18.2 7.0 FASTST M M 4 MAX(MPH)
MISC ----> 22 330 32 330
================================================================================
NOTES:
# LAST OF SEVERAL OCCURRENCES
COLUMN 17 PEAK WIND IN M.P.H.
PRELIMINARY LOCAL CLIMATOLOGICAL DATA (WS FORM: F-6) , PAGE 2
STATION: MEDFORD WI
MONTH: FEBRUARY
YEAR: 2024
LATITUDE: 45 5 N
LONGITUDE: 90 18 W
[TEMPERATURE DATA] [PRECIPITATION DATA] SYMBOLS USED IN COLUMN 16
AVERAGE MONTHLY: 28.8 TOTAL FOR MONTH: 0.04 1 = FOG OR MIST
DPTR FM NORMAL: 0.0 DPTR FM NORMAL: M 2 = FOG REDUCING VISIBILITY
HIGHEST: 63 ON 27 GRTST 24HR 0.04 ON 8- 8 TO 1/4 MILE OR LESS
LOWEST: -1 ON 17 3 = THUNDER
SNOW, ICE PELLETS, HAIL 4 = ICE PELLETS
TOTAL MONTH: 0.0 INCH 5 = HAIL
GRTST 24HR 0.0 6 = FREEZING RAIN OR DRIZZLE
GRTST DEPTH: 0 7 = DUSTSTORM OR SANDSTORM:
VSBY 1/2 MILE OR LESS
8 = SMOKE OR HAZE
[NO. OF DAYS WITH] [WEATHER - DAYS WITH] 9 = BLOWING SNOW
X = TORNADO
MAX 32 OR BELOW: 8 0.01 INCH OR MORE: 1
MAX 90 OR ABOVE: 0 0.10 INCH OR MORE: 0
MIN 32 OR BELOW: 28 0.50 INCH OR MORE: 0
MIN 0 OR BELOW: 1 1.00 INCH OR MORE: 0
[HDD (BASE 65) ]
TOTAL THIS MO. 1043 CLEAR (SCALE 0-3) 17
DPTR FM NORMAL M PTCLDY (SCALE 4-7) 8
TOTAL FM JUL 1 5339 CLOUDY (SCALE 8-10) 4
DPTR FM NORMAL M
[CDD (BASE 65) ]
TOTAL THIS MO. 0
DPTR FM NORMAL M [PRESSURE DATA]
TOTAL FM JAN 1 0 HIGHEST SLP M ON M
DPTR FM NORMAL M LOWEST SLP M ON M
[REMARKS]
#FINAL-02-24#