000
CXUS56 KPDT 011810
CF6MEH
PRELIMINARY LOCAL CLIMATOLOGICAL DATA (WS FORM: F-6)
STATION: MEACHAM OR
MONTH: OCTOBER
YEAR: 2023
LATITUDE: 45 30 N
LONGITUDE: 118 24 W
TEMPERATURE IN F: :PCPN: SNOW: WIND :SUNSHINE: SKY :PK WND
================================================================================
1 2 3 4 5 6A 6B 7 8 9 10 11 12 13 14 15 16 17 18
12Z AVG MX 2MIN
DY MAX MIN AVG DEP HDD CDD WTR SNW DPTH SPD SPD DIR MIN PSBL S-S WX SPD DR
================================================================================
1 48 27 38 -10 27 0 0.00 M M 0.5 6 280 M M 8 1 11 270
2 60 38 49 2 16 0 0.19 M M 0.5 7 290 M M 7 1 14 290
3 55 38 47 0 18 0 0.74 M M 0.7 5 99 M M 9 1 M M
4 63 32 48 1 17 0 0.00 M M 0.5 7 270 M M 2 1 13 270
5 70 32 51 5 14 0 0.00 M M 0.8 7 30 M M 0 1 12 360
6 70 33 52 6 13 0 0.00 M M 0.7 7 20 M M 0 12 50
7 76 36 56 10 9 0 0.00 M M 0.5 9 90 M M 0 16 100
8 78 42 60 15 5 0 0.00 M M 0.3 8 50 M M 0 16 100
9 73 39 56 11 9 0 T M M 0.4 7 290 M M 3 20 300
10 52 40 46 1 19 0 0.64 M M 0.2 8 260 M M 8 1 17 190
11 47 33 40 -4 25 0 0.59 M M 0.0 5 270 M M 9 1 10 250
12 53 30 42 -2 23 0 0.01 M M 0.4 6 20 M M 8 1 11 30
13 61 29 45 1 20 0 0.00 M M 0.4 8 110 M M 1 19 100
14 64 39 52 8 13 0 0.00 M M 0.1 7 90 M M 8 13 90
15 70 45 58 15 7 0 0.00 M M 0.0 9 90 M M 5 17 100
16 69 49 59 16 6 0 0.08 M M 0.3 6 290 M M 4 1 14 260
17 57 39 48 5 17 0 T M M 0.4 7 270 M M 4 12 270
18 74 33 54 12 11 0 0.00 M M 0.0 7 100 M M 0 13 120
19 75 41 58 16 7 0 0.00 M M 0.1 6 300 M M 0 9 290
20 74 36 55 13 10 0 0.00 M M 0.5 7 260 M M 0 11 230
21 73 31 52 10 13 0 0.00 M M 0.0 5 300 M M 1 9 20
22 57 38 48 7 17 0 0.00 M M 1.2 7 20 M M 6 14 20
23 52 34 43 2 22 0 0.00 M M 1.7 9 260 M M 6 19 280
24 46 32 39 -2 26 0 0.48 M M 0.0 7 310 M M 10 18 12 330
25 41 31 36 -4 29 0 0.44 M M 0.4 6 240 M M 9 12 12 210
26 34 29 32 -8 33 0 0.01 M M 0.3 5 270 M M 10 12 9 300
27 31 19 25 -15 40 0 0.05 M M 0.3 5 350 M M 8 12 9 330
28 32 15 24 -16 41 0 0.00 M M 0.5 6 20 M M 3 18 10 40
29 40 11 26 -13 39 0 0.00 M M 0.3 6 100 M M 0 10 80
30 46 17 32 -7 33 0 0.00 M M 0.1 5 90 M M 0 8 9 160
31 51 29 40 1 25 0 0.00 M M 0.3 5 110 M M 0 8 9 220
================================================================================
SM 1792 1017 604 0 3.23 M 12.4 M 129
================================================================================
AV 57.8 32.8 0.4 FASTST M M 4 MAX(MPH)
MISC ----> # 9 90 20 300
================================================================================
NOTES:
# LAST OF SEVERAL OCCURRENCES
COLUMN 17 PEAK WIND IN M.P.H.
PRELIMINARY LOCAL CLIMATOLOGICAL DATA (WS FORM: F-6) , PAGE 2
STATION: MEACHAM OR
MONTH: OCTOBER
YEAR: 2023
LATITUDE: 45 30 N
LONGITUDE: 118 24 W
[TEMPERATURE DATA] [PRECIPITATION DATA] SYMBOLS USED IN COLUMN 16
AVERAGE MONTHLY: 45.3 TOTAL FOR MONTH: 3.23 1 = FOG OR MIST
DPTR FM NORMAL: 2.2 DPTR FM NORMAL: 0.38 2 = FOG REDUCING VISIBILITY
HIGHEST: 78 ON 8 GRTST 24HR 0.93 ON 2- 3 TO 1/4 MILE OR LESS
LOWEST: 11 ON 29 3 = THUNDER
SNOW, ICE PELLETS, HAIL 4 = ICE PELLETS
TOTAL MONTH: M 5 = HAIL
GRTST 24HR M ON M 6 = FREEZING RAIN OR DRIZZLE
GRTST DEPTH: M ON M 7 = DUSTSTORM OR SANDSTORM:
VSBY 1/2 MILE OR LESS
8 = SMOKE OR HAZE
[NO. OF DAYS WITH] [WEATHER - DAYS WITH] 9 = BLOWING SNOW
X = TORNADO
MAX 32 OR BELOW: 2 0.01 INCH OR MORE: 10
MAX 90 OR ABOVE: 0 0.10 INCH OR MORE: 6
MIN 32 OR BELOW: 14 0.50 INCH OR MORE: 3
MIN 0 OR BELOW: 0 1.00 INCH OR MORE: 0
[HDD (BASE 65) ]
TOTAL THIS MO. 604 CLEAR (SCALE 0-3) 13
DPTR FM NORMAL -76 PTCLDY (SCALE 4-7) 12
TOTAL FM JUL 1 1158 CLOUDY (SCALE 8-10) 6
DPTR FM NORMAL -271
[CDD (BASE 65) ]
TOTAL THIS MO. 0
DPTR FM NORMAL 0 [PRESSURE DATA]
TOTAL FM JAN 1 58 HIGHEST SLP M ON M
DPTR FM NORMAL 19 LOWEST SLP 29.57 ON 10
[REMARKS]
#FINAL-10-23#