000
CXUS51 KCLE 031643
CLMMFD
CLIMATE REPORT
NATIONAL WEATHER SERVICE CLEVELAND, OH
1243 PM EDT SAT JUN 03 2023
...................................
...THE MANSFIELD OH CLIMATE SUMMARY FOR THE MONTH OF MAY 2023...
CLIMATE NORMAL PERIOD 1991 TO 2020
CLIMATE RECORD PERIOD 1916 TO 2023
WEATHER OBSERVED NORMAL DEPART LAST YEAR`S
VALUE DATE(S) VALUE FROM VALUE
NORMAL
..............................................................
TEMPERATURE (F)
RECORD
HIGH 92 05/18/1962
LOW 25 05/10/1966
HIGHEST 86 05/29
LOWEST 35 05/01
05/18
AVG. MAXIMUM 70.8 71.1 -0.3 73.5
AVG. MINIMUM 47.1 49.6 -2.5 54.2
MEAN 58.9 60.3 -1.4 63.9
DAYS MAX >= 90 0 0.2 -0.2 0
DAYS MAX <= 32 0 0.0 0.0 0
DAYS MIN <= 32 0 0.5 -0.5 0
DAYS MIN <= 0 0 0.0 0.0 0
PRECIPITATION (INCHES)
RECORD
MAXIMUM 8.83 1989
MINIMUM 1.50 1961
TOTALS 2.12 4.19 -2.07 6.42
DAYS >= .01 9 14.2 -5.2 12
DAYS >= .10 7 9.6 -2.6 8
DAYS >= .50 0 2.9 -2.9 5
DAYS >= 1.00 0 0.6 -0.6 2
GREATEST
24 HR. TOTAL 0.59 05/01 TO 05/02 1.86
SNOWFALL (INCHES)
RECORDS
TOTAL 1.4 1966
TOTALS T 0.0 0.0 0.0
SINCE 7/1 14.5 49.2 -34.7 26.6
DAYS >= 1.0 0 0.0 0.0 0
GREATEST
24 HR TOTAL T 05/02 TO 05/02
05/01 TO 05/01
DEGREE DAYS
HEATING TOTAL 208 199 9 111
SINCE 7/1 5239 5943 -704 5480
COOLING TOTAL 28 55 -27 84
SINCE 1/1 46 63 -17 95
..............................................................
WIND (MPH)
AVERAGE WIND SPEED 7.4
HIGHEST WIND SPEED/DIRECTION 29/310 DATE 05/03
HIGHEST GUST SPEED/DIRECTION 36/250 DATE 05/02
36/320 05/03
SKY COVER
AVERAGE SKY COVER 0.30
AVERAGE RH (PERCENT) 61
WEATHER CONDITIONS. NUMBER OF DAYS WITH
THUNDERSTORM 0 MIXED PRECIP 0
HEAVY RAIN 0 RAIN 4
LIGHT RAIN 9 FREEZING RAIN 0
LT FREEZING RAIN 0 HAIL 0
HEAVY SNOW 0 SNOW 0
LIGHT SNOW 1 SLEET 0
FOG 9 FOG W/VIS <= 1/4 MILE 0
HAZE 2
- INDICATES NEGATIVE NUMBERS.
R INDICATES RECORD WAS SET OR TIED.
MM INDICATES DATA IS MISSING.
T INDICATES TRACE AMOUNT.
$$