000
CXUS51 KCLE 051726
CLSMFD
CLIMATE REPORT
NATIONAL WEATHER SERVICE CLEVELAND, OH
126 PM EDT MON SEP 05 2022
...................................
...THE MANSFIELD OH CLIMATE SUMMARY FOR THE SEASON, FROM
6/1/2022 TO 8/31/2022...
CLIMATE NORMAL PERIOD 1991 TO 2020
CLIMATE RECORD PERIOD 1916 TO 2022
WEATHER OBSERVED NORMAL DEPART
VALUE DATE(S) VALUE FROM
NORMAL
................................................
TEMPERATURE (F)
RECORD
HIGH 105 07/21/1934
LOW 32 08/30/1946
06/06/1945
HIGHEST 93 06/15
LOWEST 46 06/19
AVG. MAXIMUM 81.1 81.2 -0.1
AVG. MINIMUM 61.6 60.6 1.0
MEAN 71.3 70.9 0.4
DAYS MAX >= 90 4 7.0
DAYS MAX <= 32 0 0.0
DAYS MIN <= 32 0 0.0
DAYS MIN <= 0 0 0.0
PRECIPITATION (INCHES)
RECORD
MAXIMUM 23.23 1987
MINIMUM 6.00 1967
TOTALS 14.25 12.25 2.00
DAYS >= .01 32 33.7
DAYS >= .10 22 22.1
DAYS >= .50 11 8.8
DAYS >= 1.00 4 3.0
SNOWFALL (INCHES)
RECORDS
TOTAL T 2011
TOTALS 0.0 0.0
DAYS >= TRACE 0
DAYS >= 1.0 0 0.0
DEGREE DAYS
HEATING TOTAL 22 54 -32
COOLING TOTAL 630 594 36
................................................
WIND (MPH)
HIGHEST GUST SPEED/DIRECTION 61/300 DATE 06/14
SKY COVER
POSSIBLE SUNSHINE (PERCENT) MM
NUMBER OF DAYS FAIR 56
NUMBER OF DAYS PC 30
NUMBER OF DAYS CLOUDY 6
WEATHER CONDITIONS. NUMBER OF DAYS WITH
THUNDERSTORM 20 MIXED PRECIP 0
HEAVY RAIN 18 RAIN 16
LIGHT RAIN 31 FREEZING RAIN 0
LT FREEZING RAIN 0 HAIL 0
HEAVY SNOW 0 SNOW 0
LIGHT SNOW 0 SLEET 0
FOG 42 FOG W/VIS <= 1/4 MILE 10
HAZE 5
- INDICATES NEGATIVE NUMBERS.
R INDICATES RECORD WAS SET OR TIED.
MM INDICATES DATA IS MISSING.
T INDICATES TRACE AMOUNT.
$$