000
CXUS53 KGRB 031446
CF6MFI
PRELIMINARY LOCAL CLIMATOLOGICAL DATA (WS FORM: F-6)
STATION: MARSHFIELD WI
MONTH: OCTOBER
YEAR: 2020
LATITUDE: 44 37 N
LONGITUDE: 90 11 W
TEMPERATURE IN F: :PCPN: SNOW: WIND :SUNSHINE: SKY :PK WND
================================================================================
1 2 3 4 5 6A 6B 7 8 9 10 11 12 13 14 15 16 17 18
12Z AVG MX 2MIN
DY MAX MIN AVG DEP HDD CDD WTR SNW DPTH SPD SPD DIR MIN PSBL S-S WX SPD DR
================================================================================
1 54 38 46 -6 19 0 0.18 0.0 0 8.9 20 330 M M 9 18 28 350
2 46 33 40 -12 25 0 0.00 0.0 0 1.5 8 60 M M 10 8 12 40
3 50 32 41 -11 24 0 0.00 0.0 0 4.9 14 330 M M 5 1 17 330
4 50 29 40 -11 25 0 0.00 0.0 0 5.1 15 20 M M 2 23 10
5 64 30 47 -4 18 0 0.00 0.0 0 11.8 26 190 M M 0 37 180
6 71 42 57 7 8 0 0.04 0.0 0 8.7 21 250 M M 3 30 280
7 66 40 53 3 12 0 0.01 0.0 0 10.3 24 320 M M 1 31 330
8 64 37 51 1 14 0 0.00 0.0 0 5.4 12 160 M M 0 16 170
9 76 49 63 14 2 0 0.00 0.0 0 10.6 23 240 M M 2 38 230
10 65 45 55 6 10 0 0.00 0.0 0 7.9 17 120 M M 0 24 130
11 57 41 49 0 16 0 0.00 0.0 0 12.8 21 130 M M 10 28 140
12 62 42 52 4 13 0 0.37 0.0 0 14.8 28 330 M M 6 13 39 240
13 61 39 50 2 15 0 0.00 0.0 0 11.2 25 230 M M 2 37 280
14 59 42 51 4 14 0 0.04 0.0 0 12.5 28 170 M M 5 13 45 300
15 45 30 38 -9 27 0 T 0.0 0 14.4 29 310 M M 5 40 290
16 48 24 36 -11 29 0 0.04 T 0 8.7 25 320 M M 3 1 35 240
17 58 27 43 -3 22 0 0.02 T 0 10.4 20 170 M M 9 1 27 310
18 43 24 34 -12 31 0 0.00 0.0 0 9.9 18 280 M M 3 25 310
19 36 20 28 -18 37 0 T T 0 2.1 8 210 M M 4 8 12 310
20 36 20 28 -17 37 0 0.61 3.0 3 6.7 17 130 M M 6 12 24 130
21 37 33 35 -10 30 0 0.00 0.0 1 7.0 18 270 M M 10 1 28 270
22 36 33 35 -9 30 0 0.47 T 0 13.1 22 90 M M 10 13 30 40
23 39 32 36 -8 29 0 T T 0 11.8 23 340 M M 10 1 32 340
24 35 27 31 -13 34 0 0.00 0.0 0 7.3 15 320 M M 6 20 320
25 33 25 29 -14 36 0 0.06 1.0 1 5.6 13 320 M M 9 1 16 310
26 33 21 27 -16 38 0 T T 1 7.9 15 320 M M 6 1 20 330
27 35 18 27 -15 38 0 0.00 0.0 0 8.5 16 210 M M 1 23 250
28 45 27 36 -6 29 0 0.00 0.0 0 9.7 15 240 M M 4 23 240
29 38 28 33 -8 32 0 0.00 0.0 0 8.5 17 30 M M 10 24 20
30 41 20 31 -10 34 0 0.00 0.0 0 4.4 10 160 M M 1 14 170
31 58 26 42 2 23 0 0.00 0.0 0 15.6 35 300 M M 4 51 300
================================================================================
SM 1541 974 751 0 1.84 4.0 278.0 M 156
================================================================================
AV 49.7 31.4 9.0 FASTST M M 5 MAX(MPH)
MISC ----> 35 300 51 300
================================================================================
NOTES:
# LAST OF SEVERAL OCCURRENCES
COLUMN 17 PEAK WIND IN M.P.H.
PRELIMINARY LOCAL CLIMATOLOGICAL DATA (WS FORM: F-6) , PAGE 2
STATION: MARSHFIELD WI
MONTH: OCTOBER
YEAR: 2020
LATITUDE: 44 37 N
LONGITUDE: 90 11 W
[TEMPERATURE DATA] [PRECIPITATION DATA] SYMBOLS USED IN COLUMN 16
AVERAGE MONTHLY: 40.6 TOTAL FOR MONTH: 1.84 1 = FOG OR MIST
DPTR FM NORMAL: -6.0 DPTR FM NORMAL: -0.03 2 = FOG REDUCING VISIBILITY
HIGHEST: 76 ON 9 GRTST 24HR 0.61 ON 20-20 TO 1/4 MILE OR LESS
LOWEST: 18 ON 27 3 = THUNDER
SNOW, ICE PELLETS, HAIL 4 = ICE PELLETS
TOTAL MONTH: 4.0 INCHES 5 = HAIL
GRTST 24HR 3.0 ON 20-20 6 = FREEZING RAIN OR DRIZZLE
GRTST DEPTH: 3 ON 20 7 = DUSTSTORM OR SANDSTORM:
VSBY 1/2 MILE OR LESS
8 = SMOKE OR HAZE
[NO. OF DAYS WITH] [WEATHER - DAYS WITH] 9 = BLOWING SNOW
X = TORNADO
MAX 32 OR BELOW: 0 0.01 INCH OR MORE: 10
MAX 90 OR ABOVE: 0 0.10 INCH OR MORE: 4
MIN 32 OR BELOW: 18 0.50 INCH OR MORE: 1
MIN 0 OR BELOW: 0 1.00 INCH OR MORE: 0
[HDD (BASE 65) ]
TOTAL THIS MO. 751 CLEAR (SCALE 0-3) 10
DPTR FM NORMAL 177 PTCLDY (SCALE 4-7) 12
TOTAL FM JUL 1 1002 CLOUDY (SCALE 8-10) 9
DPTR FM NORMAL 146
[CDD (BASE 65) ]
TOTAL THIS MO. 0
DPTR FM NORMAL -4 [PRESSURE DATA]
TOTAL FM JAN 1 495 HIGHEST SLP 30.39 ON 26
DPTR FM NORMAL 124 LOWEST SLP 29.42 ON 14
[REMARKS]
#FINAL-10-20#