000
CXUS56 KMFR 011028
CLMMFR
CLIMATE REPORT
NATIONAL WEATHER SERVICE MEDFORD, OR
328 AM PDT SUN OCT 01 2023
...................................
...THE MEDFORD OR CLIMATE SUMMARY FOR THE MONTH OF SEPTEMBER 2023...
CLIMATE NORMAL PERIOD 1991 TO 2020
CLIMATE RECORD PERIOD 1911 TO 2023
WEATHER OBSERVED NORMAL DEPART LAST YEAR`S
VALUE DATE(S) VALUE FROM VALUE DATE(S)
NORMAL
................................................................
TEMPERATURE (F)
RECORD
HIGH 110 09/02/1988
LOW 29 09/30/1950
09/26/1934
09/26/1926
HIGHEST 100 09/15 107 09/06
LOWEST 43 09/21 46 09/30
09/28
AVG. MAXIMUM 80.7 84.3 -3.6 87.1
AVG. MINIMUM 53.6 51.2 2.4 55.6
MEAN 67.1 67.7 -0.6 71.3
DAYS MAX >= 90 7 10.5 -3.5 13
DAYS MAX <= 32 0 0.0 0.0 0
DAYS MIN <= 32 0 0.0 0.0 0
DAYS MIN <= 0 0 0.0 0.0 0
PRECIPITATION (INCHES)
RECORD
MAXIMUM 4.22 1977
TOTALS 2.39 0.48 1.91 0.52
DAILY AVG. 0.08 0.02 0.06 0.02
DAYS >= .01 7 3.1 3.9 5
DAYS >= .10 5 1.4 3.6 1
DAYS >= .50 1 0.2 0.8 0
DAYS >= 1.00 1 0.0 1.0 0
GREATEST
24 HR. TOTAL 1.26 09/29 TO 09/30
SNOWFALL (INCHES)
RECORDS
TOTAL 0.0 2010
TOTALS 0.0 0.0 0.0 0.0
SINCE 7/1 0.0 0.0 0.0 MM
DEGREE DAYS
HEATING TOTAL 61 48 13 8
SINCE 7/1 61 56 5 MM
COOLING TOTAL 131 130 1 207
SINCE 1/1 1286 897 389 MM
FREEZE DATES
RECORD
EARLIEST 09/13/1921
LATEST 06/12/1952
EARLIEST MM
LATEST 04/13
................................................................
WIND (MPH)
AVERAGE WIND SPEED 3.3
HIGHEST WIND SPEED/DIRECTION 21/300 DATE 09/25
HIGHEST GUST SPEED/DIRECTION 29/300 DATE 09/25
SKY COVER
POSSIBLE SUNSHINE (PERCENT) MM
AVERAGE SKY COVER 0.24
NUMBER OF DAYS FAIR 21
NUMBER OF DAYS PC 6
NUMBER OF DAYS CLOUDY 3
AVERAGE RH (PERCENT) 53
WEATHER CONDITIONS. NUMBER OF DAYS WITH
THUNDERSTORM 1 MIXED PRECIP 0
HEAVY RAIN 3 RAIN 5
LIGHT RAIN 8 FREEZING RAIN 0
LT FREEZING RAIN 0 HAIL 0
HEAVY SNOW 0 SNOW 0
LIGHT SNOW 0 SLEET 0
FOG 7 FOG W/VIS <= 1/4 MILE 1
HAZE 18
- INDICATES NEGATIVE NUMBERS.
R INDICATES RECORD WAS SET OR TIED.
MM INDICATES DATA IS MISSING.
T INDICATES TRACE AMOUNT.
$$