000
CXUS54 KBMX 011010
CF6MGM
PRELIMINARY LOCAL CLIMATOLOGICAL DATA (WS FORM: F-6)
STATION: MONTGOMERY
MONTH: MARCH
YEAR: 2024
LATITUDE: 32 17 N
LONGITUDE: 86 24 W
TEMPERATURE IN F: :PCPN: SNOW: WIND :SUNSHINE: SKY :PK WND
================================================================================
1 2 3 4 5 6A 6B 7 8 9 10 11 12 13 14 15 16 17 18
12Z AVG MX 2MIN
DY MAX MIN AVG DEP HDD CDD WTR SNW DPTH SPD SPD DIR MIN PSBL S-S WX SPD DR
================================================================================
1 53 48 51 -5 14 0 1.96 0.0 0 10.4 30 110 M M 10 13 39 110
2 65 51 58 2 7 0 0.02 0.0 0 3.9 9 70 M M 10 1 11 70
3 72 59 66 10 0 1 0.00 0.0 0 5.5 10 100 M M 7 12 13 110
4 77 59 68 11 0 3 0.00 0.0 M 9.2 16 100 M M 6 1 21 110
5 73 60 67 10 0 2 0.04 0.0 0 7.7 18 90 M M 9 1 23 90
6 74 53 64 7 1 0 T 0.0 0 7.2 22 290 M M 7 1 29 310
7 78 47 63 6 2 0 0.00 0.0 0 2.0 9 20 M M 0 12 13 40
8 74 58 66 8 0 1 3.18 0.0 0 10.4 26 130 M M 5 138 35 120
9 67 54 61 3 4 0 T 0.0 M 10.2 21 310 M M 8 1 33 310
10 66 44 55 -3 10 0 0.00 0.0 0 9.4 20 340 M M 2 27 340
11 68 36 52 -6 13 0 0.00 0.0 0 3.6 15 50 M M 0 21 40
12 72 36 54 -4 11 0 0.00 0.0 0 1.8 8 200 M M 1 12 210
13 77 43 60 1 5 0 0.00 0.0 0 1.5 8 300 M M 0 11 270
14 85 49 67 8 0 2 0.00 0.0 0 4.8 12 160 M M 2 1 17 170
15 75 59 67 8 0 2 0.89 0.0 0 6.4 18 290 M M 7 123 29 290
16 71 54 63 4 2 0 0.00 0.0 0 6.2 12 290 M M 7 12 16 250
17 59 54 57 -3 8 0 0.76 0.0 0 3.5 12 140 M M 8 13 14 340
18 64 42 53 -7 12 0 0.00 0.0 0 11.5 26 300 M M 4 1 38 320
19 61 29 45 -15 20 0 0.00 0.0 0 4.1 13 250 M M 0 17 250
20 73 35 54 -6 11 0 0.00 0.0 0 5.1 13 240 M M 0 18 220
21 77 41 59 -1 6 0 0.00 0.0 0 2.9 13 90 M M 1 17 90
22 66 55 61 1 4 0 T 0.0 0 7.8 21 70 M M 8 8 27 70
23 74 52 63 2 2 0 0.06 0.0 0 10.8 25 360 M M 6 1 35 20
24 75 40 58 -3 7 0 0.00 0.0 0 8.7 20 110 M M 0 27 100
25 73 54 64 3 1 0 0.00 0.0 M 17.0 24 120 M M 7 33 110
26 65 51 58 -3 7 0 0.69 0.0 M 8.7 26 120 M M 8 1 36 130
27 76 44 60 -2 5 0 0.00 0.0 0 6.0 16 310 M M 2 12 21 300
28 72 48 60 -2 5 0 0.00 0.0 0 9.3 23 10 M M 0 32 340
29 74 38 56 -6 9 0 0.00 0.0 0 2.1 10 200 M M 0 16 210
30 79 47 63 1 2 0 0.00 0.0 0 5.4 16 230 M M 0 22 230
31 80 54 67 5 0 2 0.00 0.0 0 4.4 12 210 M M 1 18 210
================================================================================
SM 2215 1494 168 13 7.60 0.0 207.5 M 126
================================================================================
AV 71.5 48.2 6.7 FASTST M M 4 MAX(MPH)
MISC ----> 30 110 39 110
================================================================================
NOTES:
# LAST OF SEVERAL OCCURRENCES
COLUMN 17 PEAK WIND IN M.P.H.
PRELIMINARY LOCAL CLIMATOLOGICAL DATA (WS FORM: F-6) , PAGE 2
STATION: MONTGOMERY
MONTH: MARCH
YEAR: 2024
LATITUDE: 32 17 N
LONGITUDE: 86 24 W
[TEMPERATURE DATA] [PRECIPITATION DATA] SYMBOLS USED IN COLUMN 16
AVERAGE MONTHLY: 59.8 TOTAL FOR MONTH: 7.60 1 = FOG OR MIST
DPTR FM NORMAL: 0.6 DPTR FM NORMAL: 2.39 2 = FOG REDUCING VISIBILITY
HIGHEST: 85 ON 14 GRTST 24HR 3.18 ON 8- 8 TO 1/4 MILE OR LESS
LOWEST: 29 ON 19 3 = THUNDER
SNOW, ICE PELLETS, HAIL 4 = ICE PELLETS
TOTAL MONTH: 0.0 INCH 5 = HAIL
GRTST 24HR 0.0 6 = FREEZING RAIN OR DRIZZLE
GRTST DEPTH: 0 7 = DUSTSTORM OR SANDSTORM:
VSBY 1/2 MILE OR LESS
8 = SMOKE OR HAZE
[NO. OF DAYS WITH] [WEATHER - DAYS WITH] 9 = BLOWING SNOW
X = TORNADO
MAX 32 OR BELOW: 0 0.01 INCH OR MORE: 8
MAX 90 OR ABOVE: 0 0.10 INCH OR MORE: 5
MIN 32 OR BELOW: 1 0.50 INCH OR MORE: 5
MIN 0 OR BELOW: 0 1.00 INCH OR MORE: 2
[HDD (BASE 65) ]
TOTAL THIS MO. 168 CLEAR (SCALE 0-3) 15
DPTR FM NORMAL -50 PTCLDY (SCALE 4-7) 12
TOTAL FM JUL 1 1780 CLOUDY (SCALE 8-10) 4
DPTR FM NORMAL -136
[CDD (BASE 65) ]
TOTAL THIS MO. 13
DPTR FM NORMAL -25 [PRESSURE DATA]
TOTAL FM JAN 1 23 HIGHEST SLP 30.33 ON 11
DPTR FM NORMAL -29 LOWEST SLP 29.69 ON 23
[REMARKS]
#FINAL-03-24#