000
CXUS54 KBMX 011010
CF6MGM
PRELIMINARY LOCAL CLIMATOLOGICAL DATA (WS FORM: F-6)
STATION: MONTGOMERY
MONTH: JUNE
YEAR: 2021
LATITUDE: 32 17 N
LONGITUDE: 86 24 W
TEMPERATURE IN F: :PCPN: SNOW: WIND :SUNSHINE: SKY :PK WND
================================================================================
1 2 3 4 5 6A 6B 7 8 9 10 11 12 13 14 15 16 17 18
12Z AVG MX 2MIN
DY MAX MIN AVG DEP HDD CDD WTR SNW DPTH SPD SPD DIR MIN PSBL S-S WX SPD DR
================================================================================
1 88 61 75 -3 0 10 0.00 0.0 0 7.0 14 120 M M 3 18 110
2 88 69 79 1 0 14 0.00 0.0 0 4.2 14 180 M M 5 17 180
3 86 67 77 -1 0 12 0.81 0.0 0 3.7 20 240 M M 2 13 33 240
4 86 68 77 -1 0 12 0.00 0.0 0 2.4 8 190 M M 2 10 320
5 88 71 80 1 0 15 0.00 0.0 0 2.7 12 210 M M 1 16 180
6 87 71 79 0 0 14 0.50 0.0 0 7.0 17 280 M M 7 13 23 120
7 89 70 80 1 0 15 0.17 0.0 0 6.0 18 110 M M 5 24 110
8 91 71 81 2 0 16 0.88 0.0 0 5.7 28 230 M M 5 13 41 240
9 90 72 81 2 0 16 0.59 0.0 M 4.7 28 250 M M 6 13 38 250
10 85 70 78 -2 0 13 0.82 0.0 0 6.1 21 280 M M 4 138 26 280
11 91 76 84 4 0 19 0.03 0.0 0 6.7 16 210 M M 6 13 20 240
12 92 73 83 3 0 18 0.58 0.0 0 7.2 38 330 M M 3 38 44 330
13 94 70 82 2 0 17 0.00 0.0 0 5.2 13 350 M M 1 16 360
14 95 71 83 3 0 18 0.80 0.0 M 3.6 20 360 M M 2 13 26 340
15 96 69 83 3 0 18 0.00 0.0 0 5.1 14 310 M M 1 18 290
16 89 64 77 -3 0 12 0.00 0.0 0 5.3 15 360 M M 0 19 350
17 92 62 77 -4 0 12 0.00 0.0 0 3.2 12 360 M M 0 15 360
18 91 65 78 -3 0 13 0.18 0.0 0 2.9 17 220 M M 3 22 220
19 81 72 77 -4 0 12 2.30 0.0 0 10.4 23 210 M M 8 1 35 220
20 89 72 81 0 0 16 0.02 0.0 0 8.6 22 220 M M 4 1 31 220
21 89 72 81 0 0 16 0.45 0.0 0 8.1 18 190 M M 5 3 24 200
22 87 68 78 -3 0 13 0.09 0.0 0 6.7 17 300 M M 6 22 300
23 89 70 80 -1 0 15 0.00 0.0 0 3.4 9 20 M M 7 11 100
24 91 72 82 0 0 17 0.00 0.0 0 7.7 20 100 M M 4 12 23 100
25 89 69 79 -3 0 14 0.00 0.0 0 7.5 14 100 M M 3 16 100
26 90 69 80 -2 0 15 0.00 0.0 0 5.8 14 110 M M 2 17 100
27 91 72 82 0 0 17 0.57 0.0 0 5.8 23 100 M M 3 138 28 130
28 91 72 82 0 0 17 0.00 0.0 0 6.3 14 80 M M 1 17 110
29 92 73 83 1 0 18 0.27 0.0 0 5.4 21 160 M M 4 29 130
30 91 71 81 -1 0 16 0.03 0.0 0 5.4 14 190 M M 2 3 19 190
================================================================================
SM 2688 2092 0 450 9.09 0.0 169.8 M 105
================================================================================
AV 89.6 69.7 5.7 FASTST M M 4 MAX(MPH)
MISC ----> 38 330 44 330
================================================================================
NOTES:
# LAST OF SEVERAL OCCURRENCES
COLUMN 17 PEAK WIND IN M.P.H.
PRELIMINARY LOCAL CLIMATOLOGICAL DATA (WS FORM: F-6) , PAGE 2
STATION: MONTGOMERY
MONTH: JUNE
YEAR: 2021
LATITUDE: 32 17 N
LONGITUDE: 86 24 W
[TEMPERATURE DATA] [PRECIPITATION DATA] SYMBOLS USED IN COLUMN 16
AVERAGE MONTHLY: 79.7 TOTAL FOR MONTH: 9.09 1 = FOG OR MIST
DPTR FM NORMAL: -0.5 DPTR FM NORMAL: 5.01 2 = FOG REDUCING VISIBILITY
HIGHEST: 96 ON 15 GRTST 24HR 2.30 ON 19-19 TO 1/4 MILE OR LESS
LOWEST: 61 ON 1 3 = THUNDER
SNOW, ICE PELLETS, HAIL 4 = ICE PELLETS
TOTAL MONTH: 0.0 INCH 5 = HAIL
GRTST 24HR 0.0 6 = FREEZING RAIN OR DRIZZLE
GRTST DEPTH: 0 7 = DUSTSTORM OR SANDSTORM:
VSBY 1/2 MILE OR LESS
8 = SMOKE OR HAZE
[NO. OF DAYS WITH] [WEATHER - DAYS WITH] 9 = BLOWING SNOW
X = TORNADO
MAX 32 OR BELOW: 0 0.01 INCH OR MORE: 17
MAX 90 OR ABOVE: 15 0.10 INCH OR MORE: 13
MIN 32 OR BELOW: 0 0.50 INCH OR MORE: 9
MIN 0 OR BELOW: 0 1.00 INCH OR MORE: 1
[HDD (BASE 65) ]
TOTAL THIS MO. 0 CLEAR (SCALE 0-3) 15
DPTR FM NORMAL 0 PTCLDY (SCALE 4-7) 15
TOTAL FM JUL 1 1799 CLOUDY (SCALE 8-10) 0
DPTR FM NORMAL -200
[CDD (BASE 65) ]
TOTAL THIS MO. 450
DPTR FM NORMAL -7 [PRESSURE DATA]
TOTAL FM JAN 1 835 HIGHEST SLP 30.20 ON 29
DPTR FM NORMAL -47 LOWEST SLP 29.74 ON 19
[REMARKS]
#FINAL-06-21#