705
CXUS53 KFSD 011443
CF6MHE
PRELIMINARY LOCAL CLIMATOLOGICAL DATA (WS FORM: F-6)
STATION: MITCHELL SD
MONTH: JULY
YEAR: 2020
LATITUDE: 43 46 N
LONGITUDE: 98 2 W
TEMPERATURE IN F: :PCPN: SNOW: WIND :SUNSHINE: SKY :PK WND
================================================================================
1 2 3 4 5 6A 6B 7 8 9 10 11 12 13 14 15 16 17 18
12Z AVG MX 2MIN
DY MAX MIN AVG DEP HDD CDD WTR SNW DPTH SPD SPD DIR MIN PSBL S-S WX SPD DR
================================================================================
1 87 64 76 2 0 11 0.12 0.0 0 4.9 20 20 M M 0 13 28 20
2 90 70 80 6 0 15 0.00 0.0 0 12.2 39 320 M M 0 53 300
3 88 66 77 3 0 12 0.38 0.0 0 6.6 33 290 M M 2 13 62 290
4 89 71 80 5 0 15 0.00 0.0 0 10.8 20 160 M M 0 1 26 150
5 90 71 81 6 0 16 T 0.0 0 10.2 29 290 M M 1 3 45 270
6 83 66 75 0 0 10 0.26 0.0 0 7.5 30 300 M M 4 13 40 290
7 85 66 76 1 0 11 0.45 0.0 0 11.4 23 160 M M 2 13 31 160
8 94 77 86 11 0 21 T 0.0 0 13.8 43 190 M M 0 3 64 190
9 87 70 79 4 0 14 T 0.0 0 4.5 16 30 M M 1 21 10
10 87 67 77 2 0 12 T 0.0 0 3.7 17 160 M M 1 23 170
11 85 63 74 -1 0 9 0.00 0.0 0 11.0 22 320 M M 0 31 330
12 84 59 72 -3 0 7 0.00 0.0 0 7.6 14 150 M M 1 22 160
13 90 68 79 4 0 14 0.00 0.0 0 12.5 26 200 M M 0 37 210
14 74 60 67 -8 0 2 0.18 0.0 0 8.8 29 360 M M 5 13 40 360
15 82 56 69 -6 0 4 0.00 0.0 0 5.9 14 170 M M 1 12 20 170
16 89 62 76 1 0 11 0.00 0.0 0 9.0 18 220 M M 1 3 27 200
17 93 73 83 8 0 18 T 0.0 0 14.2 23 160 M M 1 33 160
18 88 66 77 2 0 12 T 0.0 0 11.5 25 350 M M 2 36 10
19 85 63 74 -1 0 9 T 0.0 0 6.2 17 340 M M 1 24 340
20 84 66 75 0 0 10 0.00 0.0 0 6.4 15 180 M M 2 21 150
21 81 63 72 -3 0 7 0.11 0.0 0 7.9 16 340 M M 2 1 21 330
22 84 59 72 -3 0 7 0.00 0.0 0 8.1 17 140 M M 1 1 23 130
23 91 69 80 5 0 15 0.00 0.0 0 17.2 28 160 M M 1 38 160
24 93 73 83 8 0 18 0.07 0.0 0 15.7 29 200 M M 1 3 41 200
25 92 72 82 7 0 17 0.06 0.0 0 10.9 26 200 M M 3 3 39 180
26 85 62 74 0 0 9 0.00 0.0 0 9.3 17 270 M M 2 26 260
27 87 59 73 -1 0 8 0.00 0.0 0 6.3 14 180 M M 0 22 180
28 89 70 80 6 0 15 0.00 0.0 0 6.6 14 200 M M 2 19 200
29 83 68 76 2 0 11 0.02 0.0 0 8.3 16 70 M M 3 3 21 110
30 82 61 72 -2 0 7 0.00 0.0 0 5.7 15 60 M M 1 20 30
31 88 58 73 -1 0 8 0.01 0.0 0 4.6 14 320 M M 2 3 21 280
================================================================================
SM 2689 2038 0 355 1.66 0.0 279.3 M 43
================================================================================
AV 86.7 65.7 9.0 FASTST M M 1 MAX(MPH)
MISC ----> 43 190 64 190
================================================================================
NOTES:
# LAST OF SEVERAL OCCURRENCES
-COLUMN 17 PEAK WIND IN M.P.H.
-PRECIPITATION AMOUNTS IN COLUMNS 7,8, AND 9 ARE THE OFFICIAL PRECIPITATION AMOUNTS
FOR MITCHELL, SD.
-SNOW DEPTH IN COLUMN 9 IS RECORDED AT 6 AM CST (12Z).
PRELIMINARY LOCAL CLIMATOLOGICAL DATA (WS FORM: F-6) , PAGE 2
STATION: MITCHELL SD
MONTH: JULY
YEAR: 2020
LATITUDE: 43 46 N
LONGITUDE: 98 2 W
[TEMPERATURE DATA] [PRECIPITATION DATA] SYMBOLS USED IN COLUMN 16
AVERAGE MONTHLY: 76.2 TOTAL FOR MONTH: 1.66 1 = FOG OR MIST
DPTR FM NORMAL: 1.4 DPTR FM NORMAL: -1.45 2 = FOG REDUCING VISIBILITY
HIGHEST: 94 ON 8 GRTST 24HR 0.56 ON 6- 7 TO 1/4 MILE OR LESS
LOWEST: 56 ON 15 3 = THUNDER
SNOW, ICE PELLETS, HAIL 4 = ICE PELLETS
TOTAL MONTH: 0.0 INCH 5 = HAIL
GRTST 24HR 0.0 6 = FREEZING RAIN OR DRIZZLE
GRTST DEPTH: 0 7 = DUSTSTORM OR SANDSTORM:
VSBY 1/2 MILE OR LESS
8 = SMOKE OR HAZE
[NO. OF DAYS WITH] [WEATHER - DAYS WITH] 9 = BLOWING SNOW
X = TORNADO
MAX 32 OR BELOW: 0 0.01 INCH OR MORE: 10
MAX 90 OR ABOVE: 8 0.10 INCH OR MORE: 6
MIN 32 OR BELOW: 0 0.50 INCH OR MORE: 0
MIN 0 OR BELOW: 0 1.00 INCH OR MORE: 0
[HDD (BASE 65) ]
TOTAL THIS MO. 0 CLEAR (SCALE 0-3) 28
DPTR FM NORMAL -5 PTCLDY (SCALE 4-7) 3
TOTAL FM JUL 1 0 CLOUDY (SCALE 8-10) 0
DPTR FM NORMAL 0
[CDD (BASE 65) ]
TOTAL THIS MO. 355
DPTR FM NORMAL 47 [PRESSURE DATA]
TOTAL FM JAN 1 691 HIGHEST SLP 30.14 ON 3
DPTR FM NORMAL 173 LOWEST SLP 29.61 ON 8
[REMARKS]
#FINAL-07-20#