908
CXUS53 KTOP 010910
CF6MHK
PRELIMINARY LOCAL CLIMATOLOGICAL DATA (WS FORM: F-6)
STATION: MANHATTAN KS
MONTH: DECEMBER
YEAR: 2020
LATITUDE: 39 9 N
LONGITUDE: 96 40 W
TEMPERATURE IN F: :PCPN: SNOW: WIND :SUNSHINE: SKY :PK WND
================================================================================
1 2 3 4 5 6A 6B 7 8 9 10 11 12 13 14 15 16 17 18
12Z AVG MX 2MIN
DY MAX MIN AVG DEP HDD CDD WTR SNW DPTH SPD SPD DIR MIN PSBL S-S WX SPD DR
================================================================================
1 52 17 35 0 30 0 0.00 M M 3.0 14 170 M M 0 20 170
2 49 25 37 2 28 0 0.00 M M 4.9 14 40 M M 1 19 20
3 47 23 35 1 30 0 0.00 M M 4.8 12 20 M M 4 16 10
4 57 22 40 6 25 0 0.00 M M 3.9 12 250 M M 0 16 250
5 52 24 38 4 27 0 0.00 M M 4.6 13 340 M M 0 21 340
6 50 21 36 3 29 0 0.00 M M 3.5 10 30 M M 0 14 320
7 59 21 40 7 25 0 0.00 M M 4.5 10 270 M M 0 17 260
8 62 21 42 10 23 0 0.00 M M 4.9 13 220 M M 0 17 230
9 71 31 51 19 14 0 0.00 M M 2.3 8 190 M M 0 11 250
10 66 24 45 13 20 0 0.00 M M 4.3 17 40 M M 0 21 30
11 44 35 40 9 25 0 0.04 M M 6.2 16 50 M M 9 18 23 50
12 36 31 34 3 31 0 0.01 M M 7.0 13 50 M M 10 1 22 20
13 38 16 27 -4 38 0 0.00 M M 3.8 10 290 M M 5 17 330
14 40 12 26 -4 39 0 0.00 M M 4.1 13 100 M M 0 18 100
15 30 23 27 -3 38 0 T M M 7.0 14 80 M M 5 1 20 90
16 35 18 27 -3 38 0 T M M 2.5 10 200 M M 7 18 14 210
17 52 17 35 5 30 0 0.00 M M 3.9 9 180 M M 1 18 14 260
18 55 32 44 14 21 0 0.00 M M 11.1 31 220 M M 0 42 220
19 44 20 32 3 33 0 0.00 M M 2.6 10 270 M M 0 16 290
20 55 26 41 12 24 0 0.00 M M 7.0 14 230 M M 0 19 220
21 63 25 44 15 21 0 0.00 M M 4.8 15 280 M M 0 22 290
22 69 23 46 17 19 0 0.00 M M 13.4 30 190 M M 0 45 190
23 59 23 41 12 24 0 T M M 14.8 32 210 M M 5 49 200
24 32 15 24 -5 41 0 0.00 M M 5.0 13 270 M M 3 23 340
25 51 10 31 3 34 0 0.00 M M 2.9 15 210 M M 0 20 220
26 64 18 41 13 24 0 0.00 M M 4.7 17 210 M M 0 23 210
27 49 22 36 8 29 0 0.00 M M 3.9 16 330 M M 1 34 330
28 37 21 29 1 36 0 T M M 3.5 15 80 M M 4 20 60
29 35 30 33 5 32 0 0.76 M M 7.8 18 100 M M 10 16 25 90
30 39 15 27 -1 38 0 0.00 M M 3.8 13 330 M M 0 24 270
31 41 13 27 -1 38 0 0.00 M M 3.1 12 40 M M 0 8 14 40
================================================================================
SM 1533 674 904 0 0.81 M 163.6 M 65
================================================================================
AV 49.5 21.7 5.3 FASTST M M 2 MAX(MPH)
MISC ----> 32 210 49 200
================================================================================
NOTES:
# LAST OF SEVERAL OCCURRENCES
COLUMN 17 PEAK WIND IN M.P.H.
PRELIMINARY LOCAL CLIMATOLOGICAL DATA (WS FORM: F-6) , PAGE 2
STATION: MANHATTAN KS
MONTH: DECEMBER
YEAR: 2020
LATITUDE: 39 9 N
LONGITUDE: 96 40 W
[TEMPERATURE DATA] [PRECIPITATION DATA] SYMBOLS USED IN COLUMN 16
AVERAGE MONTHLY: 35.6 TOTAL FOR MONTH: 0.81 1 = FOG OR MIST
DPTR FM NORMAL: 5.0 DPTR FM NORMAL: -0.21 2 = FOG REDUCING VISIBILITY
HIGHEST: 71 ON 9 GRTST 24HR 0.76 ON 29-29 TO 1/4 MILE OR LESS
LOWEST: 10 ON 25 3 = THUNDER
SNOW, ICE PELLETS, HAIL 4 = ICE PELLETS
TOTAL MONTH: M 5 = HAIL
GRTST 24HR M ON M 6 = FREEZING RAIN OR DRIZZLE
GRTST DEPTH: M ON M 7 = DUSTSTORM OR SANDSTORM:
VSBY 1/2 MILE OR LESS
8 = SMOKE OR HAZE
[NO. OF DAYS WITH] [WEATHER - DAYS WITH] 9 = BLOWING SNOW
X = TORNADO
MAX 32 OR BELOW: 2 0.01 INCH OR MORE: 3
MAX 90 OR ABOVE: 0 0.10 INCH OR MORE: 1
MIN 32 OR BELOW: 30 0.50 INCH OR MORE: 1
MIN 0 OR BELOW: 0 1.00 INCH OR MORE: 0
[HDD (BASE 65) ]
TOTAL THIS MO. 904 CLEAR (SCALE 0-3) 21
DPTR FM NORMAL -162 PTCLDY (SCALE 4-7) 7
TOTAL FM JUL 1 1913 CLOUDY (SCALE 8-10) 3
DPTR FM NORMAL -229
[CDD (BASE 65) ]
TOTAL THIS MO. 0
DPTR FM NORMAL 0 [PRESSURE DATA]
TOTAL FM JAN 1 1540 HIGHEST SLP 30.49 ON 28
DPTR FM NORMAL 178 LOWEST SLP 29.33 ON 23
[REMARKS]
#FINAL-12-20#