000
CXUS56 KMFR 011030
CF6MHS
PRELIMINARY LOCAL CLIMATOLOGICAL DATA (WS FORM: F-6)
STATION: MT SHASTA CITY CA
MONTH: JANUARY
YEAR: 2024
LATITUDE: 41 19 N
LONGITUDE: 122 19 W
TEMPERATURE IN F: :PCPN: SNOW: WIND :SUNSHINE: SKY :PK WND
================================================================================
1 2 3 4 5 6A 6B 7 8 9 10 11 12 13 14 15 16 17 18
12Z AVG MX 2MIN
DY MAX MIN AVG DEP HDD CDD WTR SNW DPTH SPD SPD DIR MIN PSBL S-S WX SPD DR
================================================================================
1 46 28 37 2 28 0 0.00 M M 0.7 9 300 M M 1 1 18 290
2 40 30 35 0 30 0 0.88 M M 1.6 12 90 M M 8 1 20 80
3 45 31 38 3 27 0 T M M 0.1 6 290 M M 9 12 9 300
4 46 32 39 3 26 0 0.01 M M 0.4 9 280 M M 7 1 17 280
5 44 29 37 1 28 0 0.00 M M 2.4 10 310 M M 2 18 23 300
6 38 29 34 -2 31 0 0.35 M M 2.8 12 340 M M 5 128 23 320
7 38 29 34 -2 31 0 0.00 M M 5.7 12 340 M M 3 24 340
8 40 27 34 -2 31 0 0.00 M M 0.9 8 120 M M 7 18 16 140
9 36 30 33 -3 32 0 0.07 M M 3.6 12 90 M M 8 128 25 90
10 35 27 31 -5 34 0 0.48 M M 2.4 9 300 M M 9 12 22 330
11 39 21 30 -6 35 0 0.00 M M 2.0 10 340 M M 2 18 24 340
12 34 21 28 -8 37 0 0.10 M M 1.4 7 100 M M 10 18 16 140
13 35 32 34 -2 31 0 1.10 M M 5.6 13 90 M M 10 128 24 120
14 40 32 36 0 29 0 0.00 M M 0.3 3 60 M M 10 12 7 110
15 42 30 36 0 29 0 0.00 M M 1.8 8 300 M M 9 12 16 280
16 41 27 34 -3 31 0 0.16 M M 3.8 12 90 M M 10 1 20 80
17 43 38 41 4 24 0 0.02 M M 3.7 9 130 M M M 21 110
18 47 34 41 4 24 0 0.01 M M 0.1 5 110 M M 0 1 10 70
19 53 34 44 7 21 0 0.40 M M 0.3 10 140 M M 5 1 23 130
20 45 39 42 5 23 0 2.31 M M 4.6 10 130 M M 10 1 22 140
21 45 40 43 6 22 0 1.27 M M 5.8 13 130 M M 10 1 29 140
22 49 39 44 7 21 0 0.43 M M 1.2 8 130 M M 9 1 18 150
23 49 37 43 6 22 0 0.00 M M 1.1 7 130 M M 8 1 14 90
24 46 36 41 4 24 0 0.37 M M 4.1 9 90 M M 10 18 20 140
25 47 35 41 4 24 0 0.00 M M 0.5 7 110 M M 6 1 14 140
26 45 37 41 4 24 0 T M M 1.4 9 130 M M 9 18 130
27 53 41 47 10 18 0 0.29 M M 0.4 7 120 M M 10 1 16 80
28 65 37 51 14 14 0 0.07 M M 0.8 6 50 M M 3 12 9 60
29 62 39 51 14 14 0 0.00 M M 2.1 10 100 M M 0 18 21 130
30 59 44 52 15 13 0 T M M 2.3 9 130 M M 3 23 130
31 50 37 44 7 21 0 2.53 M M 6.1 13 140 M M 10 1 31 120
================================================================================
SM 1397 1022 799 0 10.85 M 70.0 M 203
================================================================================
AV 45.1 33.0 2.3 FASTST M M 7 MAX(MPH)
MISC ----> # 13 90 31 120
================================================================================
NOTES:
# LAST OF SEVERAL OCCURRENCES
COLUMN 17 PEAK WIND IN M.P.H.
PRELIMINARY LOCAL CLIMATOLOGICAL DATA (WS FORM: F-6) , PAGE 2
STATION: MT SHASTA CITY CA
MONTH: JANUARY
YEAR: 2024
LATITUDE: 41 19 N
LONGITUDE: 122 19 W
[TEMPERATURE DATA] [PRECIPITATION DATA] SYMBOLS USED IN COLUMN 16
AVERAGE MONTHLY: 39.0 TOTAL FOR MONTH: 10.85 1 = FOG OR MIST
DPTR FM NORMAL: 2.6 DPTR FM NORMAL: 4.56 2 = FOG REDUCING VISIBILITY
HIGHEST: 65 ON 28 GRTST 24HR 2.53 ON 31-31 TO 1/4 MILE OR LESS
LOWEST: 21 ON 12,11 3 = THUNDER
SNOW, ICE PELLETS, HAIL 4 = ICE PELLETS
TOTAL MONTH: M 5 = HAIL
GRTST 24HR M ON M 6 = FREEZING RAIN OR DRIZZLE
GRTST DEPTH: M ON M 7 = DUSTSTORM OR SANDSTORM:
VSBY 1/2 MILE OR LESS
8 = SMOKE OR HAZE
[NO. OF DAYS WITH] [WEATHER - DAYS WITH] 9 = BLOWING SNOW
X = TORNADO
MAX 32 OR BELOW: 0 0.01 INCH OR MORE: 18
MAX 90 OR ABOVE: 0 0.10 INCH OR MORE: 13
MIN 32 OR BELOW: 16 0.50 INCH OR MORE: 5
MIN 0 OR BELOW: 0 1.00 INCH OR MORE: 4
[HDD (BASE 65) ]
TOTAL THIS MO. 799 CLEAR (SCALE 0-3) 7
DPTR FM NORMAL -88 PTCLDY (SCALE 4-7) 9
TOTAL FM JUL 1 2707 CLOUDY (SCALE 8-10) 15
DPTR FM NORMAL -457
[CDD (BASE 65) ]
TOTAL THIS MO. 0
DPTR FM NORMAL 0 [PRESSURE DATA]
TOTAL FM JAN 1 0 HIGHEST SLP 30.48 ON 5
DPTR FM NORMAL 0 LOWEST SLP 29.61 ON 31
[REMARKS]
#FINAL-01-24#