000
CXUS52 KMFL 011130
CF6MIA
PRELIMINARY LOCAL CLIMATOLOGICAL DATA (WS FORM: F-6)
STATION: MIAMI
MONTH: JANUARY
YEAR: 2022
LATITUDE: 25 49 N
LONGITUDE: 80 17 W
TEMPERATURE IN F: :PCPN: SNOW: WIND :SUNSHINE: SKY :PK WND
================================================================================
1 2 3 4 5 6A 6B 7 8 9 10 11 12 13 14 15 16 17 18
12Z AVG MX 2MIN
DY MAX MIN AVG DEP HDD CDD WTR SNW DPTH SPD SPD DIR MIN PSBL S-S WX SPD DR
================================================================================
1 82 70 76 7 0 11 0.00 0.0 0 7.5 17 130 M M 3 18 30 150
2 83 71 77 8 0 12 0.00 0.0 0 7.8 18 130 M M 3 27 150
3 81 64 73 4 0 8 T 0.0 0 6.8 15 210 M M 3 21 300
4 78 62 70 1 0 5 0.00 0.0 0 6.8 18 90 M M 6 21 90
5 81 67 74 5 0 9 0.21 0.0 0 5.7 14 240 M M 4 1 17 240
6 80 62 71 2 0 6 0.00 0.0 0 3.1 10 130 M M 3 16 140
7 83 69 76 7 0 11 0.00 0.0 0 4.6 12 30 M M 7 16 110
8 79 72 76 7 0 11 0.17 0.0 0 10.6 18 70 M M 7 1 26 70
9 79 72 76 8 0 11 0.18 0.0 0 13.5 23 80 M M 9 1 28 80
10 82 70 76 8 0 11 T 0.0 0 4.0 15 40 M M 7 3 22 50
11 77 65 71 3 0 6 0.94 0.0 0 8.3 15 60 M M 7 1 21 50
12 76 66 71 3 0 6 0.01 0.0 0 9.8 18 70 M M 7 27 80
13 77 62 70 2 0 5 0.01 0.0 0 5.5 13 280 M M 6 18 280
14 72 57 65 -3 0 0 0.00 0.0 0 5.0 13 330 M M 1 21 350
15 75 51 63 -5 2 0 0.00 0.0 0 4.5 13 110 M M 1 19 140
16 77 63 70 2 0 5 0.22 0.0 0 11.0 32 200 M M 6 13 44 200
17 75 60 68 0 0 3 0.00 0.0 0 7.7 18 260 M M 3 26 290
18 71 53 62 -6 3 0 0.00 0.0 0 4.2 12 60 M M 1 16 350
19 75 56 66 -2 0 1 0.00 0.0 0 4.9 15 110 M M 6 19 90
20 81 63 72 4 0 7 1.69 0.0 0 5.5 18 110 M M 8 1 23 120
21 82 70 76 8 0 11 2.39 0.0 0 4.8 12 260 M M 8 1 15 140
22 79 64 72 4 0 7 0.01 0.0 0 4.5 13 320 M M 9 12 18 330
23 64 50 57 -11 8 0 T 0.0 0 8.1 15 300 M M 9 1 21 300
24 65 46 56 -12 9 0 0.00 0.0 0 5.3 13 300 M M 2 19 320
25 74 50 62 -7 3 0 T 0.0 M 5.3 14 120 M M 7 20 120
26 82 69 76 7 0 11 0.04 0.0 M 6.7 18 250 M M 9 8 26 240
27 82 66 74 5 0 9 0.11 0.0 M 4.9 13 100 M M 8 1 16 90
28 75 63 69 0 0 4 0.00 0.0 M 6.7 14 260 M M 8 12 20 260
29 66 46 56 -13 9 0 0.00 0.0 M 11.9 23 310 M M 6 35 320
30 63 42 53 -16 12 0 0.00 0.0 M 7.9 16 330 M M 1 24 340
31 71 49 60 -9 5 0 0.00 0.0 0 6.0 15 90 M M 2 21 70
================================================================================
SM 2367 1890 51 170 5.98 0.0 208.9 M 167
================================================================================
AV 76.4 61.0 6.7 FASTST M M 5 MAX(MPH)
MISC ----> 32 200 44 200
================================================================================
NOTES:
# LAST OF SEVERAL OCCURRENCES
COLUMN 17 PEAK WIND IN M.P.H.
PRELIMINARY LOCAL CLIMATOLOGICAL DATA (WS FORM: F-6) , PAGE 2
STATION: MIAMI
MONTH: JANUARY
YEAR: 2022
LATITUDE: 25 49 N
LONGITUDE: 80 17 W
[TEMPERATURE DATA] [PRECIPITATION DATA] SYMBOLS USED IN COLUMN 16
AVERAGE MONTHLY: 68.7 TOTAL FOR MONTH: 5.98 1 = FOG OR MIST
DPTR FM NORMAL: 0.1 DPTR FM NORMAL: 4.15 2 = FOG REDUCING VISIBILITY
HIGHEST: 83 ON 7, 2 GRTST 24HR 4.60 ON 20-21 TO 1/4 MILE OR LESS
LOWEST: 42 ON 30 3 = THUNDER
SNOW, ICE PELLETS, HAIL 4 = ICE PELLETS
TOTAL MONTH: 0.0 INCH 5 = HAIL
GRTST 24HR 0.0 6 = FREEZING RAIN OR DRIZZLE
GRTST DEPTH: 0 7 = DUSTSTORM OR SANDSTORM:
VSBY 1/2 MILE OR LESS
8 = SMOKE OR HAZE
[NO. OF DAYS WITH] [WEATHER - DAYS WITH] 9 = BLOWING SNOW
X = TORNADO
MAX 32 OR BELOW: 0 0.01 INCH OR MORE: 12
MAX 90 OR ABOVE: 0 0.10 INCH OR MORE: 8
MIN 32 OR BELOW: 0 0.50 INCH OR MORE: 3
MIN 0 OR BELOW: 0 1.00 INCH OR MORE: 2
[HDD (BASE 65) ]
TOTAL THIS MO. 51 CLEAR (SCALE 0-3) 9
DPTR FM NORMAL 7 PTCLDY (SCALE 4-7) 17
TOTAL FM JUL 1 51 CLOUDY (SCALE 8-10) 5
DPTR FM NORMAL -26
[CDD (BASE 65) ]
TOTAL THIS MO. 170
DPTR FM NORMAL 14 [PRESSURE DATA]
TOTAL FM JAN 1 170 HIGHEST SLP 30.34 ON 8
DPTR FM NORMAL 14 LOWEST SLP 29.81 ON 16
[REMARKS]
#FINAL-01-22#