000
CXUS52 KMFL 031522
CLMMIA
CLIMATE REPORT
NATIONAL WEATHER SERVICE MIAMI, FL
1122 AM EDT MON JUL 03 2023
...................................
...THE MIAMI CLIMATE SUMMARY FOR THE MONTH OF JUNE 2023...
CLIMATE NORMAL PERIOD: 1991 TO 2020
CLIMATE RECORD PERIOD: 1895 TO 2023
WEATHER OBSERVED NORMAL DEPART LAST YEAR`S
VALUE DATE(S) VALUE FROM VALUE
NORMAL
..............................................................
TEMPERATURE (F)
RECORD
HIGH 98 06/30/2020
06/24/2019
06/22/2009
LOW 60 06/03/1984
HIGHEST 95 06/27 92
06/28
06/29
LOWEST 71 06/01 68
06/06
06/19
AVG. MAXIMUM 91.3 89.3 2.0 89.1
AVG. MINIMUM 76.0 76.3 -0.3 75.7
MEAN 83.7 82.8 0.8 82.4
DAYS MAX >= 90 24 17
DAYS MAX <= 32 0 0
DAYS MIN <= 32 0 0
DAYS MIN <= 0 0 0
PRECIPITATION (INCHES)
RECORD
MAXIMUM 25.34 1930
MINIMUM 0.07 1931
TOTALS 7.87 10.51 -2.64 15.61
DAILY AVG. 0.26 0.35 -0.09
DAYS >= .01 21 2
DAYS >= .10 13 1
DAYS >= .50 3 1
DAYS >= 1.00 2 0
GREATEST
24 HR. TOTAL 3.04 06/19 TO 06/19 0.64
DEGREE DAYS
HEATING TOTAL 0 0 0 0
SINCE 7/1 67 103 -36 MM
COOLING TOTAL 566 534 32 530
SINCE 1/1 2441 1950 491 MM
..............................................................
WIND (MPH)
AVERAGE WIND SPEED 5.6
HIGHEST WIND SPEED/DIRECTION 39/170 DATE 06/19
HIGHEST GUST SPEED/DIRECTION 59/170 DATE 06/19
SKY COVER
POSSIBLE SUNSHINE (PERCENT) MM
AVERAGE SKY COVER 0.65
NUMBER OF DAYS FAIR 1
NUMBER OF DAYS PC 20
NUMBER OF DAYS CLOUDY 9
AVERAGE RH (PERCENT) 74
WEATHER CONDITIONS. NUMBER OF DAYS WITH
THUNDERSTORM 28 MIXED PRECIP 0
HEAVY RAIN 7 RAIN 6
LIGHT RAIN 20 FREEZING RAIN 0
LT FREEZING RAIN 0 HAIL 0
HEAVY SNOW 0 SNOW 0
LIGHT SNOW 0 SLEET 0
FOG 10 FOG W/VIS <= 1/4 MILE 1
HAZE 6
- INDICATES NEGATIVE NUMBERS.
R INDICATES RECORD WAS SET OR TIED.
MM INDICATES DATA IS MISSING.
T INDICATES TRACE AMOUNT.
$$