000
CXUS53 KIND 010600
CF6MIE
PRELIMINARY LOCAL CLIMATOLOGICAL DATA (WS FORM: F-6)
STATION: MUNCIE IN
MONTH: OCTOBER
YEAR: 2023
LATITUDE: 40 13 N
LONGITUDE: 85 23 W
TEMPERATURE IN F: :PCPN: SNOW: WIND :SUNSHINE: SKY :PK WND
================================================================================
1 2 3 4 5 6A 6B 7 8 9 10 11 12 13 14 15 16 17 18
12Z AVG MX 2MIN
DY MAX MIN AVG DEP HDD CDD WTR SNW DPTH SPD SPD DIR MIN PSBL S-S WX SPD DR
================================================================================
1 86 52 69 7 0 4 0.00 M M 2.1 9 90 M M 0 18 14 100
2 88 53 71 10 0 6 0.00 M M 1.2 8 160 M M 0 1 11 180
3 88 55 72 11 0 7 0.00 M M 4.2 17 180 M M 0 18 220
4 88 64 76 16 0 11 0.00 M M 6.2 16 190 M M 0 24 190
5 75 63 69 9 0 4 0.73 M M 6.7 13 200 M M 6 1 23 210
6 71 45 58 -2 7 0 T M M 9.1 22 310 M M 3 1 36 300
7 62 41 52 -7 13 0 0.00 M M 9.2 20 310 M M 2 30 300
8 61 40 51 -8 14 0 T M M 6.9 17 280 M M 6 26 280
9 61 39 50 -8 15 0 0.00 M M 4.8 14 300 M M 8 21 290
10 65 41 53 -5 12 0 0.00 M M 7.8 18 290 M M 0 30 280
11 71 37 54 -4 11 0 T M M 5.7 15 250 M M 3 23 200
12 75 50 63 6 2 0 0.09 M M 4.9 14 350 M M 2 8 20 340
13 78 50 64 7 1 0 0.84 M M 9.1 15 120 M M 6 1 21 120
14 60 50 55 -2 10 0 0.26 M M 7.8 20 20 M M 10 18 27 30
15 57 43 50 -6 15 0 0.02 M M 10.0 16 350 M M 8 24 360
16 58 47 53 -3 12 0 T M M 7.7 16 350 M M 10 1 23 360
17 60 47 54 -2 11 0 0.00 M M 5.0 13 340 M M 7 18 340
18 67 46 57 2 8 0 0.00 M M 8.2 16 190 M M 0 27 220
19 59 54 57 2 8 0 0.31 M M 8.5 14 190 M M 9 1 23 190
20 59 45 52 -2 13 0 0.19 M M 8.0 18 320 M M 9 18 28 300
21 70 40 55 1 10 0 0.01 M M 7.7 18 290 M M 4 1 31 290
22 59 35 47 -7 18 0 T M M 6.5 18 340 M M 2 29 340
23 69 32 51 -2 14 0 0.00 M M 4.6 9 180 M M 0 17 180
24 82 53 68 15 0 3 0.00 M M 8.1 16 210 M M 0 24 210
25 73 64 69 17 0 4 T M M 9.2 17 210 M M 3 28 200
26 77 63 70 18 0 5 T M M 10.0 18 220 M M 2 29 210
27 77 66 72 20 0 7 T M M 9.2 18 220 M M 7 31 230
28 70 49 60 9 5 0 0.27 M M 8.1 16 360 M M 10 1 22 360
29 52 46 49 -2 16 0 0.72 M M 7.2 15 90 M M 10 1 21 40
30 46 30 38 -12 27 0 0.03 M M 10.2 23 320 M M 5 1 23 320
31 45 27 36 -14 29 0 T M M 8.2 21 280 M M 5 32 280
================================================================================
SM 2109 1467 271 51 3.47 M 222.1 M 137
================================================================================
AV 68.0 47.3 7.2 FASTST M M 4 MAX(MPH)
MISC ----> 23 320 36 300
================================================================================
NOTES:
# LAST OF SEVERAL OCCURRENCES
COLUMN 17 PEAK WIND IN M.P.H.
PRELIMINARY LOCAL CLIMATOLOGICAL DATA (WS FORM: F-6) , PAGE 2
STATION: MUNCIE IN
MONTH: OCTOBER
YEAR: 2023
LATITUDE: 40 13 N
LONGITUDE: 85 23 W
[TEMPERATURE DATA] [PRECIPITATION DATA] SYMBOLS USED IN COLUMN 16
AVERAGE MONTHLY: 57.7 TOTAL FOR MONTH: 3.47 1 = FOG OR MIST
DPTR FM NORMAL: 1.9 DPTR FM NORMAL: 0.51 2 = FOG REDUCING VISIBILITY
HIGHEST: 88 ON 4, 3 GRTST 24HR 1.10 ON 13-14 TO 1/4 MILE OR LESS
LOWEST: 27 ON 31 3 = THUNDER
SNOW, ICE PELLETS, HAIL 4 = ICE PELLETS
TOTAL MONTH: M 5 = HAIL
GRTST 24HR M ON M 6 = FREEZING RAIN OR DRIZZLE
GRTST DEPTH: M ON M 7 = DUSTSTORM OR SANDSTORM:
VSBY 1/2 MILE OR LESS
8 = SMOKE OR HAZE
[NO. OF DAYS WITH] [WEATHER - DAYS WITH] 9 = BLOWING SNOW
X = TORNADO
MAX 32 OR BELOW: 0 0.01 INCH OR MORE: 11
MAX 90 OR ABOVE: 0 0.10 INCH OR MORE: 7
MIN 32 OR BELOW: 3 0.50 INCH OR MORE: 3
MIN 0 OR BELOW: 0 1.00 INCH OR MORE: 0
[HDD (BASE 65) ]
TOTAL THIS MO. 271 CLEAR (SCALE 0-3) 14
DPTR FM NORMAL -40 PTCLDY (SCALE 4-7) 11
TOTAL FM JUL 1 303 CLOUDY (SCALE 8-10) 6
DPTR FM NORMAL -80
[CDD (BASE 65) ]
TOTAL THIS MO. 51
DPTR FM NORMAL 24 [PRESSURE DATA]
TOTAL FM JAN 1 1002 HIGHEST SLP M ON M
DPTR FM NORMAL -168 LOWEST SLP 29.55 ON 21
[REMARKS]
#FINAL-10-23#