000
CXUS53 KMKX 010910
CF6MKE
PRELIMINARY LOCAL CLIMATOLOGICAL DATA (WS FORM: F-6)
STATION: MILWAUKEE WI
MONTH: OCTOBER
YEAR: 2020
LATITUDE: 42 57 N
LONGITUDE: 87 54 W
TEMPERATURE IN F: :PCPN: SNOW: WIND :SUNSHINE: SKY :PK WND
================================================================================
1 2 3 4 5 6A 6B 7 8 9 10 11 12 13 14 15 16 17 18
12Z AVG MX 2MIN
DY MAX MIN AVG DEP HDD CDD WTR SNW DPTH SPD SPD DIR MIN PSBL S-S WX SPD DR
================================================================================
1 57 47 52 -5 13 0 0.17 0.0 0 7.2 17 10 M M 6 24 360
2 52 38 45 -11 20 0 0.00 0.0 0 5.8 15 360 M M 6 20 360
3 55 45 50 -6 15 0 0.01 0.0 0 5.6 15 220 M M 10 18 210
4 56 39 48 -8 17 0 0.00 0.0 0 7.9 17 350 M M 6 25 320
5 63 36 50 -5 15 0 0.00 0.0 0 12.0 23 190 M M 2 32 180
6 76 52 64 9 1 0 0.00 0.0 0 11.7 20 240 M M 5 31 280
7 73 53 63 9 2 0 0.00 0.0 0 8.6 22 300 M M 1 32 330
8 63 47 55 1 10 0 0.00 0.0 0 5.1 12 50 M M 0 15 80
9 82 52 67 13 0 2 0.00 0.0 0 13.7 29 220 M M 3 38 220
10 73 52 63 10 2 0 0.00 0.0 0 12.3 21 240 M M 1 31 250
11 61 50 56 3 9 0 0.00 0.0 0 10.1 17 140 M M 6 22 140
12 65 49 57 5 8 0 0.25 0.0 0 12.9 26 300 M M 5 13 39 300
13 72 45 59 7 6 0 T 0.0 0 12.4 31 220 M M 3 42 220
14 72 47 60 8 5 0 T 0.0 0 11.3 29 160 M M 8 40 170
15 62 40 51 -1 14 0 0.00 0.0 0 12.9 26 290 M M 6 40 290
16 54 36 45 -6 20 0 0.01 0.0 0 10.4 24 280 M M 4 36 270
17 64 34 49 -2 16 0 T 0.0 0 13.5 31 200 M M 9 45 190
18 59 37 48 -2 17 0 0.21 0.0 0 7.5 17 340 M M 9 1 24 220
19 45 33 39 -11 26 0 T 0.0 0 6.8 14 30 M M 9 19 40
20 50 37 44 -6 21 0 0.11 0.0 0 8.9 17 110 M M 10 1 22 110
21 57 46 52 2 13 0 0.16 0.0 0 8.2 17 140 M M 9 1 26 280
22 52 45 49 0 16 0 1.44 0.0 0 8.6 21 30 M M 10 12 27 20
23 50 36 43 -6 22 0 0.63 0.0 0 10.7 21 310 M M 10 13 30 330
24 45 32 39 -9 26 0 0.00 0.0 0 5.3 12 10 M M 7 16 10
25 43 35 39 -9 26 0 T T 0 10.3 21 20 M M 10 26 20
26 38 33 36 -12 29 0 0.01 0.1 0 8.4 15 330 M M 9 1 22 320
27 43 31 37 -11 28 0 0.00 0.0 0 7.0 14 230 M M 6 18 240
28 55 31 43 -4 22 0 0.00 0.0 0 9.7 17 240 M M 5 25 250
29 46 35 41 -6 24 0 T 0.0 0 14.7 28 10 M M 10 42 20
30 42 26 34 -12 31 0 0.00 0.0 0 5.2 15 10 M M 5 19 330
31 58 24 41 -5 24 0 0.00 0.0 0 13.1 28 300 M M 3 48 280
================================================================================
SM 1783 1243 498 2 3.00 0.1 297.8 M 193
================================================================================
AV 57.5 40.1 9.6 FASTST M M 6 MAX(MPH)
MISC ----> # 31 220 # 48 280
================================================================================
NOTES:
# LAST OF SEVERAL OCCURRENCES
COLUMN 17 PEAK WIND IN M.P.H.
PRELIMINARY LOCAL CLIMATOLOGICAL DATA (WS FORM: F-6) , PAGE 2
STATION: MILWAUKEE WI
MONTH: OCTOBER
YEAR: 2020
LATITUDE: 42 57 N
LONGITUDE: 87 54 W
[TEMPERATURE DATA] [PRECIPITATION DATA] SYMBOLS USED IN COLUMN 16
AVERAGE MONTHLY: 48.8 TOTAL FOR MONTH: 3.00 1 = FOG OR MIST
DPTR FM NORMAL: -2.5 DPTR FM NORMAL: 0.35 2 = FOG REDUCING VISIBILITY
HIGHEST: 82 ON 9 GRTST 24HR 1.44 ON 22-22 TO 1/4 MILE OR LESS
LOWEST: 24 ON 31 3 = THUNDER
SNOW, ICE PELLETS, HAIL 4 = ICE PELLETS
TOTAL MONTH: 0.1 INCH 5 = HAIL
GRTST 24HR 0.1 ON 26-26 6 = FREEZING RAIN OR DRIZZLE
GRTST DEPTH: 0 7 = DUSTSTORM OR SANDSTORM:
VSBY 1/2 MILE OR LESS
8 = SMOKE OR HAZE
[NO. OF DAYS WITH] [WEATHER - DAYS WITH] 9 = BLOWING SNOW
X = TORNADO
MAX 32 OR BELOW: 0 0.01 INCH OR MORE: 10
MAX 90 OR ABOVE: 0 0.10 INCH OR MORE: 7
MIN 32 OR BELOW: 5 0.50 INCH OR MORE: 2
MIN 0 OR BELOW: 0 1.00 INCH OR MORE: 1
[HDD (BASE 65) ]
TOTAL THIS MO. 498 CLEAR (SCALE 0-3) 6
DPTR FM NORMAL 65 PTCLDY (SCALE 4-7) 14
TOTAL FM JUL 1 601 CLOUDY (SCALE 8-10) 11
DPTR FM NORMAL 16
[CDD (BASE 65) ]
TOTAL THIS MO. 2
DPTR FM NORMAL -5 [PRESSURE DATA]
TOTAL FM JAN 1 933 HIGHEST SLP 30.37 ON 30
DPTR FM NORMAL 292 LOWEST SLP 29.47 ON 14
[REMARKS]
#FINAL-10-20#