130
CXUS53 KMKX 151631
CF6MKE
PRELIMINARY LOCAL CLIMATOLOGICAL DATA (WS FORM: F-6)
STATION: MILWAUKEE WI
MONTH: AUGUST
YEAR: 2020
LATITUDE: 42 57 N
LONGITUDE: 87 54 W
TEMPERATURE IN F: :PCPN: SNOW: WIND :SUNSHINE: SKY :PK WND
================================================================================
1 2 3 4 5 6A 6B 7 8 9 10 11 12 13 14 15 16 17 18
12Z AVG MX 2MIN
DY MAX MIN AVG DEP HDD CDD WTR SNW DPTH SPD SPD DIR MIN PSBL S-S WX SPD DR
================================================================================
1 78 66 72 0 0 7 0.00 0.0 0 6.3 16 10 M M 9 20 30
2 81 62 72 0 0 7 4.79 0.0 0 7.8 23 40 M M 9 13 31 30
3 67 57 62 -10 3 0 0.01 0.0 0 11.1 18 40 M M 9 29 20
4 72 57 65 -7 0 0 0.00 0.0 0 8.1 16 340 M M 4 22 40
5 79 57 68 -4 0 3 0.00 0.0 0 7.3 18 140 M M 4 23 140
6 76 60 68 -4 0 3 0.00 0.0 0 5.1 13 110 M M 2 18 110
7 78 59 69 -3 0 4 0.00 0.0 0 6.7 16 140 M M 3 23 120
8 88 68 78 6 0 13 0.00 0.0 0 12.2 24 200 M M 4 32 190
9 86 67 77 5 0 12 0.35 0.0 0 10.0 25 320 M M 7 13 39 320
10 84 71 78 7 0 13 0.53 0.0 0 8.8 22 300 M M 6 138 30 310
11 82 65 74 3 0 9 0.00 0.0 0 6.7 12 130 M M 3 17 300
12 82 62 72 1 0 7 0.00 0.0 0 4.6 14 110 M M 2 16 110
13 82 65 74 3 0 9 0.00 0.0 0 4.5 12 120 M M 5 18 16 140
14 83 67 75 4 0 10 0.00 0.0 0 3.9 12 100 M M 1 14 100
15 85 68 77 6 0 12 0.00 0.0 0 6.3 16 340 M M 7 22 330
16 80 63 72 1 0 7 0.00 0.0 0 7.7 15 130 M M 4 20 130
17 82 66 74 3 0 9 0.01 0.0 0 6.3 14 140 M M 6 16 70
18 76 63 70 -1 0 5 0.00 0.0 0 7.7 16 10 M M 3 21 40
19 81 59 70 -1 0 5 0.00 0.0 0 6.1 17 140 M M 1 23 170
20 84 64 74 3 0 9 0.00 0.0 0 10.1 18 220 M M 5 25 270
21 85 65 75 5 0 10 0.00 0.0 0 7.4 16 190 M M 3 24 210
22 87 67 77 7 0 12 0.00 0.0 0 8.7 18 220 M M 7 27 220
23 87 70 79 9 0 14 T 0.0 0 7.6 18 160 M M 6 3 25 150
24 94 72 83 13 0 18 T 0.0 0 6.4 14 260 M M 3 20 290
25 83 66 75 5 0 10 2.14 0.0 0 7.0 32 330 M M 5 13 47 320
26 91 73 82 12 0 17 0.00 0.0 0 11.5 22 220 M M 1 29 220
27 93 74 84 14 0 19 0.00 0.0 0 9.4 22 30 M M 4 27 30
28 85 72 79 10 0 14 0.56 0.0 0 6.4 29 310 M M 5 13 40 290
29 79 63 71 2 0 6 0.00 0.0 0 11.9 21 300 M M 4 32 290
30 71 58 65 -4 0 0 0.00 0.0 0 7.2 13 110 M M 3 17 50
31 78 64 71 2 0 6 0.02 0.0 0 8.4 22 130 M M 8 28 130
================================================================================
SM 2539 2010 3 270 8.41 0.0 239.2 M 143
================================================================================
AV 81.9 64.8 7.7 FASTST M M 5 MAX(MPH)
MISC ----> # 32 330 # 47 320
================================================================================
NOTES:
# LAST OF SEVERAL OCCURRENCES
COLUMN 17 PEAK WIND IN M.P.H.
PRELIMINARY LOCAL CLIMATOLOGICAL DATA (WS FORM: F-6) , PAGE 2
STATION: MILWAUKEE WI
MONTH: AUGUST
YEAR: 2020
LATITUDE: 42 57 N
LONGITUDE: 87 54 W
[TEMPERATURE DATA] [PRECIPITATION DATA] SYMBOLS USED IN COLUMN 16
AVERAGE MONTHLY: 73.4 TOTAL FOR MONTH: 8.41 1 = FOG OR MIST
DPTR FM NORMAL: 2.7 DPTR FM NORMAL: 4.44 2 = FOG REDUCING VISIBILITY
HIGHEST: 94 ON 24 GRTST 24HR 4.79 ON 2- 2 TO 1/4 MILE OR LESS
LOWEST: 57 ON 5, 4 3 = THUNDER
SNOW, ICE PELLETS, HAIL 4 = ICE PELLETS
TOTAL MONTH: 0.0 INCH 5 = HAIL
GRTST 24HR 0.0 6 = FREEZING RAIN OR DRIZZLE
GRTST DEPTH: 0 7 = DUSTSTORM OR SANDSTORM:
VSBY 1/2 MILE OR LESS
8 = SMOKE OR HAZE
[NO. OF DAYS WITH] [WEATHER - DAYS WITH] 9 = BLOWING SNOW
X = TORNADO
MAX 32 OR BELOW: 0 0.01 INCH OR MORE: 8
MAX 90 OR ABOVE: 3 0.10 INCH OR MORE: 5
MIN 32 OR BELOW: 0 0.50 INCH OR MORE: 4
MIN 0 OR BELOW: 0 1.00 INCH OR MORE: 2
[HDD (BASE 65) ]
TOTAL THIS MO. 3 CLEAR (SCALE 0-3) 10
DPTR FM NORMAL -12 PTCLDY (SCALE 4-7) 18
TOTAL FM JUL 1 3 CLOUDY (SCALE 8-10) 3
DPTR FM NORMAL -23
[CDD (BASE 65) ]
TOTAL THIS MO. 270
DPTR FM NORMAL 77 [PRESSURE DATA]
TOTAL FM JAN 1 863 HIGHEST SLP 30.17 ON 7
DPTR FM NORMAL 298 LOWEST SLP 29.58 ON 28
[REMARKS]
#FINAL-08-20#