000
CXHW52 PHFO 011250
CF6MKK
PRELIMINARY LOCAL CLIMATOLOGICAL DATA (WS FORM: F-6)
STATION: MOLOKAI HI
MONTH: OCTOBER
YEAR: 2021
LATITUDE: 21 8 N
LONGITUDE: 157 6 W
TEMPERATURE IN F: :PCPN: SNOW: WIND :SUNSHINE: SKY :PK WND
================================================================================
1 2 3 4 5 6A 6B 7 8 9 10 11 12 13 14 15 16 17 18
12Z AVG MX 2MIN
DY MAX MIN AVG DEP HDD CDD WTR SNW DPTH SPD SPD DIR MIN PSBL S-S WX SPD DR
================================================================================
1 87 71 79 0 0 14 0.03 M M 13.2 25 40 M M 4 1 35 50
2 87 72 80 1 0 15 0.05 M M 12.4 20 30 M M 3 1 30 30
3 85 72 79 0 0 14 0.00 M M 12.2 24 50 M M 4 36 50
4 85 74 80 1 0 15 0.01 M M 13.0 24 50 M M 2 31 30
5 85 75 80 1 0 15 T M M 13.7 24 50 M M 2 33 50
6 84 73 79 0 0 14 T M M 14.5 26 60 M M 2 37 50
7 84 74 79 0 0 14 T M M 14.7 24 50 M M 4 35 50
8 85 71 78 -1 0 13 T M M 16.8 30 60 M M 3 38 60
9 82 72 77 -2 0 12 0.05 M M 18.8 29 40 M M 4 8 46 40
10 85 72 79 0 0 14 0.02 M M 18.2 29 50 M M 5 39 50
11 84 73 79 0 0 14 0.05 M M 14.6 26 50 M M 3 1 36 60
12 84 75 80 1 0 15 0.00 M M 16.8 30 50 M M 1 41 50
13 84 73 79 0 0 14 T M M 16.5 28 50 M M 3 1 39 60
14 85 69 77 -2 0 12 T M M 14.6 28 70 M M 4 39 40
15 84 71 78 -1 0 13 T M M 14.4 29 60 M M 4 38 60
16 84 71 78 0 0 13 T M M 12.6 25 50 M M 3 33 50
17 85 73 79 1 0 14 0.00 M M 12.1 25 50 M M 1 34 50
18 85 73 79 1 0 14 0.00 M M 13.2 23 50 M M 1 32 50
19 83 71 77 -1 0 12 0.00 M M 10.6 21 50 M M 2 28 60
20 82 71 77 -1 0 12 0.00 M M 8.4 20 360 M M 2 28 350
21 83 66 75 -3 0 10 0.00 M M 8.1 17 30 M M 3 24 30
22 85 70 78 0 0 13 T M M 13.1 22 30 M M 2 33 40
23 85 66 76 -2 0 11 0.00 M M 13.6 24 40 M M 1 35 40
24 84 70 77 -1 0 12 T M M 13.1 22 60 M M 5 30 50
25 84 67 76 -2 0 11 0.00 M M 12.3 24 60 M M 1 30 40
26 86 65 76 -2 0 11 0.00 M M 7.3 15 50 M M 1 22 40
27 84 66 75 -3 0 10 0.00 M M 9.0 21 30 M M 1 28 40
28 84 70 77 -1 0 12 0.00 M M 9.7 18 30 M M 2 25 40
29 84 71 78 0 0 13 0.00 M M 7.4 16 10 M M 2 22 10
30 85 63 74 -4 0 9 0.00 M M 5.6 14 350 M M 1 18 360
31 85 62 74 -3 0 9 0.00 M M 3.3 12 330 M M 2 16 160
================================================================================
SM 2618 2182 0 394 0.21 M 383.8 M 78
================================================================================
AV 84.5 70.4 12.4 FASTST M M 3 MAX(MPH)
MISC ----> # 30 60 46 40
================================================================================
NOTES:
# LAST OF SEVERAL OCCURRENCES
COLUMN 17 PEAK WIND IN M.P.H.
PRELIMINARY LOCAL CLIMATOLOGICAL DATA (WS FORM: F-6) , PAGE 2
STATION: MOLOKAI HI
MONTH: OCTOBER
YEAR: 2021
LATITUDE: 21 8 N
LONGITUDE: 157 6 W
[TEMPERATURE DATA] [PRECIPITATION DATA] SYMBOLS USED IN COLUMN 16
AVERAGE MONTHLY: 77.4 TOTAL FOR MONTH: 0.21 1 = FOG OR MIST
DPTR FM NORMAL: -1.1 DPTR FM NORMAL: -1.33 2 = FOG REDUCING VISIBILITY
HIGHEST: 87 ON 2, 1 GRTST 24HR 0.07 ON 9-10 TO 1/4 MILE OR LESS
LOWEST: 62 ON 31 3 = THUNDER
SNOW, ICE PELLETS, HAIL 4 = ICE PELLETS
TOTAL MONTH: M 5 = HAIL
GRTST 24HR M ON M 6 = FREEZING RAIN OR DRIZZLE
GRTST DEPTH: M ON M 7 = DUSTSTORM OR SANDSTORM:
VSBY 1/2 MILE OR LESS
8 = SMOKE OR HAZE
[NO. OF DAYS WITH] [WEATHER - DAYS WITH] 9 = BLOWING SNOW
X = TORNADO
MAX 32 OR BELOW: 0 0.01 INCH OR MORE: 6
MAX 90 OR ABOVE: 0 0.10 INCH OR MORE: 0
MIN 32 OR BELOW: 0 0.50 INCH OR MORE: 0
MIN 0 OR BELOW: 0 1.00 INCH OR MORE: 0
[HDD (BASE 65) ]
TOTAL THIS MO. 0 CLEAR (SCALE 0-3) 19
DPTR FM NORMAL 0 PTCLDY (SCALE 4-7) 12
TOTAL FM JUL 1 0 CLOUDY (SCALE 8-10) 0
DPTR FM NORMAL 0
[CDD (BASE 65) ]
TOTAL THIS MO. 394
DPTR FM NORMAL -23 [PRESSURE DATA]
TOTAL FM JAN 1 3395 HIGHEST SLP 30.15 ON 25
DPTR FM NORMAL 15 LOWEST SLP 29.87 ON 3
[REMARKS]
#FINAL-10-21#