000
CXUS54 KMEG 090707
CLMMKL
CLIMATE REPORT
NATIONAL WEATHER SERVICE MEMPHIS TN
207 AM CDT SUN APR 09 2023
...................................
...THE JACKSON CLIMATE SUMMARY FOR THE MONTH OF MARCH 2023...
CLIMATE NORMAL PERIOD 1991 TO 2020
CLIMATE RECORD PERIOD 1948 TO 2023
WEATHER OBSERVED NORMAL DEPART LAST YEAR`S
VALUE DATE(S) VALUE FROM VALUE DATE(S)
NORMAL
................................................................
TEMPERATURE (F)
RECORD
HIGH 87 03/15/2016
03/30/1986
03/28/1895
LOW 3 03/06/2015
HIGHEST 79 03/06 62 17 80 03/04
03/26
03/06
LOWEST 17 03/20 40 -23 20 03/12
03/13
AVG. MAXIMUM 62.4 62.2 0.2 65.2
AVG. MINIMUM 40.5 39.6 0.9 39.7
MEAN 51.4 50.9 0.5 52.5
DAYS MAX >= 90 0 0.0 0.0 0
DAYS MAX <= 32 0 0.3 -0.3 1
DAYS MIN <= 32 8 8.7 -0.7 5
DAYS MIN <= 0 0 0.0 0.0 0
PRECIPITATION (INCHES)
RECORD
MAXIMUM 12.65 2016
MINIMUM 1.69 2007
TOTALS MM 5.55 MM 4.59
DAILY AVG. 0.16 0.18 -0.02 0.13
DAYS >= .01 MM 11.7 MM 10
DAYS >= .10 MM 8.1 MM 8
DAYS >= .50 MM 3.8 MM 4
DAYS >= 1.00 MM 1.3 MM 1
GREATEST
24 HR. TOTAL 1.32 03/01 TO 03/02
SNOWFALL (INCHES)
RECORDS
TOTAL 13.0 1968
TOTALS MM MM MM MM
SINCE 7/1 MM MM MM MM
SNOWDEPTH AVG. MM MM
DAYS >= 1.0 MM MM MM MM
GREATEST
SNOW DEPTH MM MM MM
24 HR TOTAL MM
DEGREE DAYS
HEATING TOTAL 407 447 -40 388
SINCE 7/1 2890 3283 -393 MM
COOLING TOTAL 10 10 0 9
SINCE 1/1 16 11 5 MM
................................................................
WIND (MPH)
AVERAGE WIND SPEED 7.6
HIGHEST WIND SPEED/DIRECTION 47/250 DATE 03/03
HIGHEST GUST SPEED/DIRECTION 62/240 DATE 03/03
SKY COVER
POSSIBLE SUNSHINE (PERCENT) MM
AVERAGE SKY COVER 0.40
NUMBER OF DAYS FAIR 14
NUMBER OF DAYS PC 11
NUMBER OF DAYS CLOUDY 6
AVERAGE RH (PERCENT) 69
WEATHER CONDITIONS. NUMBER OF DAYS WITH
THUNDERSTORM 6 MIXED PRECIP 0
HEAVY RAIN 6 RAIN 7
LIGHT RAIN 13 FREEZING RAIN 0
LT FREEZING RAIN 0 HAIL 0
HEAVY SNOW 0 SNOW 0
LIGHT SNOW 0 SLEET 0
FOG 14 FOG W/VIS <= 1/4 MILE 0
HAZE 1
- INDICATES NEGATIVE NUMBERS.
R INDICATES RECORD WAS SET OR TIED.
MM INDICATES DATA IS MISSING.
T INDICATES TRACE AMOUNT.
SOME DATA IS MISSING DUE TO EQUIPMENT FAILURE. THIS MAY SKEW MONTHLY TOTALS.
$$