000
CXUS54 KFWD 010730
CF6MKN
PRELIMINARY LOCAL CLIMATOLOGICAL DATA (WS FORM: F-6)
STATION: COMANCHE
MONTH: SEPTEMBER
YEAR: 2020
LATITUDE: 31 55 N
LONGITUDE: 98 36 W
TEMPERATURE IN F: :PCPN: SNOW: WIND :SUNSHINE: SKY :PK WND
================================================================================
1 2 3 4 5 6A 6B 7 8 9 10 11 12 13 14 15 16 17 18
12Z AVG MX 2MIN
DY MAX MIN AVG DEP HDD CDD WTR SNW DPTH SPD SPD DIR MIN PSBL S-S WX SPD DR
================================================================================
1 101 71 86 M 0 21 0.87 0.0 0 14.1 22 190 M M 6 3 30 190
2 77 68 73 M 0 8 2.30 0.0 0 5.7 18 70 M M 8 3 28 70
3 86 71 79 M 0 14 0.25 0.0 0 4.2 12 140 M M 5 3 M M
4 83 69 76 M 0 11 0.05 0.0 0 4.2 9 120 M M 8 M M
5 91 67 79 M 0 14 0.00 0.0 0 3.9 15 90 M M 3 24 90
6 91 66 79 M 0 14 0.00 0.0 0 4.1 15 160 M M 2 M M
7 95 69 82 M 0 17 0.00 0.0 0 7.0 14 160 M M 0 20 170
8 88 69 79 M 0 14 0.00 0.0 0 11.4 22 160 M M 2 24 150
9 73 52 63 M 2 0 1.72 0.0 0 11.8 17 340 M M 10 23 340
10 59 51 55 M 10 0 0.02 0.0 0 9.4 14 340 M M 8 20 340
11 73 56 65 M 0 0 0.00 0.0 0 3.8 9 340 M M 7 1 M M
12 87 63 75 M 0 10 0.00 0.0 0 2.2 5 120 M M 3 M M
13 86 68 77 M 0 12 0.00 0.0 0 4.3 9 30 M M 2 16 30
14 83 66 75 M 0 10 0.00 0.0 0 6.3 10 10 M M 2 M M
15 85 66 76 M 0 11 0.00 0.0 0 5.7 10 360 M M 5 M M
16 86 68 77 M 0 12 0.00 0.0 0 2.5 8 30 M M 2 1 M M
17 83 68 76 M 0 11 0.08 0.0 0 3.9 9 40 M M 6 3 M M
18 82 64 73 M 0 8 0.00 0.0 0 5.4 12 70 M M 2 16 70
19 78 61 70 M 0 5 0.00 0.0 0 3.9 10 50 M M 1 1 M M
20 79 56 68 M 0 3 0.00 0.0 0 4.8 10 70 M M 1 1 M M
21 80 65 73 M 0 8 0.10 0.0 0 6.5 14 40 M M 9 1 21 40
22 71 64 68 M 0 3 0.03 0.0 0 5.8 9 10 M M 10 1 M M
23 69 64 67 M 0 2 0.02 0.0 0 5.8 12 360 M M 10 1 M M
24 81 63 72 M 0 7 0.00 0.0 0 4.0 10 20 M M 5 M M
25 87 57 72 M 0 7 0.00 0.0 0 4.9 7 160 M M 1 12 M M
26 88 63 76 M 0 11 0.00 0.0 0 10.7 18 200 M M 0 25 200
27 95 67 81 M 0 16 0.00 0.0 0 12.6 22 200 M M 2 28 200
28 74 56 65 M 0 0 0.00 0.0 0 11.8 20 20 M M 5 29 10
29 79 53 66 M 0 1 0.00 0.0 0 6.7 12 330 M M 0 20 320
30 87 60 74 M 0 9 0.00 0.0 0 6.0 13 250 M M 0 16 250
================================================================================
SM 2477 1901 12 259 5.44 0.0 193.4 M 125
================================================================================
AV 82.6 63.4 6.4 FASTST M M 4 MAX(MPH)
MISC ----> # 22 190 # 30 190
================================================================================
NOTES:
# LAST OF SEVERAL OCCURRENCES
COLUMN 17 PEAK WIND IN M.P.H.
PRELIMINARY LOCAL CLIMATOLOGICAL DATA (WS FORM: F-6) , PAGE 2
STATION: COMANCHE
MONTH: SEPTEMBER
YEAR: 2020
LATITUDE: 31 55 N
LONGITUDE: 98 36 W
[TEMPERATURE DATA] [PRECIPITATION DATA] SYMBOLS USED IN COLUMN 16
AVERAGE MONTHLY: 73.0 TOTAL FOR MONTH: 5.44 1 = FOG OR MIST
DPTR FM NORMAL: M DPTR FM NORMAL: 2.55 2 = FOG REDUCING VISIBILITY
HIGHEST: 101 ON 1 GRTST 24HR 2.30 ON 2- 2 TO 1/4 MILE OR LESS
LOWEST: 51 ON 10 3 = THUNDER
SNOW, ICE PELLETS, HAIL 4 = ICE PELLETS
TOTAL MONTH: 0.0 INCH 5 = HAIL
GRTST 24HR 0.0 6 = FREEZING RAIN OR DRIZZLE
GRTST DEPTH: 0 7 = DUSTSTORM OR SANDSTORM:
VSBY 1/2 MILE OR LESS
8 = SMOKE OR HAZE
[NO. OF DAYS WITH] [WEATHER - DAYS WITH] 9 = BLOWING SNOW
X = TORNADO
MAX 32 OR BELOW: 0 0.01 INCH OR MORE: 10
MAX 90 OR ABOVE: 5 0.10 INCH OR MORE: 5
MIN 32 OR BELOW: 0 0.50 INCH OR MORE: 3
MIN 0 OR BELOW: 0 1.00 INCH OR MORE: 2
[HDD (BASE 65) ]
TOTAL THIS MO. 12 CLEAR (SCALE 0-3) 16
DPTR FM NORMAL M PTCLDY (SCALE 4-7) 10
TOTAL FM JUL 1 12 CLOUDY (SCALE 8-10) 4
DPTR FM NORMAL M
[CDD (BASE 65) ]
TOTAL THIS MO. 259
DPTR FM NORMAL M [PRESSURE DATA]
TOTAL FM JAN 1 2439 HIGHEST SLP M ON M
DPTR FM NORMAL M LOWEST SLP M ON M
[REMARKS]
#FINAL-09-20#