000
CXUS52 KMLB 011134
CF6MLB
PRELIMINARY LOCAL CLIMATOLOGICAL DATA (WS FORM: F-6)
STATION: MELBOURNE
MONTH: AUGUST
YEAR: 2020
LATITUDE: 28 6 N
LONGITUDE: 80 39 W
TEMPERATURE IN F: :PCPN: SNOW: WIND :SUNSHINE: SKY :PK WND
================================================================================
1 2 3 4 5 6A 6B 7 8 9 10 11 12 13 14 15 16 17 18
12Z AVG MX 2MIN
DY MAX MIN AVG DEP HDD CDD WTR SNW DPTH SPD SPD DIR MIN PSBL S-S WX SPD DR
================================================================================
1 90 79 85 3 0 20 0.00 0.0 0 12.0 26 70 M M 1 36 60
2 85 78 82 0 0 17 0.29 0.0 0 19.1 32 30 M M 9 18 41 10
3 93 77 85 3 0 20 0.00 0.0 0 10.5 18 310 M M 5 26 300
4 92 76 84 2 0 19 1.34 0.0 0 4.4 31 190 M M 2 13 47 190
5 89 74 82 0 0 17 0.19 0.0 0 4.5 17 140 M M 2 13 22 140
6 88 74 81 -1 0 16 0.00 0.0 0 4.7 16 110 M M 1 3 20 130
7 90 75 83 1 0 18 0.00 0.0 0 6.4 25 340 M M 1 32 340
8 89 74 82 0 0 17 0.00 0.0 0 6.3 14 100 M M 1 17 90
9 89 76 83 1 0 18 0.00 0.0 0 6.2 15 100 M M 0 1 20 100
10 89 76 83 1 0 18 0.00 0.0 0 6.0 14 70 M M 1 17 60
11 91 74 83 1 0 18 0.03 0.0 0 4.4 17 230 M M 2 38 22 220
12 88 73 81 -1 0 16 0.16 0.0 0 3.3 14 300 M M 2 13 19 300
13 92 78 85 3 0 20 T 0.0 0 7.1 16 140 M M 1 3 20 110
14 91 76 84 2 0 19 0.00 0.0 0 6.8 17 130 M M 1 22 130
15 93 77 85 3 0 20 0.19 0.0 0 6.2 20 320 M M 3 13 23 320
16 93 75 84 2 0 19 0.02 0.0 0 5.5 16 260 M M 2 3 20 120
17 91 75 83 1 0 18 0.49 0.0 0 6.0 24 310 M M 2 13 30 300
18 90 73 82 0 0 17 T 0.0 0 5.8 24 350 M M 3 13 31 350
19 89 74 82 0 0 17 0.31 0.0 0 6.5 18 150 M M 2 138 23 140
20 87 73 80 -2 0 15 0.65 0.0 0 7.1 18 270 M M 3 13 22 110
21 92 73 83 1 0 18 0.01 0.0 0 6.9 23 320 M M 2 3 28 310
22 90 78 84 2 0 19 0.03 0.0 0 10.5 21 100 M M 1 1 26 100
23 90 79 85 3 0 20 0.09 0.0 0 13.7 23 120 M M 4 13 31 120
24 91 80 86 4 0 21 0.10 0.0 0 15.0 24 120 M M 6 13 33 130
25 90 83 87 5 0 22 T 0.0 0 12.5 18 100 M M 4 24 140
26 90 82 86 4 0 21 T 0.0 0 11.5 16 90 M M 3 21 120
27 90 77 84 2 0 19 0.00 0.0 0 8.1 17 120 M M 2 3 22 120
28 95 76 86 4 0 21 0.00 0.0 0 6.8 15 110 M M 1 18 110
29 94 77 86 4 0 21 0.62 0.0 0 7.0 22 340 M M 3 138 26 340
30 90 76 83 2 0 18 0.06 0.0 0 7.4 22 250 M M 3 13 30 260
31 93 74 84 3 0 19 T 0.0 0 9.3 25 280 M M 1 31 290
================================================================================
SM 2804 2362 0 578 4.58 0.0 247.5 M 74
================================================================================
AV 90.5 76.2 8.0 FASTST M M 2 MAX(MPH)
MISC ----> 32 30 47 190
================================================================================
NOTES:
# LAST OF SEVERAL OCCURRENCES
COLUMN 17 PEAK WIND IN M.P.H.
PRELIMINARY LOCAL CLIMATOLOGICAL DATA (WS FORM: F-6) , PAGE 2
STATION: MELBOURNE
MONTH: AUGUST
YEAR: 2020
LATITUDE: 28 6 N
LONGITUDE: 80 39 W
[TEMPERATURE DATA] [PRECIPITATION DATA] SYMBOLS USED IN COLUMN 16
AVERAGE MONTHLY: 83.3 TOTAL FOR MONTH: 4.58 1 = FOG OR MIST
DPTR FM NORMAL: 1.5 DPTR FM NORMAL: -3.10 2 = FOG REDUCING VISIBILITY
HIGHEST: 95 ON 28 GRTST 24HR 1.40 ON 4- 5 TO 1/4 MILE OR LESS
LOWEST: 73 ON 21,20 3 = THUNDER
SNOW, ICE PELLETS, HAIL 4 = ICE PELLETS
TOTAL MONTH: 0.0 INCH 5 = HAIL
GRTST 24HR 0.0 6 = FREEZING RAIN OR DRIZZLE
GRTST DEPTH: 0 7 = DUSTSTORM OR SANDSTORM:
VSBY 1/2 MILE OR LESS
8 = SMOKE OR HAZE
[NO. OF DAYS WITH] [WEATHER - DAYS WITH] 9 = BLOWING SNOW
X = TORNADO
MAX 32 OR BELOW: 0 0.01 INCH OR MORE: 16
MAX 90 OR ABOVE: 22 0.10 INCH OR MORE: 10
MIN 32 OR BELOW: 0 0.50 INCH OR MORE: 3
MIN 0 OR BELOW: 0 1.00 INCH OR MORE: 1
[HDD (BASE 65) ]
TOTAL THIS MO. 0 CLEAR (SCALE 0-3) 26
DPTR FM NORMAL 0 PTCLDY (SCALE 4-7) 4
TOTAL FM JUL 1 0 CLOUDY (SCALE 8-10) 1
DPTR FM NORMAL 0
[CDD (BASE 65) ]
TOTAL THIS MO. 578
DPTR FM NORMAL 56 [PRESSURE DATA]
TOTAL FM JAN 1 2703 HIGHEST SLP 30.17 ON 9
DPTR FM NORMAL 477 LOWEST SLP 29.73 ON 2
[REMARKS]
#FINAL-08-20#