000
CXUS52 KMLB 011526
CLMMLB
CLIMATE REPORT
NATIONAL WEATHER SERVICE MELBOURNE FL
1126 AM EDT THU JUN 01 2023
...................................
...THE MELBOURNE CLIMATE SUMMARY FOR THE MONTH OF MAY 2023...
CLIMATE NORMAL PERIOD 1991 TO 2020
CLIMATE RECORD PERIOD 1939 TO 2023
WEATHER OBSERVED NORMAL DEPART LAST YEAR`S
VALUE DATE(S) VALUE FROM VALUE
NORMAL
..............................................................
TEMPERATURE (F)
MONTHLY RECORD
HIGHEST 79.4 2019
COLDEST 72.9 1941
DAILY RECORD
HIGH 99 05/31/2004
LOW 47 05/08/1992
MAY 2023
HIGHEST 93 05/17 94
LOWEST 58 05/04 62
AVG. MAXIMUM 84.8 86.6 -1.8 86.4
AVG. MINIMUM 69.1 69.7 -0.6 70.6
MEAN 77.0 78.1 -1.1 78.5
DAYS MAX >= 90 1 4.5 -3.5 7
DAYS MAX <= 32 0 0.0 0.0 0
DAYS MIN <= 32 0 0.0 0.0 0
DAYS MIN <= 0 0 0.0 0.0 0
PRECIPITATION (INCHES)
MONTHLY RECORD
MAXIMUM 13.83 1976
MINIMUM 0.17 1965
DAILY RECORD
MAXIMUM 5.00 05/23/1984
MAY 2023
TOTALS 4.80 3.53 1.27 0.78
DAYS >= .01 8 8.5 -0.5 7
DAYS >= .10 7 5.4 1.6 3
DAYS >= .50 4 2.6 1.4 0
DAYS >= 1.00 1 1.2 -0.2 0
GREATEST
24 HR. TOTAL 1.96 05/24 TO 05/25
SNOWFALL (INCHES)
TOTALS 0.0 MM MM 0.0
SINCE 7/1 T MM MM MM
DAYS >= TRACE 0 0
DEGREE DAYS
HEATING TOTAL 0 0 0 0
SINCE 7/1 242 391 -149 MM
COOLING TOTAL 379 408 -29 423
SINCE 1/1 1230 993 237 MM
..............................................................
WIND (MPH)
AVERAGE WIND SPEED 8.8
HIGHEST WIND SPEED/DIRECTION 29/340 DATE 05/26
HIGHEST GUST SPEED/DIRECTION 38/270 DATE 05/17
38/330 05/26
SKY COVER
POSSIBLE SUNSHINE (PERCENT) MM
AVERAGE SKY COVER 0.22
NUMBER OF DAYS FAIR 22
NUMBER OF DAYS PC 9
NUMBER OF DAYS CLOUDY 0
AVERAGE RH (PERCENT) 71
WEATHER CONDITIONS. NUMBER OF DAYS WITH
THUNDERSTORM 8 MIXED PRECIP 0
HEAVY RAIN 5 RAIN 7
LIGHT RAIN 9 LT FREEZING RAIN 0
HAIL 0 LIGHT SNOW 0
SLEET 0 FOG 8
FOG W/VIS <= 1/4 MILE 2 HAZE 2
- INDICATES NEGATIVE NUMBERS.
R INDICATES RECORD WAS SET OR TIED.
MM INDICATES DATA IS MISSING.
T INDICATES TRACE AMOUNT.
$$