000
CXUS56 KPQR 011201
CF6MMV
PRELIMINARY LOCAL CLIMATOLOGICAL DATA (WS FORM: F-6)
STATION: MCMINNVILLE OR
MONTH: APRIL
YEAR: 2023
LATITUDE: 45 11 N
LONGITUDE: 123 8 W
TEMPERATURE IN F: :PCPN: SNOW: WIND :SUNSHINE: SKY :PK WND
================================================================================
1 2 3 4 5 6A 6B 7 8 9 10 11 12 13 14 15 16 17 18
12Z AVG MX 2MIN
DY MAX MIN AVG DEP HDD CDD WTR SNW DPTH SPD SPD DIR MIN PSBL S-S WX SPD DR
================================================================================
1 50 37 44 -4 21 0 0.28 M M 10.2 32 280 M M 8 1 44 270
2 47 35 41 -7 24 0 0.15 M M 8.8 18 280 M M 8 1 23 240
3 51 34 43 -5 22 0 0.05 M M 9.0 18 300 M M 6 1 25 300
4 50 34 42 -6 23 0 0.26 M M 5.2 14 360 M M 8 17 10
5 49 31 40 -8 25 0 0.10 M M 4.2 14 170 M M 8 12 16 170
6 54 45 50 2 15 0 0.46 M M 5.2 16 190 M M 10 1 21 200
7 56 44 50 1 15 0 0.14 M M 8.4 21 270 M M 10 1 27 260
8 56 44 50 1 15 0 T M M 5.5 16 210 M M 9 21 210
9 55 48 52 3 13 0 0.51 M M 6.6 21 160 M M 10 1 26 150
10 51 40 46 -3 19 0 1.18 M M 5.4 14 330 M M 10 1 18 310
11 53 39 46 -3 19 0 0.17 M M 7.7 16 260 M M 6 1 23 270
12 51 34 43 -6 22 0 0.15 M M 6.8 22 220 M M 5 1 28 220
13 53 34 44 -6 21 0 0.00 M M 3.2 12 310 M M 6 13 310
14 59 35 47 -3 18 0 0.00 M M 2.8 9 260 M M 2 12 250
15 56 38 47 -3 18 0 0.00 M M 4.0 10 190 M M 6 13 220
16 52 41 47 -3 18 0 0.20 M M 10.1 24 270 M M 7 1 31 270
17 51 38 45 -5 20 0 0.29 M M 12.1 26 190 M M 7 1 33 190
18 48 36 42 -8 23 0 0.25 M M 11.0 24 190 M M 9 18 30 200
19 50 36 43 -7 22 0 0.19 M M 8.2 20 280 M M 6 1 27 280
20 48 33 41 -10 24 0 0.60 M M 6.9 18 190 M M 8 1 24 170
21 57 41 49 -2 16 0 0.00 M M 3.5 10 200 M M 8 13 180
22 66 50 58 7 7 0 0.29 M M 2.1 14 250 M M 9 1 17 240
23 55 46 51 0 14 0 0.08 M M 8.9 18 250 M M 10 1 23 260
24 58 41 50 -2 15 0 0.01 M M 8.3 15 240 M M 6 1 19 240
25 67 36 52 0 13 0 0.00 M M 4.9 13 10 M M 1 17 30
26 76 40 58 6 7 0 0.00 M M 1.8 9 360 M M 0 12 360
27 79 45 62 10 3 0 0.00 M M 5.0 13 340 M M 0 16 10
28 89 56 73 21 0 8 0.00 M M 7.1 14 240 M M 0 16 240
29 78 48 63 10 2 0 0.00 M M 6.3 15 230 M M 0 19 240
30 62 44 53 0 12 0 0.00 M M 5.4 15 270 M M 7 20 290
================================================================================
SM 1727 1203 486 8 5.36 M 194.6 M 190
================================================================================
AV 57.6 40.1 6.5 FASTST M M 6 MAX(MPH)
MISC ----> 32 280 44 270
================================================================================
NOTES:
# LAST OF SEVERAL OCCURRENCES
COLUMN 17 PEAK WIND IN M.P.H.
PRELIMINARY LOCAL CLIMATOLOGICAL DATA (WS FORM: F-6) , PAGE 2
STATION: MCMINNVILLE OR
MONTH: APRIL
YEAR: 2023
LATITUDE: 45 11 N
LONGITUDE: 123 8 W
[TEMPERATURE DATA] [PRECIPITATION DATA] SYMBOLS USED IN COLUMN 16
AVERAGE MONTHLY: 48.8 TOTAL FOR MONTH: 5.36 1 = FOG OR MIST
DPTR FM NORMAL: -1.3 DPTR FM NORMAL: 2.37 2 = FOG REDUCING VISIBILITY
HIGHEST: 89 ON 28 GRTST 24HR 1.22 ON 9-10 TO 1/4 MILE OR LESS
LOWEST: 31 ON 5 3 = THUNDER
SNOW, ICE PELLETS, HAIL 4 = ICE PELLETS
TOTAL MONTH: M 5 = HAIL
GRTST 24HR M ON M 6 = FREEZING RAIN OR DRIZZLE
GRTST DEPTH: M ON M 7 = DUSTSTORM OR SANDSTORM:
VSBY 1/2 MILE OR LESS
8 = SMOKE OR HAZE
[NO. OF DAYS WITH] [WEATHER - DAYS WITH] 9 = BLOWING SNOW
X = TORNADO
MAX 32 OR BELOW: 0 0.01 INCH OR MORE: 19
MAX 90 OR ABOVE: 0 0.10 INCH OR MORE: 16
MIN 32 OR BELOW: 1 0.50 INCH OR MORE: 3
MIN 0 OR BELOW: 0 1.00 INCH OR MORE: 1
[HDD (BASE 65) ]
TOTAL THIS MO. 486 CLEAR (SCALE 0-3) 6
DPTR FM NORMAL 38 PTCLDY (SCALE 4-7) 13
TOTAL FM JUL 1 4337 CLOUDY (SCALE 8-10) 11
DPTR FM NORMAL 71
[CDD (BASE 65) ]
TOTAL THIS MO. 8
DPTR FM NORMAL 7 [PRESSURE DATA]
TOTAL FM JAN 1 8 HIGHEST SLP 30.42 ON 21
DPTR FM NORMAL 7 LOWEST SLP 29.71 ON 17
[REMARKS]
#FINAL-04-23#