000
CXUS51 KBTV 010800
CF6MPV
PRELIMINARY LOCAL CLIMATOLOGICAL DATA (WS FORM: F-6)
STATION: MONTPELIER VT
MONTH: DECEMBER
YEAR: 2020
LATITUDE: 44 12 N
LONGITUDE: 72 34 W
TEMPERATURE IN F: :PCPN: SNOW: WIND :SUNSHINE: SKY :PK WND
================================================================================
1 2 3 4 5 6A 6B 7 8 9 10 11 12 13 14 15 16 17 18
12Z AVG MX 2MIN
DY MAX MIN AVG DEP HDD CDD WTR SNW DPTH SPD SPD DIR MIN PSBL S-S WX SPD DR
================================================================================
1 60 36 48 19 17 0 0.06 M M 11.0 25 170 M M 6 1 33 170
2 37 29 33 4 32 0 0.01 M M 8.4 20 310 M M 10 1 32 280
3 43 23 33 5 32 0 0.00 M M 5.5 17 150 M M 1 23 170
4 43 33 38 10 27 0 0.08 M M 7.1 20 220 M M 8 29 210
5 39 26 33 6 32 0 0.07 M M 9.6 23 330 M M 10 12 34 340
6 26 23 25 -2 40 0 0.01 M M 16.7 26 310 M M 10 18 37 310
7 24 20 22 -4 43 0 T M M 8.1 21 320 M M 10 1 29 310
8 23 19 21 -5 44 0 T M M 8.4 16 310 M M 10 1 24 310
9 30 19 25 -1 40 0 T M M 3.6 13 160 M M 9 18 16 190
10 33 27 30 5 35 0 0.02 M M 5.9 17 310 M M 10 1 26 310
11 42 25 34 9 31 0 0.00 M M 3.5 16 170 M M 5 20 180
12 40 27 34 10 31 0 0.05 M M 3.4 17 180 M M 5 1 23 190
13 47 31 39 15 26 0 0.02 M M 7.2 18 260 M M 9 1 29 220
14 32 27 30 6 35 0 T M M 4.7 26 300 M M 10 36 290
15 28 7 18 -5 47 0 T M M 13.1 29 310 M M 6 40 310
16 13 2 8 -15 57 0 0.00 M M 1.9 8 320 M M 5 11 310
17 17 6 12 -10 53 0 0.60 M M 3.6 10 320 M M 8 1 16 340
18 19 -2 9 -13 56 0 0.00 M M 1.5 7 320 M M 0 1 9 320
19 19 -6 7 -15 58 0 0.00 M M 0.6 6 320 M M 2 1 6 180
20 28 14 21 0 44 0 0.02 M M 4.5 14 170 M M 10 1 19 180
21 35 26 31 10 34 0 0.00 M M 0.6 7 160 M M 10 1 10 160
22 34 23 29 9 36 0 0.02 M M 6.4 20 290 M M 10 12 28 300
23 29 17 23 3 42 0 T M M 8.7 20 310 M M 6 30 310
24 50 30 40 20 25 0 0.20 M M 14.2 25 170 M M 7 1 33 170
25 57 35 46 26 19 0 1.21 M M 15.3 29 160 M M 10 1 40 160
26 35 23 29 10 36 0 T M M 8.9 17 210 M M 9 18 24 260
27 29 20 25 6 40 0 0.02 M M 3.0 10 220 M M 8 1 14 350
28 40 25 33 14 32 0 0.02 M M 10.5 21 170 M M 7 1 29 230
29 33 8 21 3 44 0 0.03 M M 11.3 26 300 M M 3 1 40 310
30 30 6 18 0 47 0 T M M 5.7 15 180 M M 5 20 200
31 38 24 31 13 34 0 T M M 9.8 22 300 M M 8 29 300
================================================================================
SM 1053 623 1169 0 2.44 M 222.7 M 227
================================================================================
AV 34.0 20.1 7.2 FASTST M M 7 MAX(MPH)
MISC ----> # 29 310 # 40 310
================================================================================
NOTES:
# LAST OF SEVERAL OCCURRENCES
COLUMN 17 PEAK WIND IN M.P.H.
PRELIMINARY LOCAL CLIMATOLOGICAL DATA (WS FORM: F-6) , PAGE 2
STATION: MONTPELIER VT
MONTH: DECEMBER
YEAR: 2020
LATITUDE: 44 12 N
LONGITUDE: 72 34 W
[TEMPERATURE DATA] [PRECIPITATION DATA] SYMBOLS USED IN COLUMN 16
AVERAGE MONTHLY: 27.0 TOTAL FOR MONTH: 2.44 1 = FOG OR MIST
DPTR FM NORMAL: 4.0 DPTR FM NORMAL: -0.30 2 = FOG REDUCING VISIBILITY
HIGHEST: 60 ON 1 GRTST 24HR 1.36 ON 30- 1 TO 1/4 MILE OR LESS
LOWEST: -6 ON 19 3 = THUNDER
SNOW, ICE PELLETS, HAIL 4 = ICE PELLETS
TOTAL MONTH: M 5 = HAIL
GRTST 24HR M ON M 6 = FREEZING RAIN OR DRIZZLE
GRTST DEPTH: M ON M 7 = DUSTSTORM OR SANDSTORM:
VSBY 1/2 MILE OR LESS
8 = SMOKE OR HAZE
[NO. OF DAYS WITH] [WEATHER - DAYS WITH] 9 = BLOWING SNOW
X = TORNADO
MAX 32 OR BELOW: 14 0.01 INCH OR MORE: 16
MAX 90 OR ABOVE: 0 0.10 INCH OR MORE: 3
MIN 32 OR BELOW: 28 0.50 INCH OR MORE: 2
MIN 0 OR BELOW: 2 1.00 INCH OR MORE: 1
[HDD (BASE 65) ]
TOTAL THIS MO. 1169 CLEAR (SCALE 0-3) 3
DPTR FM NORMAL -133 PTCLDY (SCALE 4-7) 11
TOTAL FM JUL 1 2868 CLOUDY (SCALE 8-10) 17
DPTR FM NORMAL -279
[CDD (BASE 65) ]
TOTAL THIS MO. 0
DPTR FM NORMAL 0 [PRESSURE DATA]
TOTAL FM JAN 1 402 HIGHEST SLP 30.60 ON 16
DPTR FM NORMAL 138 LOWEST SLP 29.39 ON 1
[REMARKS]
#FINAL-12-20#