000
CXUS53 KMPX 010910
CF6MPX
PRELIMINARY LOCAL CLIMATOLOGICAL DATA (WS FORM: F-6)
STATION: CHANHASSEN MN
MONTH: APRIL
YEAR: 2022
LATITUDE: 44 50 N
LONGITUDE: 93 34 W
TEMPERATURE IN F: :PCPN: SNOW: WIND :SUNSHINE: SKY :PK WND
================================================================================
1 2 3 4 5 6A 6B 7 8 9 10 11 12 13 14 15 16 17 18
12Z AVG MX 2MIN
DY MAX MIN AVG DEP HDD CDD WTR SNW DPTH SPD SPD DIR MIN PSBL S-S WX SPD DR
================================================================================
1 43 20 32 -7 33 0 T 0.1 0 M M M M M M M M
2 50 27 39 0 26 0 T T T M M M M M M M M
3 40 21 31 -9 34 0 0.40 1.5 0 M M M M M M M M
4 45 32 39 -1 26 0 T T 1 M M M M M M M M
5 44 34 39 -1 26 0 0.40 0.0 0 M M M M M M M M
6 39 32 36 -5 29 0 0.29 0.3 T M M M M M M M M
7 37 29 33 -8 32 0 0.12 0.6 T M M M M M M M M
8 45 31 38 -4 27 0 T T T M M M M M M M M
9 54 26 40 -2 25 0 0.00 0.0 0 M M M M M M M M
10 60 35 48 5 17 0 0.00 0.0 0 M M M M M M M M
11 58 36 47 4 18 0 0.00 0.0 0 M M M M M M M M
12 54 37 46 2 19 0 0.58 T 0 M M M M M M M M
13 45 29 37 -7 28 0 T T 0 M M M M M M M M
14 35 26 31 -13 34 0 0.02 0.2 0 M M M M M M M M
15 32 20 26 -19 39 0 T T T M M M M M M M M
16 39 23 31 -14 34 0 T T 0 M M M M M M M M
17 43 21 32 -14 33 0 0.07 0.4 0 M M M M M M M M
18 36 27 32 -14 33 0 T T T M M M M M M M M
19 45 23 34 -13 31 0 0.00 0.0 0 M M M M M M M M
20 44 35 40 -7 25 0 0.55 0.0 0 M M M M M M M M
21 54 34 44 -3 21 0 0.00 0.0 0 M M M M M M M M
22 55 41 48 0 17 0 0.23 0.0 0 M M M M M M M M
23 73 49 61 13 4 0 0.31 0.0 0 M M M M M M M M
24 49 34 42 -7 23 0 T 0.0 0 M M M M M M M M
25 36 28 32 -17 33 0 T T 0 M M M M M M M M
26 41 27 34 -16 31 0 0.00 0.0 0 M M M M M M M M
27 50 29 40 -10 25 0 0.00 0.0 0 M M M M M M M M
28 49 35 42 -8 23 0 0.00 0.0 0 M M M M M M M M
29 60 44 52 1 13 0 0.06 0.0 0 M M M M M M M M
30 52 47 50 -1 15 0 0.94 0.0 0 M M M M M M M M
================================================================================
SM 1407 932 774 0 3.97 3.1 M M M
================================================================================
AV 46.9 31.1 M FASTST M M M MAX(MPH)
MISC ----> M M M M
================================================================================
NOTES:
# LAST OF SEVERAL OCCURRENCES
COLUMN 17 PEAK WIND IN M.P.H.
PRELIMINARY LOCAL CLIMATOLOGICAL DATA (WS FORM: F-6) , PAGE 2
STATION: CHANHASSEN MN
MONTH: APRIL
YEAR: 2022
LATITUDE: 44 50 N
LONGITUDE: 93 34 W
[TEMPERATURE DATA] [PRECIPITATION DATA] SYMBOLS USED IN COLUMN 16
AVERAGE MONTHLY: 39.0 TOTAL FOR MONTH: 3.97 1 = FOG OR MIST
DPTR FM NORMAL: -6.0 DPTR FM NORMAL: 0.81 2 = FOG REDUCING VISIBILITY
HIGHEST: 73 ON 23 GRTST 24HR 0.94 ON 30-30 TO 1/4 MILE OR LESS
LOWEST: 20 ON 15, 1 3 = THUNDER
SNOW, ICE PELLETS, HAIL 4 = ICE PELLETS
TOTAL MONTH: 3.1 INCHES 5 = HAIL
GRTST 24HR 1.5 ON 3- 3 6 = FREEZING RAIN OR DRIZZLE
GRTST DEPTH: 1 ON 4 7 = DUSTSTORM OR SANDSTORM:
VSBY 1/2 MILE OR LESS
8 = SMOKE OR HAZE
[NO. OF DAYS WITH] [WEATHER - DAYS WITH] 9 = BLOWING SNOW
X = TORNADO
MAX 32 OR BELOW: 1 0.01 INCH OR MORE: 12
MAX 90 OR ABOVE: 0 0.10 INCH OR MORE: 9
MIN 32 OR BELOW: 18 0.50 INCH OR MORE: 3
MIN 0 OR BELOW: 0 1.00 INCH OR MORE: 0
[HDD (BASE 65) ]
TOTAL THIS MO. 774 CLEAR (SCALE 0-3) 0
DPTR FM NORMAL 172 PTCLDY (SCALE 4-7) 0
TOTAL FM JUL 1 7775 CLOUDY (SCALE 8-10) 30
DPTR FM NORMAL 108
[CDD (BASE 65) ]
TOTAL THIS MO. 0
DPTR FM NORMAL -2 [PRESSURE DATA]
TOTAL FM JAN 1 0 HIGHEST SLP M ON M
DPTR FM NORMAL -2 LOWEST SLP M ON M
[REMARKS]
#FINAL-04-22#