000
CXUS53 KMPX 011251
CF6MPX
PRELIMINARY LOCAL CLIMATOLOGICAL DATA (WS FORM: F-6)
STATION: CHANHASSEN MN
MONTH: OCTOBER
YEAR: 2020
LATITUDE: 44 50 N
LONGITUDE: 93 34 W
TEMPERATURE IN F: :PCPN: SNOW: WIND :SUNSHINE: SKY :PK WND
================================================================================
1 2 3 4 5 6A 6B 7 8 9 10 11 12 13 14 15 16 17 18
12Z AVG MX 2MIN
DY MAX MIN AVG DEP HDD CDD WTR SNW DPTH SPD SPD DIR MIN PSBL S-S WX SPD DR
================================================================================
1 52 39 46 -8 19 0 T 0.0 0 M M M M M M M M
2 52 32 42 -11 23 0 0.00 0.0 0 M M M M M M M M
3 49 36 43 -10 22 0 0.00 0.0 0 M M M M M M M M
4 56 29 43 -10 22 0 0.00 0.0 0 M M M M M M M M
5 70 44 57 5 8 0 0.00 0.0 0 M M M M M M M M
6 80 47 64 12 1 0 0.00 0.0 0 M M M M M M M M
7 68 44 56 5 9 0 0.00 0.0 0 M M M M M M M M
8 66 38 52 1 13 0 0.00 0.0 0 M M M M M M M M
9 80 55 68 17 0 3 0.00 0.0 0 M M M M M M M M
10 65 46 56 6 9 0 0.00 0.0 0 M M M M M M M M
11 71 47 59 9 6 0 0.90 0.0 0 M M M M M M M M
12 63 48 56 6 9 0 0.58 0.0 0 M M M M M M M M
13 61 47 54 5 11 0 0.00 0.0 0 M M M M M M M M
14 62 40 51 2 14 0 0.05 0.0 0 M M M M M M M M
15 48 32 40 -8 25 0 0.00 0.0 0 M M M M M M M M
16 43 31 37 -11 28 0 0.01 0.1 0 M M M M M M M M
17 51 34 43 -5 22 0 0.04 0.0 0 M M M M M M M M
18 36 25 31 -16 34 0 0.00 0.0 0 M M M M M M M M
19 32 23 28 -19 37 0 0.04 T 0 M M M M M M M M
20 31 29 30 -16 35 0 0.75 7.2 0 M M M M M M M M
21 34 29 32 -14 33 0 T T 6 M M M M M M M M
22 34 30 32 -14 33 0 0.09 0.2 5 M M M M M M M M
23 35 23 29 -16 36 0 0.06 0.6 2 M M M M M M M M
24 30 21 26 -19 39 0 0.00 0.0 1 M M M M M M M M
25 28 24 26 -18 39 0 0.05 0.8 1 M M M M M M M M
26 29 16 23 -21 42 0 0.00 0.0 1 M M M M M M M M
27 34 13 24 -19 41 0 0.00 0.0 T M M M M M M M M
28 47 27 37 -6 28 0 0.00 0.0 T M M M M M M M M
29 36 29 33 -9 32 0 0.00 0.0 0 M M M M M M M M
30 43 30 37 -5 28 0 0.00 0.0 0 M M M M M M M M
31 54 32 43 1 22 0 T T 0 M M M M M M M M
================================================================================
SM 1540 1040 720 3 2.57 8.9 M M M
================================================================================
AV 49.7 33.5 M FASTST M M M MAX(MPH)
MISC ----> M M M M
================================================================================
NOTES:
# LAST OF SEVERAL OCCURRENCES
COLUMN 17 PEAK WIND IN M.P.H.
PRELIMINARY LOCAL CLIMATOLOGICAL DATA (WS FORM: F-6) , PAGE 2
STATION: CHANHASSEN MN
MONTH: OCTOBER
YEAR: 2020
LATITUDE: 44 50 N
LONGITUDE: 93 34 W
[TEMPERATURE DATA] [PRECIPITATION DATA] SYMBOLS USED IN COLUMN 16
AVERAGE MONTHLY: 41.6 TOTAL FOR MONTH: 2.57 1 = FOG OR MIST
DPTR FM NORMAL: -6.2 DPTR FM NORMAL: 0.06 2 = FOG REDUCING VISIBILITY
HIGHEST: 80 ON 9, 6 GRTST 24HR 0.90 ON 11-11 TO 1/4 MILE OR LESS
LOWEST: 13 ON 27 3 = THUNDER
SNOW, ICE PELLETS, HAIL 4 = ICE PELLETS
TOTAL MONTH: 8.9 INCHES 5 = HAIL
GRTST 24HR 7.2 ON 20-20 6 = FREEZING RAIN OR DRIZZLE
GRTST DEPTH: 6 ON 21 7 = DUSTSTORM OR SANDSTORM:
VSBY 1/2 MILE OR LESS
8 = SMOKE OR HAZE
[NO. OF DAYS WITH] [WEATHER - DAYS WITH] 9 = BLOWING SNOW
X = TORNADO
MAX 32 OR BELOW: 5 0.01 INCH OR MORE: 10
MAX 90 OR ABOVE: 0 0.10 INCH OR MORE: 3
MIN 32 OR BELOW: 18 0.50 INCH OR MORE: 3
MIN 0 OR BELOW: 0 1.00 INCH OR MORE: 0
[HDD (BASE 65) ]
TOTAL THIS MO. 720 CLEAR (SCALE 0-3) 0
DPTR FM NORMAL 183 PTCLDY (SCALE 4-7) 0
TOTAL FM JUL 1 938 CLOUDY (SCALE 8-10) 31
DPTR FM NORMAL 203
[CDD (BASE 65) ]
TOTAL THIS MO. 3
DPTR FM NORMAL -2 [PRESSURE DATA]
TOTAL FM JAN 1 660 HIGHEST SLP M ON M
DPTR FM NORMAL 55 LOWEST SLP M ON M
[REMARKS]
#FINAL-10-20#