000
CXUS53 KMQT 010900
CF6MQT
PRELIMINARY LOCAL CLIMATOLOGICAL DATA (WS FORM: F-6)
STATION: MARQUETTE MI
MONTH: MARCH
YEAR: 2023
LATITUDE: 46 31 N
LONGITUDE: 87 33 W
TEMPERATURE IN F: :PCPN: SNOW: WIND :SUNSHINE: SKY :PK WND
================================================================================
1 2 3 4 5 6A 6B 7 8 9 10 11 12 13 14 15 16 17 18
12Z AVG MX 2MIN
DY MAX MIN AVG DEP HDD CDD WTR SNW DPTH SPD SPD DIR MIN PSBL S-S WX SPD DR
================================================================================
1 30 16 23 3 42 0 0.56 7.2 32 M M M M M M 19 45
2 27 15 21 1 44 0 0.03 0.6 38 M M M M M M 18 360
3 34 16 25 5 40 0 T T 36 M M M M M M 22 180
4 42 17 30 9 35 0 0.00 0.0 36 M M M M M M 11 90
5 44 22 33 12 32 0 0.00 0.0 34 M M M M M M 13 90
6 31 26 29 7 36 0 0.48 6.6 33 M M M M M M 20 90
7 38 12 25 3 40 0 0.00 0.0 37 M M M M M M 11 90
8 40 6 23 1 42 0 0.00 0.0 35 M M M M M M 14 360
9 31 21 26 3 39 0 0.00 0.0 34 M M M M M M 18 360
10 28 20 24 1 41 0 0.16 1.5 33 M M M M M M 9 24 45
11 27 20 24 1 41 0 T T 34 M M M M M M 16 90
12 26 20 23 -1 42 0 0.41 3.1 34 M M M M M M 18 90
13 22 16 19 -5 46 0 0.28 8.0 39 M M M M M M 25 315
14 33 7 20 -4 45 0 T T 41 M M M M M M 18 45
15 44 24 34 9 31 0 T 0.0 37 M M M M M M 23 180
16 40 33 37 12 28 0 0.03 T 34 M M M M M M 1 16 225
17 33 9 21 -4 44 0 0.34 4.4 35 M M M M M M 9 30 270
18 17 10 14 -12 51 0 0.40 8.5 37 M M M M M M 9 35 360
19 39 7 23 -3 42 0 0.00 0.0 38 M M M M M M 32 270
20 30 11 21 -5 44 0 0.02 0.2 37 M M M M M M 18 360
21 28 0 14 -13 51 0 T 0.2 36 M M M M M M 17 90
22 37 26 32 5 33 0 0.08 0.7 36 M M M M M M 24 180
23 38 16 27 0 38 0 0.00 0.0 34 M M M M M M 27 270
24 44 9 27 -1 38 0 0.00 0.0 34 M M M M M M 14 225
25 32 14 23 -5 42 0 0.00 0.0 33 M M M M M M 25 315
26 37 18 28 0 37 0 0.00 0.0 33 M M M M M M 16 360
27 37 10 24 -5 41 0 T T 32 M M M M M M 14 90
28 37 18 28 -1 37 0 0.02 0.5 32 M M M M M M 18 270
29 24 13 19 -11 46 0 0.06 1.3 32 M M M M M M 9 26 270
30 40 5 23 -7 42 0 0.07 0.8 32 M M M M M M 23 180
31 31 28 30 0 35 0 0.46 2.6 34 M M M M M M 146 19 90
================================================================================
SM 1041 485 1245 0 3.40 46.2 M M M
================================================================================
AV 33.6 15.6 M FASTST M M M MAX(MPH)
MISC ----> M M 35 360
================================================================================
NOTES:
# LAST OF SEVERAL OCCURRENCES
COLUMN 17 PEAK WIND IN M.P.H.
PRELIMINARY LOCAL CLIMATOLOGICAL DATA (WS FORM: F-6) , PAGE 2
STATION: MARQUETTE MI
MONTH: MARCH
YEAR: 2023
LATITUDE: 46 31 N
LONGITUDE: 87 33 W
[TEMPERATURE DATA] [PRECIPITATION DATA] SYMBOLS USED IN COLUMN 16
AVERAGE MONTHLY: 24.6 TOTAL FOR MONTH: 3.40 1 = FOG OR MIST
DPTR FM NORMAL: -0.4 DPTR FM NORMAL: 0.73 2 = FOG REDUCING VISIBILITY
HIGHEST: 44 ON 24,15 GRTST 24HR 0.56 ON 1- 1 TO 1/4 MILE OR LESS
LOWEST: 0 ON 21 3 = THUNDER
SNOW, ICE PELLETS, HAIL 4 = ICE PELLETS
TOTAL MONTH: 46.3 INCHES 5 = HAIL
GRTST 24HR 8.5 ON 18-18 6 = FREEZING RAIN OR DRIZZLE
GRTST DEPTH: 41 ON 14 7 = DUSTSTORM OR SANDSTORM:
VSBY 1/2 MILE OR LESS
8 = SMOKE OR HAZE
[NO. OF DAYS WITH] [WEATHER - DAYS WITH] 9 = BLOWING SNOW
X = TORNADO
MAX 32 OR BELOW: 14 0.01 INCH OR MORE: 15
MAX 90 OR ABOVE: 0 0.10 INCH OR MORE: 8
MIN 32 OR BELOW: 30 0.50 INCH OR MORE: 1
MIN 0 OR BELOW: 1 1.00 INCH OR MORE: 0
[HDD (BASE 65) ]
TOTAL THIS MO. 1245 CLEAR (SCALE 0-3) 0
DPTR FM NORMAL 5 PTCLDY (SCALE 4-7) 0
TOTAL FM JUL 1 7074 CLOUDY (SCALE 8-10) 31
DPTR FM NORMAL -667
[CDD (BASE 65) ]
TOTAL THIS MO. 0
DPTR FM NORMAL 0 [PRESSURE DATA]
TOTAL FM JAN 1 0 HIGHEST SLP M ON M
DPTR FM NORMAL 0 LOWEST SLP M ON M
[REMARKS]
#FINAL-03-23#