000
CXUS51 KLWX 010915
CF6MRB
PRELIMINARY LOCAL CLIMATOLOGICAL DATA (WS FORM: F-6)
STATION: MARTINSBURG WV
MONTH: FEBRUARY
YEAR: 2024
LATITUDE: 39 24 N
LONGITUDE: 77 58 W
TEMPERATURE IN F: :PCPN: SNOW: WIND :SUNSHINE: SKY :PK WND
================================================================================
1 2 3 4 5 6A 6B 7 8 9 10 11 12 13 14 15 16 17 18
12Z AVG MX 2MIN
DY MAX MIN AVG DEP HDD CDD WTR SNW DPTH SPD SPD DIR MIN PSBL S-S WX SPD DR
================================================================================
1 53 37 45 12 20 0 0.00 M M 6.1 16 250 M M 6 21 250
2 51 38 45 12 20 0 T M M 10.4 20 350 M M 9 34 330
3 49 27 38 5 27 0 0.00 M M 4.3 15 350 M M 1 20 330
4 51 21 36 3 29 0 0.00 M M 0.6 7 240 M M 0 1 9 240
5 47 21 34 1 31 0 0.00 M M 4.2 15 20 M M 0 26 10
6 42 23 33 0 32 0 0.00 M M 6.0 16 360 M M 0 22 350
7 49 17 33 -1 32 0 0.00 M M 1.2 6 240 M M 0 8 9 350
8 54 22 38 4 27 0 0.00 M M 1.5 9 150 M M 0 14 100
9 66 35 51 17 14 0 0.00 M M 3.3 9 150 M M 1 M M
10 66 42 54 20 11 0 0.01 M M 5.5 17 280 M M 3 1 23 260
11 59 41 50 16 15 0 0.01 M M 2.6 12 280 M M 8 15 250
12 48 37 43 9 22 0 0.43 M M 3.1 10 70 M M 9 1 14 70
13 42 31 37 3 28 0 1.03 M M 10.7 26 300 M M 9 1 38 300
14 42 28 35 0 30 0 0.00 M M 10.5 22 330 M M 3 31 310
15 52 20 36 1 29 0 T M M 7.8 29 290 M M 2 43 300
16 46 31 39 4 26 0 T M M 9.2 29 290 M M 3 1 44 300
17 32 21 27 -8 38 0 0.05 M M 11.4 24 270 M M 7 12 35 290
18 46 19 33 -3 32 0 0.00 M M 10.7 28 260 M M 0 39 250
19 46 28 37 1 28 0 0.00 M M 4.5 16 280 M M 0 20 290
20 47 20 34 -2 31 0 0.00 M M 3.2 12 100 M M 0 16 160
21 48 23 36 0 29 0 0.00 M M 2.6 12 150 M M 0 8 21 110
22 39 29 34 -2 31 0 0.30 M M 3.0 13 310 M M 5 123 16 320
23 51 32 42 5 23 0 0.01 M M 3.1 15 260 M M 4 12 19 260
24 45 31 38 1 27 0 0.04 M M 9.7 23 280 M M 5 29 270
25 45 18 32 -5 33 0 0.00 M M 4.5 15 190 M M 0 23 160
26 64 27 46 8 19 0 0.00 0.0 0 2.2 10 120 M M 1 16 90
27 57 34 46 8 19 0 T 0.0 0 5.1 17 160 M M 4 26 160
28 60 34 47 9 18 0 0.20 0.0 0 10.7 33 270 M M 6 1 48 280
29 44 27 36 -2 29 0 0.00 M M 11.0 24 280 M M 0 37 300
================================================================================
SM 1441 814 750 0 2.08 0.0 168.7 M 86
================================================================================
AV 49.7 28.1 5.8 FASTST M M 3 MAX(MPH)
MISC ----> 33 270 48 280
================================================================================
NOTES:
# LAST OF SEVERAL OCCURRENCES
COLUMN 17 PEAK WIND IN M.P.H.
PRELIMINARY LOCAL CLIMATOLOGICAL DATA (WS FORM: F-6) , PAGE 2
STATION: MARTINSBURG WV
MONTH: FEBRUARY
YEAR: 2024
LATITUDE: 39 24 N
LONGITUDE: 77 58 W
[TEMPERATURE DATA] [PRECIPITATION DATA] SYMBOLS USED IN COLUMN 16
AVERAGE MONTHLY: 38.9 TOTAL FOR MONTH: 2.08 1 = FOG OR MIST
DPTR FM NORMAL: 3.9 DPTR FM NORMAL: -0.06 2 = FOG REDUCING VISIBILITY
HIGHEST: 66 ON 10, 9 GRTST 24HR 1.46 ON 12-13 TO 1/4 MILE OR LESS
LOWEST: 17 ON 7 3 = THUNDER
SNOW, ICE PELLETS, HAIL 4 = ICE PELLETS
TOTAL MONTH: 0.0 INCH 5 = HAIL
GRTST 24HR 0.0 6 = FREEZING RAIN OR DRIZZLE
GRTST DEPTH: 0 7 = DUSTSTORM OR SANDSTORM:
VSBY 1/2 MILE OR LESS
8 = SMOKE OR HAZE
[NO. OF DAYS WITH] [WEATHER - DAYS WITH] 9 = BLOWING SNOW
X = TORNADO
MAX 32 OR BELOW: 1 0.01 INCH OR MORE: 9
MAX 90 OR ABOVE: 0 0.10 INCH OR MORE: 4
MIN 32 OR BELOW: 21 0.50 INCH OR MORE: 1
MIN 0 OR BELOW: 0 1.00 INCH OR MORE: 1
[HDD (BASE 65) ]
TOTAL THIS MO. 750 CLEAR (SCALE 0-3) 17
DPTR FM NORMAL -90 PTCLDY (SCALE 4-7) 9
TOTAL FM JUL 1 3593 CLOUDY (SCALE 8-10) 3
DPTR FM NORMAL -207
[CDD (BASE 65) ]
TOTAL THIS MO. 0
DPTR FM NORMAL 0 [PRESSURE DATA]
TOTAL FM JAN 1 0 HIGHEST SLP 30.48 ON 29
DPTR FM NORMAL 0 LOWEST SLP 29.41 ON 13
[REMARKS]
#FINAL-02-24#