000
CXUS56 KMTR 011000
CF6MRY
PRELIMINARY LOCAL CLIMATOLOGICAL DATA (WS FORM: F-6)
STATION: MONTEREY AIRPORT
MONTH: DECEMBER
YEAR: 2022
LATITUDE: 36 34 N
LONGITUDE: 121 51 W
TEMPERATURE IN F: :PCPN: SNOW: WIND :SUNSHINE: SKY :PK WND
================================================================================
1 2 3 4 5 6A 6B 7 8 9 10 11 12 13 14 15 16 17 18
12Z AVG MX 2MIN
DY MAX MIN AVG DEP HDD CDD WTR SNW DPTH SPD SPD DIR MIN PSBL S-S WX SPD DR
================================================================================
1 59 40 50 -3 15 0 0.36 M M 8.0 22 190 M M 7 1 32 200
2 57 34 46 -7 19 0 0.00 M M 4.0 12 130 M M 1 14 50
3 53 46 50 -3 15 0 1.08 M M 2.3 8 10 M M 10 1 11 360
4 59 46 53 0 12 0 T M M 4.0 10 140 M M 4 1 16 210
5 59 46 53 0 12 0 T M M 6.1 14 260 M M 3 19 250
6 58 43 51 -1 14 0 0.13 M M 6.1 16 160 M M 6 1 22 150
7 56 39 48 -4 17 0 0.00 M M 4.8 10 110 M M 1 12 110
8 57 40 49 -3 16 0 T M M 4.7 13 250 M M 3 8 17 250
9 54 47 51 -1 14 0 0.08 M M 2.8 12 230 M M 9 1 16 220
10 62 48 55 3 10 0 1.38 M M 12.7 26 210 M M 9 18 46 170
11 53 45 49 -3 16 0 1.72 M M 10.2 29 270 M M 7 138 44 270
12 52 41 47 -5 18 0 0.04 M M 5.2 14 100 M M 7 1 18 110
13 56 36 46 -6 19 0 0.00 M M 4.7 10 130 M M 0 15 330
14 57 35 46 -6 19 0 0.00 M M 5.2 10 110 M M 0 13 40
15 56 36 46 -6 19 0 0.00 M M 2.7 8 120 M M 0 9 300
16 60 35 48 -4 17 0 0.00 M M 3.5 8 120 M M 0 10 110
17 59 38 49 -3 16 0 0.00 M M 3.4 9 130 M M 0 12 120
18 57 35 46 -6 19 0 0.00 M M 4.6 10 120 M M 0 18 13 310
19 54 35 45 -7 20 0 0.00 M M 3.6 10 250 M M 0 13 250
20 60 43 52 0 13 0 0.00 M M 5.0 10 120 M M 1 13 30
21 62 39 51 -1 14 0 0.00 M M 3.4 8 110 M M 0 11 330
22 60 44 52 0 13 0 0.00 M M 2.4 8 320 M M 1 11 320
23 62 48 55 3 10 0 0.00 M M 3.5 9 110 M M 4 1 12 110
24 70 43 57 5 8 0 0.00 M M 4.2 14 130 M M 3 12 16 130
25 69 45 57 5 8 0 0.00 M M 3.9 12 120 M M 0 16 290
26 58 48 53 1 12 0 0.02 M M 4.6 14 110 M M 2 18 16 120
27 63 47 55 3 10 0 1.11 M M 8.1 23 230 M M 8 1 39 240
28 59 43 51 -1 14 0 T M M 4.5 12 310 M M 4 1 17 310
29 54 48 51 -1 14 0 0.16 M M 1.9 9 130 M M 10 12 11 140
30 64 53 59 7 6 0 0.03 M M 8.3 15 220 M M 10 18 25 170
31 62 52 57 5 8 0 1.11 M M 14.4 29 290 M M 10 18 45 290
================================================================================
SM 1821 1318 437 0 7.22 M 162.8 M 120
================================================================================
AV 58.7 42.5 5.3 FASTST M M 4 MAX(MPH)
MISC ----> # 29 270 46 170
================================================================================
NOTES:
# LAST OF SEVERAL OCCURRENCES
COLUMN 17 PEAK WIND IN M.P.H.
PRELIMINARY LOCAL CLIMATOLOGICAL DATA (WS FORM: F-6) , PAGE 2
STATION: MONTEREY AIRPORT
MONTH: DECEMBER
YEAR: 2022
LATITUDE: 36 34 N
LONGITUDE: 121 51 W
[TEMPERATURE DATA] [PRECIPITATION DATA] SYMBOLS USED IN COLUMN 16
AVERAGE MONTHLY: 50.6 TOTAL FOR MONTH: 7.22 1 = FOG OR MIST
DPTR FM NORMAL: -1.5 DPTR FM NORMAL: 4.39 2 = FOG REDUCING VISIBILITY
HIGHEST: 70 ON 24 GRTST 24HR 2.08 ON 10-11 TO 1/4 MILE OR LESS
LOWEST: 34 ON 2 3 = THUNDER
SNOW, ICE PELLETS, HAIL 4 = ICE PELLETS
TOTAL MONTH: M 5 = HAIL
GRTST 24HR M ON M 6 = FREEZING RAIN OR DRIZZLE
GRTST DEPTH: M ON M 7 = DUSTSTORM OR SANDSTORM:
VSBY 1/2 MILE OR LESS
8 = SMOKE OR HAZE
[NO. OF DAYS WITH] [WEATHER - DAYS WITH] 9 = BLOWING SNOW
X = TORNADO
MAX 32 OR BELOW: 0 0.01 INCH OR MORE: 12
MAX 90 OR ABOVE: 0 0.10 INCH OR MORE: 8
MIN 32 OR BELOW: 0 0.50 INCH OR MORE: 5
MIN 0 OR BELOW: 0 1.00 INCH OR MORE: 5
[HDD (BASE 65) ]
TOTAL THIS MO. 437 CLEAR (SCALE 0-3) 16
DPTR FM NORMAL 39 PTCLDY (SCALE 4-7) 9
TOTAL FM JUL 1 1217 CLOUDY (SCALE 8-10) 6
DPTR FM NORMAL 61
[CDD (BASE 65) ]
TOTAL THIS MO. 0
DPTR FM NORMAL 0 [PRESSURE DATA]
TOTAL FM JAN 1 133 HIGHEST SLP M ON M
DPTR FM NORMAL 58 LOWEST SLP 29.59 ON 31
[REMARKS]
#FINAL-12-22#