000
CXUS55 KMSO 042159
CF6MSO
PRELIMINARY LOCAL CLIMATOLOGICAL DATA (WS FORM: F-6)
STATION: MISSOULA MT
MONTH: APRIL
YEAR: 2023
LATITUDE: 46 55 N
LONGITUDE: 114 5 W
TEMPERATURE IN F: :PCPN: SNOW: WIND :SUNSHINE: SKY :PK WND
================================================================================
1 2 3 4 5 6A 6B 7 8 9 10 11 12 13 14 15 16 17 18
12Z AVG MX 2MIN
DY MAX MIN AVG DEP HDD CDD WTR SNW DPTH SPD SPD DIR MIN PSBL S-S WX SPD DR
================================================================================
1 46 29 38 -3 27 0 0.03 0.5 0 7.2 31 260 M M 9 128 49 240
2 42 23 33 -8 32 0 0.10 1.5 1 3.7 18 310 M M 7 12 24 310
3 36 26 31 -11 34 0 0.05 0.3 0 3.9 16 350 M M 8 1 21 350
4 44 26 35 -7 30 0 0.00 0.0 T 4.1 20 60 M M 7 28 60
5 47 28 38 -4 27 0 T T 0 5.7 28 240 M M 8 34 240
6 57 27 42 0 23 0 0.00 0.0 0 4.2 15 210 M M 3 22 160
7 62 26 44 2 21 0 T 0.0 0 4.8 21 130 M M 5 27 130
8 58 38 48 6 17 0 0.00 0.0 0 6.4 21 280 M M 7 28 260
9 70 33 52 9 13 0 0.00 0.0 0 7.1 23 260 M M 7 33 260
10 80 41 61 18 4 0 0.00 0.0 0 8.3 21 170 M M 2 29 190
11 64 33 49 6 16 0 T 0.0 0 9.7 26 270 M M 8 36 270
12 49 29 39 -4 26 0 0.01 T 0 4.6 21 310 M M 9 18 27 310
13 50 32 41 -2 24 0 T T 0 8.1 22 300 M M 8 28 310
14 50 24 37 -7 28 0 T 0.0 0 4.5 22 280 M M 3 26 280
15 59 24 42 -2 23 0 0.00 0.0 0 3.0 15 150 M M 0 20 150
16 72 34 53 9 12 0 0.00 0.0 0 6.5 31 170 M M 4 55 170
17 49 33 41 -3 24 0 0.00 0.0 0 6.8 24 320 M M 8 33 320
18 45 35 40 -4 25 0 0.04 T 0 11.3 26 270 M M 10 1 33 270
19 51 32 42 -3 23 0 0.00 0.0 0 10.5 28 290 M M 6 35 280
20 52 27 40 -5 25 0 0.00 0.0 0 5.1 21 290 M M 6 27 280
21 48 34 41 -4 24 0 0.23 T T 3.6 17 220 M M 10 1 22 220
22 51 32 42 -4 23 0 T 0.0 0 2.9 9 350 M M 7 12 30
23 64 28 46 0 19 0 T 0.0 0 2.5 14 300 M M 2 19 290
24 53 44 49 3 16 0 0.10 0.0 0 8.1 18 310 M M 10 1 24 310
25 59 36 48 2 17 0 0.00 0.0 0 5.1 15 250 M M 7 22 250
26 68 30 49 2 16 0 0.00 0.0 0 4.4 18 280 M M 1 23 280
27 66 40 53 6 12 0 0.00 0.0 0 9.3 28 10 M M 1 37 340
28 74 30 52 5 13 0 0.00 0.0 0 2.3 8 170 M M 0 13 150
29 81 37 59 11 6 0 0.00 0.0 0 1.5 9 310 M M 0 12 310
30 86 40 63 15 2 0 0.00 0.0 0 2.3 9 150 M M 0 14 150
================================================================================
SM 1733 951 602 0 0.56 2.3 167.5 M 163
================================================================================
AV 57.8 31.7 5.6 FASTST M M 5 MAX(MPH)
MISC ----> # 31 260 55 170
================================================================================
NOTES:
# LAST OF SEVERAL OCCURRENCES
COLUMN 17 PEAK WIND IN M.P.H.
PRELIMINARY LOCAL CLIMATOLOGICAL DATA (WS FORM: F-6) , PAGE 2
STATION: MISSOULA MT
MONTH: APRIL
YEAR: 2023
LATITUDE: 46 55 N
LONGITUDE: 114 5 W
[TEMPERATURE DATA] [PRECIPITATION DATA] SYMBOLS USED IN COLUMN 16
AVERAGE MONTHLY: 44.7 TOTAL FOR MONTH: 0.56 1 = FOG OR MIST
DPTR FM NORMAL: 0.5 DPTR FM NORMAL: -0.80 2 = FOG REDUCING VISIBILITY
HIGHEST: 86 ON 30 GRTST 24HR 0.23 ON 21-21 TO 1/4 MILE OR LESS
LOWEST: 23 ON 2 3 = THUNDER
SNOW, ICE PELLETS, HAIL 4 = ICE PELLETS
TOTAL MONTH: 2.3 INCHES 5 = HAIL
GRTST 24HR 1.5 ON 2- 2 6 = FREEZING RAIN OR DRIZZLE
GRTST DEPTH: 1 ON 2 7 = DUSTSTORM OR SANDSTORM:
VSBY 1/2 MILE OR LESS
8 = SMOKE OR HAZE
[NO. OF DAYS WITH] [WEATHER - DAYS WITH] 9 = BLOWING SNOW
X = TORNADO
MAX 32 OR BELOW: 0 0.01 INCH OR MORE: 7
MAX 90 OR ABOVE: 0 0.10 INCH OR MORE: 3
MIN 32 OR BELOW: 17 0.50 INCH OR MORE: 0
MIN 0 OR BELOW: 0 1.00 INCH OR MORE: 0
[HDD (BASE 65) ]
TOTAL THIS MO. 602 CLEAR (SCALE 0-3) 8
DPTR FM NORMAL -22 PTCLDY (SCALE 4-7) 15
TOTAL FM JUL 1 6957 CLOUDY (SCALE 8-10) 7
DPTR FM NORMAL 5
[CDD (BASE 65) ]
TOTAL THIS MO. 0
DPTR FM NORMAL 0 [PRESSURE DATA]
TOTAL FM JAN 1 0 HIGHEST SLP 30.34 ON 22
DPTR FM NORMAL 0 LOWEST SLP 29.59 ON 11
[REMARKS]
#FINAL-04-23#