000
CXUS54 KLIX 010810
CF6MSY
PRELIMINARY LOCAL CLIMATOLOGICAL DATA (WS FORM: F-6)
STATION: NEW ORLEANS
MONTH: MARCH
YEAR: 2023
LATITUDE: 29 58 N
LONGITUDE: 90 15 W
TEMPERATURE IN F: :PCPN: SNOW: WIND :SUNSHINE: SKY :PK WND
================================================================================
1 2 3 4 5 6A 6B 7 8 9 10 11 12 13 14 15 16 17 18
12Z AVG MX 2MIN
DY MAX MIN AVG DEP HDD CDD WTR SNW DPTH SPD SPD DIR MIN PSBL S-S WX SPD DR
================================================================================
1 84 71 78 17 0 13 0.00 0.0 M 10.8 21 170 M M 7 1 29 170
2 83 72 78 17 0 13 0.00 0.0 M 12.5 22 160 M M 8 33 150
3 78 60 69 8 0 4 0.01 0.0 M 13.6 28 220 M M 4 40 240
4 74 57 66 4 0 1 0.00 0.0 M 4.8 12 10 M M 2 8 17 350
5 80 58 69 7 0 4 0.00 0.0 M 7.0 15 90 M M 1 24 40
6 85 67 76 14 0 11 0.00 0.0 M 8.8 20 190 M M 6 1 27 180
7 83 69 76 14 0 11 T 0.0 M 3.3 12 170 M M 7 1 15 170
8 84 67 76 14 0 11 0.00 0.0 M 3.8 9 350 M M 6 128 16 310
9 86 65 76 14 0 11 0.00 0.0 M 4.7 13 170 M M 5 128 17 170
10 78 65 72 9 0 7 0.05 0.0 M 5.0 13 360 M M 7 123 19 350
11 82 62 72 9 0 7 0.00 0.0 M 9.1 18 200 M M M 26 200
12 84 61 73 10 0 8 0.01 0.0 M 10.9 21 250 M M 6 13 33 220
13 66 55 61 -2 4 0 T 0.0 M 12.1 20 10 M M 8 1 32 10
14 62 48 55 -8 10 0 0.01 M M 10.6 18 10 M M 6 27 30
15 65 50 58 -6 7 0 0.00 0.0 M 9.0 17 40 M M 2 24 50
16 75 50 63 -1 2 0 0.00 0.0 M 11.5 21 140 M M 4 29 140
17 70 51 61 -3 4 0 1.66 0.0 M 11.9 23 290 M M 9 13 31 350
18 56 50 53 -11 12 0 T M M 14.2 23 10 M M 7 35 20
19 53 43 48 -16 17 0 0.00 0.0 M 12.1 20 350 M M 5 28 360
20 57 39 48 -16 17 0 0.00 0.0 M 7.9 15 60 M M 3 21 50
21 69 43 56 -9 9 0 0.00 0.0 M 9.7 20 170 M M 4 28 170
22 76 57 67 2 0 2 0.00 0.0 M 9.4 20 150 M M 3 8 26 140
23 81 62 72 7 0 7 0.00 0.0 M 10.4 18 140 M M 3 12 26 160
24 80 69 75 10 0 10 T 0.0 M 13.6 22 150 M M 8 1 31 150
25 85 73 79 13 0 14 0.00 0.0 M 8.5 16 200 M M 8 23 200
26 85 74 80 14 0 15 T 0.0 M 10.8 20 160 M M 9 27 150
27 82 74 78 12 0 13 0.06 0.0 M 5.5 12 60 M M 9 138 17 180
28 79 65 72 6 0 7 0.33 0.0 M 7.6 17 360 M M 9 13 28 360
29 65 52 59 -7 6 0 0.02 0.0 M 7.7 17 60 M M 6 28 60
30 79 51 65 -1 0 0 0.00 0.0 M 9.3 18 130 M M 3 8 24 120
31 80 67 74 7 0 9 0.00 0.0 M 12.3 29 150 M M 7 1 42 130
================================================================================
SM 2346 1847 88 178 2.15 0.0 288.4 M 172
================================================================================
AV 75.7 59.6 9.3 FASTST M M 6 MAX(MPH)
MISC ----> 29 150 42 130
================================================================================
NOTES:
# LAST OF SEVERAL OCCURRENCES
COLUMN 17 PEAK WIND IN M.P.H.
PRELIMINARY LOCAL CLIMATOLOGICAL DATA (WS FORM: F-6) , PAGE 2
STATION: NEW ORLEANS
MONTH: MARCH
YEAR: 2023
LATITUDE: 29 58 N
LONGITUDE: 90 15 W
[TEMPERATURE DATA] [PRECIPITATION DATA] SYMBOLS USED IN COLUMN 16
AVERAGE MONTHLY: 67.6 TOTAL FOR MONTH: 2.15 1 = FOG OR MIST
DPTR FM NORMAL: 3.8 DPTR FM NORMAL: -2.21 2 = FOG REDUCING VISIBILITY
HIGHEST: 86 ON 9 GRTST 24HR 1.66 ON 17-17 TO 1/4 MILE OR LESS
LOWEST: 39 ON 20 3 = THUNDER
SNOW, ICE PELLETS, HAIL 4 = ICE PELLETS
TOTAL MONTH: 0.0 INCH 5 = HAIL
GRTST 24HR 0.0 6 = FREEZING RAIN OR DRIZZLE
GRTST DEPTH: M ON M 7 = DUSTSTORM OR SANDSTORM:
VSBY 1/2 MILE OR LESS
8 = SMOKE OR HAZE
[NO. OF DAYS WITH] [WEATHER - DAYS WITH] 9 = BLOWING SNOW
X = TORNADO
MAX 32 OR BELOW: 0 0.01 INCH OR MORE: 8
MAX 90 OR ABOVE: 0 0.10 INCH OR MORE: 2
MIN 32 OR BELOW: 0 0.50 INCH OR MORE: 1
MIN 0 OR BELOW: 0 1.00 INCH OR MORE: 1
[HDD (BASE 65) ]
TOTAL THIS MO. 88 CLEAR (SCALE 0-3) 4
DPTR FM NORMAL -30 PTCLDY (SCALE 4-7) 21
TOTAL FM JUL 1 822 CLOUDY (SCALE 8-10) 6
DPTR FM NORMAL -327
[CDD (BASE 65) ]
TOTAL THIS MO. 178
DPTR FM NORMAL 97 [PRESSURE DATA]
TOTAL FM JAN 1 345 HIGHEST SLP M ON M
DPTR FM NORMAL 214 LOWEST SLP 29.47 ON 3
[REMARKS]
#FINAL-03-23#