000
CXUS54 KLIX 010810
CF6MSY
PRELIMINARY LOCAL CLIMATOLOGICAL DATA (WS FORM: F-6)
STATION: NEW ORLEANS
MONTH: MARCH
YEAR: 2022
LATITUDE: 29 58 N
LONGITUDE: 90 15 W
TEMPERATURE IN F: :PCPN: SNOW: WIND :SUNSHINE: SKY :PK WND
================================================================================
1 2 3 4 5 6A 6B 7 8 9 10 11 12 13 14 15 16 17 18
12Z AVG MX 2MIN
DY MAX MIN AVG DEP HDD CDD WTR SNW DPTH SPD SPD DIR MIN PSBL S-S WX SPD DR
================================================================================
1 69 44 57 -4 8 0 0.00 0.0 M 3.7 10 40 M M 4 14 10
2 74 46 60 -1 5 0 0.00 0.0 M 4.3 10 350 M M 3 18 14 30
3 73 50 62 1 3 0 0.00 0.0 M 2.2 8 340 M M 6 8 10 200
4 74 48 61 -1 4 0 0.00 0.0 M 4.8 15 150 M M 3 18 18 150
5 79 60 70 8 0 5 0.00 0.0 M 12.0 24 140 M M 6 1 31 150
6 81 67 74 12 0 9 0.00 0.0 M 13.1 25 140 M M 6 1 32 150
7 81 66 74 12 0 9 0.10 0.0 M 8.6 20 160 M M 9 18 25 160
8 67 58 63 1 2 0 0.07 0.0 M 8.9 20 320 M M 10 138 24 320
9 58 50 54 -8 11 0 0.10 M M 9.8 18 10 M M 10 1 24 360
10 71 54 63 0 2 0 T 0.0 M 5.3 13 360 M M 5 16 30
11 72 50 61 -2 4 0 0.37 M M 7.0 33 340 M M 9 13 47 330
12 53 37 45 -18 20 0 0.00 0.0 M 16.2 32 330 M M 3 45 330
13 59 37 48 -15 17 0 0.00 0.0 M 7.4 13 20 M M 0 18 10
14 71 46 59 -4 6 0 0.00 0.0 M 12.4 23 120 M M 6 29 120
15 74 58 66 2 0 1 0.58 0.0 M 9.5 29 250 M M 7 13 39 250
16 69 56 63 -1 2 0 0.00 0.0 M 5.8 12 300 M M 6 15 280
17 74 52 63 -1 2 0 0.00 0.0 M 8.2 17 130 M M 4 1 22 130
18 84 64 74 10 0 9 T 0.0 M 15.5 26 260 M M 5 34 250
19 70 55 63 -1 2 0 0.00 0.0 M 10.4 18 320 M M 3 27 320
20 75 47 61 -3 4 0 0.00 0.0 M 6.9 18 100 M M 2 23 100
21 77 54 66 1 0 1 0.00 0.0 M 15.2 28 120 M M 7 34 110
22 79 64 72 7 0 7 0.24 0.0 M 17.5 33 160 M M 9 138 48 170
23 69 52 61 -4 4 0 0.00 0.0 M 11.5 23 280 M M 2 1 30 270
24 73 50 62 -3 3 0 0.00 0.0 M 8.5 23 260 M M 3 30 260
25 75 47 61 -5 4 0 0.00 0.0 M 8.4 20 280 M M 0 25 280
26 79 51 65 -1 0 0 0.00 0.0 M 5.3 15 180 M M 0 20 180
27 82 53 68 2 0 3 0.00 0.0 M 6.6 16 230 M M 2 1 21 200
28 83 60 72 6 0 7 0.00 0.0 M 6.6 15 240 M M 5 128 20 230
29 81 64 73 7 0 8 0.00 0.0 M 11.6 23 140 M M 6 1 30 180
30 80 60 70 4 0 5 1.31 0.0 M 20.6 36 280 M M 9 138 47 180
31 72 58 65 -2 0 0 0.00 0.0 M 8.6 17 310 M M 2 24 320
================================================================================
SM 2278 1658 103 64 2.77 0.0 292.4 M 152
================================================================================
AV 73.5 53.5 9.4 FASTST M M 5 MAX(MPH)
MISC ----> 36 280 48 170
================================================================================
NOTES:
# LAST OF SEVERAL OCCURRENCES
COLUMN 17 PEAK WIND IN M.P.H.
PRELIMINARY LOCAL CLIMATOLOGICAL DATA (WS FORM: F-6) , PAGE 2
STATION: NEW ORLEANS
MONTH: MARCH
YEAR: 2022
LATITUDE: 29 58 N
LONGITUDE: 90 15 W
[TEMPERATURE DATA] [PRECIPITATION DATA] SYMBOLS USED IN COLUMN 16
AVERAGE MONTHLY: 63.5 TOTAL FOR MONTH: 2.77 1 = FOG OR MIST
DPTR FM NORMAL: -0.3 DPTR FM NORMAL: -1.59 2 = FOG REDUCING VISIBILITY
HIGHEST: 84 ON 18 GRTST 24HR 1.31 ON 30-30 TO 1/4 MILE OR LESS
LOWEST: 37 ON 13,12 3 = THUNDER
SNOW, ICE PELLETS, HAIL 4 = ICE PELLETS
TOTAL MONTH: 0.0 INCH 5 = HAIL
GRTST 24HR 0.0 6 = FREEZING RAIN OR DRIZZLE
GRTST DEPTH: M ON M 7 = DUSTSTORM OR SANDSTORM:
VSBY 1/2 MILE OR LESS
8 = SMOKE OR HAZE
[NO. OF DAYS WITH] [WEATHER - DAYS WITH] 9 = BLOWING SNOW
X = TORNADO
MAX 32 OR BELOW: 0 0.01 INCH OR MORE: 7
MAX 90 OR ABOVE: 0 0.10 INCH OR MORE: 6
MIN 32 OR BELOW: 0 0.50 INCH OR MORE: 2
MIN 0 OR BELOW: 0 1.00 INCH OR MORE: 1
[HDD (BASE 65) ]
TOTAL THIS MO. 103 CLEAR (SCALE 0-3) 11
DPTR FM NORMAL -15 PTCLDY (SCALE 4-7) 14
TOTAL FM JUL 1 991 CLOUDY (SCALE 8-10) 6
DPTR FM NORMAL -158
[CDD (BASE 65) ]
TOTAL THIS MO. 64
DPTR FM NORMAL -17 [PRESSURE DATA]
TOTAL FM JAN 1 126 HIGHEST SLP M ON M
DPTR FM NORMAL -5 LOWEST SLP 29.57 ON 30
[REMARKS]
#FINAL-03-22#