000
CXUS52 KKEY 012321 CCA
CF6MTH
PRELIMINARY LOCAL CLIMATOLOGICAL DATA (WS FORM: F-6)...CORRECTED
STATION: MARATHON
MONTH: FEBRUARY
YEAR: 2020
LATITUDE: 24 43 N
LONGITUDE: 81 5 W
TEMPERATURE IN F: :PCPN: SNOW: WIND :SUNSHINE: SKY :PK WND
================================================================================
1 2 3 4 5 6A 6B 7 8 9 10 11 12 13 14 15 16 17 18
12Z AVG MX 2MIN
DY MAX MIN AVG DEP HDD CDD WTR SNW DPTH SPD SPD DIR MIN PSBL S-S WX SPD DR
================================================================================
1 77 67 72 1 0 7 0.25 0.0 0 8.2 21 320 M M 3 3 30 310
2 68 60 64 -7 1 0 0.00 0.0 0 12.0 20 330 M M 1 27 330
3 71 57 64 -7 1 0 0.00 0.0 0 8.0 13 60 M M 1 17 110
4 81 68 75 4 0 10 0.00 0.0 0 6.6 12 120 M M 1 16 110
5 82 72 77 6 0 12 0.00 0.0 0 7.6 12 140 M M 2 18 140
6 83 75 79 8 0 14 T 0.0 0 10.7 21 200 M M 2 32 200
7 78 64 71 0 0 6 0.29 0.0 0 11.3 24 330 M M 8 1 33 340
8 75 63 69 -2 0 4 0.00 0.0 0 11.8 18 40 M M 9 23 20
9 80 70 75 4 0 10 T 0.0 0 14.7 23 60 M M 6 32 60
10 82 73 78 7 0 13 T 0.0 0 11.0 18 80 M M 4 27 70
11 85 76 81 10 0 16 0.00 0.0 0 8.3 12 110 M M 2 19 130
12 85 76 81 9 0 16 T 0.0 0 8.2 13 120 M M 1 19 120
13 85 76 81 9 0 16 0.00 0.0 0 8.1 15 130 M M 4 22 130
14 85 77 81 9 0 16 0.00 0.0 0 4.9 9 320 M M 3 11 340
15 82 72 77 5 0 12 0.00 0.0 0 11.3 17 50 M M 5 22 50
16 84 72 78 6 0 13 0.10 0.0 0 6.7 13 130 M M 5 1 18 120
17 85 70 78 6 0 13 0.01 0.0 0 5.7 10 110 M M 2 16 130
18 86 76 81 9 0 16 0.01 0.0 0 9.4 15 120 M M 2 21 120
19 87 77 82 10 0 17 T 0.0 0 7.0 13 110 M M 3 19 110
20 86 76 81 9 0 16 0.01 0.0 0 5.8 12 150 M M 1 16 160
21 80 61 71 -1 0 6 0.00 0.0 0 13.2 22 10 M M 5 36 10
22 78 59 69 -3 0 4 0.00 0.0 0 17.6 25 50 M M 4 33 60
23 79 66 73 1 0 8 0.00 0.0 0 14.1 23 60 M M 1 29 60
24 82 71 77 5 0 12 0.00 0.0 0 9.2 14 130 M M 2 20 100
25 84 75 80 8 0 15 0.01 0.0 0 9.2 15 160 M M 4 23 160
26 86 69 78 6 0 13 0.58 0.0 0 7.3 26 330 M M 5 1 37 330
27 72 63 68 -4 0 3 0.00 0.0 0 12.9 18 330 M M 7 26 330
28 67 58 63 -9 2 0 0.00 0.0 0 12.5 17 320 M M 4 27 330
29 71 59 65 -7 0 0 0.00 0.0 0 9.9 17 330 M M 1 25 330
================================================================================
SM 2326 1998 4 288 1.26 0.0 283.2 M 98
================================================================================
AV 80.2 68.9 9.8 FASTST M M 3 MAX(MPH)
MISC ----> # 26 330 # 37 330
================================================================================
NOTES:
# LAST OF SEVERAL OCCURRENCES
COLUMN 17 PEAK WIND IN M.P.H.
PRELIMINARY LOCAL CLIMATOLOGICAL DATA (WS FORM: F-6) , PAGE 2
STATION: MARATHON
MONTH: FEBRUARY
YEAR: 2020
LATITUDE: 24 43 N
LONGITUDE: 81 5 W
[TEMPERATURE DATA] [PRECIPITATION DATA] SYMBOLS USED IN COLUMN 16
AVERAGE MONTHLY: 74.6 TOTAL FOR MONTH: 1.26 1 = FOG OR MIST
DPTR FM NORMAL: 3.0 DPTR FM NORMAL: -0.95 2 = FOG REDUCING VISIBILITY
HIGHEST: 87 ON 19 GRTST 24HR 1.05 ON 31- 1 TO 1/4 MILE OR LESS
LOWEST: 57 ON 3 3 = THUNDER
SNOW, ICE PELLETS, HAIL 4 = ICE PELLETS
TOTAL MONTH: 0.0 INCH 5 = HAIL
GRTST 24HR 0.0 6 = FREEZING RAIN OR DRIZZLE
GRTST DEPTH: 0 7 = DUSTSTORM OR SANDSTORM:
VSBY 1/2 MILE OR LESS
8 = SMOKE OR HAZE
[NO. OF DAYS WITH] [WEATHER - DAYS WITH] 9 = BLOWING SNOW
X = TORNADO
MAX 32 OR BELOW: 0 0.01 INCH OR MORE: 8
MAX 90 OR ABOVE: 0 0.10 INCH OR MORE: 4
MIN 32 OR BELOW: 0 0.50 INCH OR MORE: 1
MIN 0 OR BELOW: 0 1.00 INCH OR MORE: 0
[HDD (BASE 65) ]
TOTAL THIS MO. 4 CLEAR (SCALE 0-3) 16
DPTR FM NORMAL -12 PTCLDY (SCALE 4-7) 11
TOTAL FM JUL 1 20 CLOUDY (SCALE 8-10) 2
DPTR FM NORMAL -55
[CDD (BASE 65) ]
TOTAL THIS MO. 288
DPTR FM NORMAL 87 [PRESSURE DATA]
TOTAL FM JAN 1 538 HIGHEST SLP M ON M
DPTR FM NORMAL 156 LOWEST SLP 29.76 ON 6
[REMARKS]
#FINAL-02-20#