000
CXUS55 KGJT 010910
CF6MTJ
PRELIMINARY LOCAL CLIMATOLOGICAL DATA (WS FORM: F-6)
STATION: MONTROSE CO
MONTH: APRIL
YEAR: 2022
LATITUDE: 38 30 N
LONGITUDE: 107 53 W
TEMPERATURE IN F: :PCPN: SNOW: WIND :SUNSHINE: SKY :PK WND
================================================================================
1 2 3 4 5 6A 6B 7 8 9 10 11 12 13 14 15 16 17 18
12Z AVG MX 2MIN
DY MAX MIN AVG DEP HDD CDD WTR SNW DPTH SPD SPD DIR MIN PSBL S-S WX SPD DR
================================================================================
1 59 33 46 0 19 0 0.00 M M 6.2 14 320 M M 2 21 360
2 70 30 50 4 15 0 0.00 M M 8.0 21 240 M M 5 29 240
3 55 46 51 5 14 0 T M M 7.6 22 170 M M 8 26 170
4 67 36 52 6 13 0 0.00 M M 7.6 24 230 M M 2 34 220
5 68 34 51 4 14 0 0.00 M M 16.2 37 300 M M 3 8 49 300
6 48 23 36 -11 29 0 0.00 M M 7.1 21 300 M M 0 30 330
7 57 20 39 -8 26 0 0.00 M M 5.5 16 300 M M 0 21 300
8 67 27 47 0 18 0 0.00 M M 7.5 15 130 M M 0 18 120
9 73 34 54 6 11 0 0.00 M M 12.2 31 200 M M 0 48 190
10 52 37 45 -3 20 0 0.00 M M 9.1 25 310 M M 1 37 320
11 66 31 49 1 16 0 T M M 16.5 39 200 M M 3 57 210
12 56 26 41 -7 24 0 0.17 M M 11.9 44 210 M M 7 12 60 200
13 43 23 33 -15 32 0 0.00 M M 10.9 25 260 M M 5 35 270
14 57 21 39 -10 26 0 0.00 M M 9.0 24 230 M M 0 36 270
15 67 38 53 4 12 0 0.00 M M 10.8 25 230 M M 3 38 220
16 69 39 54 5 11 0 0.00 M M 13.3 40 320 M M 2 8 52 210
17 69 36 53 4 12 0 0.00 M M 9.2 22 280 M M 1 32 260
18 75 35 55 5 10 0 0.00 M M 8.7 22 250 M M 0 33 290
19 75 40 58 8 7 0 0.00 M M 16.4 32 240 M M 0 46 220
20 74 40 57 7 8 0 0.00 M M 10.3 25 270 M M 0 39 290
21 79 42 61 11 4 0 0.00 M M 13.0 36 150 M M 0 54 150
22 72 40 56 5 9 0 0.04 M M 14.9 40 250 M M 4 3 58 210
23 52 36 44 -7 21 0 T M M 9.3 25 240 M M 9 36 250
24 54 32 43 -8 22 0 T M M 6.9 20 180 M M 7 27 130
25 61 28 45 -7 20 0 0.00 M M 6.0 13 140 M M 0 20 340
26 73 30 52 0 13 0 0.00 M M 8.3 28 230 M M 0 39 230
27 76 47 62 10 3 0 T M M 10.4 28 230 M M 1 42 230
28 74 44 59 7 6 0 0.00 M M 10.8 24 240 M M 0 8 32 250
29 60 35 48 -5 17 0 0.00 M M 13.8 29 300 M M 0 40 310
30 67 30 49 -4 16 0 0.00 M M 6.6 13 140 M M 0 17 320
================================================================================
SM 1935 1013 468 0 0.21 M 304.0 M 63
================================================================================
AV 64.5 33.8 10.1 FASTST M M 2 MAX(MPH)
MISC ----> 44 210 60 200
================================================================================
NOTES:
# LAST OF SEVERAL OCCURRENCES
COLUMN 17 PEAK WIND IN M.P.H.
PRELIMINARY LOCAL CLIMATOLOGICAL DATA (WS FORM: F-6) , PAGE 2
STATION: MONTROSE CO
MONTH: APRIL
YEAR: 2022
LATITUDE: 38 30 N
LONGITUDE: 107 53 W
[TEMPERATURE DATA] [PRECIPITATION DATA] SYMBOLS USED IN COLUMN 16
AVERAGE MONTHLY: 49.1 TOTAL FOR MONTH: 0.21 1 = FOG OR MIST
DPTR FM NORMAL: -0.1 DPTR FM NORMAL: -0.57 2 = FOG REDUCING VISIBILITY
HIGHEST: 79 ON 21 GRTST 24HR 0.17 ON 12-12 TO 1/4 MILE OR LESS
LOWEST: 20 ON 7 3 = THUNDER
SNOW, ICE PELLETS, HAIL 4 = ICE PELLETS
TOTAL MONTH: M 5 = HAIL
GRTST 24HR M ON M 6 = FREEZING RAIN OR DRIZZLE
GRTST DEPTH: M ON M 7 = DUSTSTORM OR SANDSTORM:
VSBY 1/2 MILE OR LESS
8 = SMOKE OR HAZE
[NO. OF DAYS WITH] [WEATHER - DAYS WITH] 9 = BLOWING SNOW
X = TORNADO
MAX 32 OR BELOW: 0 0.01 INCH OR MORE: 2
MAX 90 OR ABOVE: 0 0.10 INCH OR MORE: 1
MIN 32 OR BELOW: 12 0.50 INCH OR MORE: 0
MIN 0 OR BELOW: 0 1.00 INCH OR MORE: 0
[HDD (BASE 65) ]
TOTAL THIS MO. 468 CLEAR (SCALE 0-3) 21
DPTR FM NORMAL -8 PTCLDY (SCALE 4-7) 8
TOTAL FM JUL 1 5546 CLOUDY (SCALE 8-10) 1
DPTR FM NORMAL -214
[CDD (BASE 65) ]
TOTAL THIS MO. 0
DPTR FM NORMAL 0 [PRESSURE DATA]
TOTAL FM JAN 1 0 HIGHEST SLP M ON M
DPTR FM NORMAL 0 LOWEST SLP 29.14 ON 12
[REMARKS]
#FINAL-04-22#