000
CXUS53 KILX 010900
CF6MTO
PRELIMINARY LOCAL CLIMATOLOGICAL DATA (WS FORM: F-6)
STATION: MATTOON IL AIRPORT
MONTH: AUGUST
YEAR: 2023
LATITUDE: 39 28 N
LONGITUDE: 88 17 W
TEMPERATURE IN F: :PCPN: SNOW: WIND :SUNSHINE: SKY :PK WND
================================================================================
1 2 3 4 5 6A 6B 7 8 9 10 11 12 13 14 15 16 17 18
12Z AVG MX 2MIN
DY MAX MIN AVG DEP HDD CDD WTR SNW DPTH SPD SPD DIR MIN PSBL S-S WX SPD DR
================================================================================
1 84 58 71 -4 0 6 0.00 M M 5.8 12 100 M M 0 17 140
2 74 66 70 -5 0 5 0.04 M M 7.1 14 130 M M 6 1 20 160
3 85 65 75 0 0 10 0.00 M M 3.1 8 220 M M 4 1 12 10
4 90 65 78 3 0 13 0.00 M M 3.8 10 70 M M 2 12 15 50
5 85 68 77 2 0 12 T M M 10.1 21 160 M M 7 1 37 270
6 82 67 75 0 0 10 0.61 M M 7.6 20 270 M M 7 13 38 270
7 76 65 71 -4 0 6 0.04 M M 8.5 23 350 M M 8 1 34 350
8 83 61 72 -3 0 7 T M M 6.0 14 330 M M 2 13 20 280
9 79 66 73 -2 0 8 0.16 M M 6.5 16 210 M M 5 13 28 220
10 83 65 74 -1 0 9 0.00 M M 4.8 12 300 M M 5 12 16 290
11 86 69 78 4 0 13 0.36 M M 7.9 20 330 M M 1 13 34 180
12 87 66 77 3 0 12 T M M 8.3 17 260 M M 1 1 34 270
13 85 60 73 -1 0 8 T M M 3.5 12 130 M M 3 16 130
14 80 65 73 -1 0 8 0.57 M M 8.5 22 290 M M 7 123 39 260
15 76 60 68 -6 0 3 0.00 M M 8.9 20 310 M M 6 1 26 310
16 79 56 68 -6 0 3 0.00 M M 3.9 10 250 M M 1 18 16 210
17 81 59 70 -4 0 5 T M M 9.2 20 310 M M 2 33 240
18 79 53 66 -8 0 1 0.00 M M 2.8 9 340 M M 0 18 14 350
19 83 57 70 -4 0 5 0.00 M M 8.5 18 150 M M 0 25 150
20 91 68 80 6 0 15 T M M 5.7 13 190 M M 2 18 17 180
21 92 76 84 10 0 19 0.00 M M 4.8 10 30 M M 7 1 15 40
22 93 72 83 10 0 18 0.00 M M 4.1 10 30 M M 3 18 13 40
23 94 75 85 12 0 20 0.00 M M 7.2 14 250 M M 1 18 19 260
24 99 76 88 15 0 23 0.00 M M 7.6 15 230 M M 0 18 24 220
25 99 69 84 11 0 19 0.77 M M 8.2 39 340 M M 1 13 54 340
26 83 68 76 3 0 11 0.99 M M 7.4 16 30 M M 4 13 22 40
27 79 61 70 -3 0 5 0.00 M M 8.3 15 20 M M 6 1 20 10
28 79 55 67 -5 0 2 0.00 M M 4.7 16 20 M M 0 21 60
29 82 56 69 -3 0 4 T M M 4.5 21 350 M M 2 18 36 360
30 75 53 64 -8 1 0 0.00 M M 10.7 24 20 M M 1 37 20
31 77 48 63 -9 2 0 0.00 M M 5.7 16 60 M M 0 21 70
================================================================================
SM 2600 1968 3 280 3.54 M 203.7 M 94
================================================================================
AV 83.9 63.5 6.6 FASTST M M 3 MAX(MPH)
MISC ----> 39 340 54 340
================================================================================
NOTES:
# LAST OF SEVERAL OCCURRENCES
COLUMN 17 PEAK WIND IN M.P.H.
PRELIMINARY LOCAL CLIMATOLOGICAL DATA (WS FORM: F-6) , PAGE 2
STATION: MATTOON IL AIRPORT
MONTH: AUGUST
YEAR: 2023
LATITUDE: 39 28 N
LONGITUDE: 88 17 W
[TEMPERATURE DATA] [PRECIPITATION DATA] SYMBOLS USED IN COLUMN 16
AVERAGE MONTHLY: 73.7 TOTAL FOR MONTH: 3.54 1 = FOG OR MIST
DPTR FM NORMAL: -0.2 DPTR FM NORMAL: 1.12 2 = FOG REDUCING VISIBILITY
HIGHEST: 99 ON 25,24 GRTST 24HR 1.76 ON 25-26 TO 1/4 MILE OR LESS
LOWEST: 48 ON 31 3 = THUNDER
SNOW, ICE PELLETS, HAIL 4 = ICE PELLETS
TOTAL MONTH: M 5 = HAIL
GRTST 24HR M ON M 6 = FREEZING RAIN OR DRIZZLE
GRTST DEPTH: M ON M 7 = DUSTSTORM OR SANDSTORM:
VSBY 1/2 MILE OR LESS
8 = SMOKE OR HAZE
[NO. OF DAYS WITH] [WEATHER - DAYS WITH] 9 = BLOWING SNOW
X = TORNADO
MAX 32 OR BELOW: 0 0.01 INCH OR MORE: 8
MAX 90 OR ABOVE: 7 0.10 INCH OR MORE: 6
MIN 32 OR BELOW: 0 0.50 INCH OR MORE: 4
MIN 0 OR BELOW: 0 1.00 INCH OR MORE: 0
[HDD (BASE 65) ]
TOTAL THIS MO. 3 CLEAR (SCALE 0-3) 19
DPTR FM NORMAL 0 PTCLDY (SCALE 4-7) 12
TOTAL FM JUL 1 3 CLOUDY (SCALE 8-10) 0
DPTR FM NORMAL 2
[CDD (BASE 65) ]
TOTAL THIS MO. 280
DPTR FM NORMAL 3 [PRESSURE DATA]
TOTAL FM JAN 1 892 HIGHEST SLP 30.21 ON 1
DPTR FM NORMAL -66 LOWEST SLP 29.70 ON 7
[REMARKS]
#FINAL-08-23#